INSERT INTO `chat_assignments` (`id`, `waba_pool_id`, `customer_number`, `agent_id`, `assigned_at`, `last_message_at`, `last_inbound_at`, `assigned_by`, `status`, `last_from`, `last_reply_at`, `is_locked`, `customer_name`, `notes`, `visible_to_client`, `created_at`, `updated_at`) VALUES
(829, 12, '6282345611463', NULL, NULL, '2026-02-01 10:05:42', '2026-02-01 10:05:42', 'system', 'open', NULL, NULL, 1, NULL, NULL, 1, '2026-02-01 10:05:42', '2026-02-01 10:05:42'),
(830, 12, '6281917320911', NULL, NULL, '2026-02-01 10:08:49', '2026-02-01 10:08:49', 'system', 'open', NULL, NULL, 1, NULL, NULL, 1, '2026-02-01 10:08:49', '2026-02-01 10:08:49'),
(831, 12, '6285714873140', NULL, NULL, '2026-02-01 10:35:00', '2026-02-01 10:35:00', 'system', 'open', NULL, NULL, 1, NULL, NULL, 1, '2026-02-01 10:35:00', '2026-02-01 10:35:00'),
(832, 12, '6285697735182', NULL, NULL, '2026-02-01 10:35:02', '2026-02-01 10:35:02', 'system', 'open', NULL, NULL, 1, NULL, NULL, 1, '2026-02-01 10:35:02', '2026-02-01 10:35:02'),
(833, 12, '6285774055150', NULL, NULL, '2026-02-01 10:35:04', '2026-02-01 10:35:04', 'system', 'open', NULL, NULL, 1, NULL, NULL, 1, '2026-02-01 10:35:04', '2026-02-01 10:35:04'),
(834, 12, '6281212986547', NULL, NULL, '2026-02-01 10:35:05', '2026-02-01 10:35:05', 'system', 'open', NULL, NULL, 1, NULL, NULL, 1, '2026-02-01 10:35:05', '2026-02-01 10:35:05'),
(835, 12, '6285891197542', NULL, NULL, '2026-02-01 10:35:10', '2026-02-01 10:35:10', 'system', 'open', NULL, NULL, 1, NULL, NULL, 1, '2026-02-01 10:35:10', '2026-02-01 10:35:10'),
(836, 12, '6285875022853', NULL, NULL, '2026-02-01 10:35:12', '2026-02-01 10:35:12', 'system', 'open', NULL, NULL, 1, NULL, NULL, 1, '2026-02-01 10:35:12', '2026-02-01 10:35:12'),
(837, 12, '6281873668576', NULL, NULL, '2026-02-01 10:35:13', '2026-02-01 10:35:13', 'system', 'open', NULL, NULL, 1, NULL, NULL, 1, '2026-02-01 10:35:13', '2026-02-01 10:35:13'),
(838, 12, '6282201909102', NULL, NULL, '2026-02-01 10:35:16', '2026-02-01 10:35:16', 'system', 'open', NULL, NULL, 1, NULL, NULL, 1, '2026-02-01 10:35:16', '2026-02-01 10:35:16'),
(839, 12, '628562342949', NULL, NULL, '2026-02-01 10:35:17', '2026-02-01 10:35:17', 'system', 'open', NULL, NULL, 1, NULL, NULL, 1, '2026-02-01 10:35:17', '2026-02-01 10:35:17'),
(840, 12, '628776321657', NULL, NULL, '2026-02-01 10:35:21', '2026-02-01 10:35:21', 'system', 'open', NULL, NULL, 1, NULL, NULL, 1, '2026-02-01 10:35:21', '2026-02-01 10:35:21'),
(841, 12, '6285933069632', NULL, NULL, '2026-02-01 11:19:12', '2026-02-01 11:19:12', 'system', 'open', NULL, NULL, 1, NULL, NULL, 1, '2026-02-01 11:19:12', '2026-02-01 11:19:12'),
(842, 12, '6281298121036', NULL, NULL, '2026-02-01 12:14:31', '2026-02-01 12:14:31', 'system', 'open', NULL, NULL, 1, NULL, NULL, 1, '2026-02-01 12:14:31', '2026-02-01 12:14:31'),
(843, 12, '6283851052995', NULL, NULL, '2026-02-01 12:14:32', '2026-02-01 12:14:32', 'system', 'open', NULL, NULL, 1, NULL, NULL, 1, '2026-02-01 12:14:32', '2026-02-01 12:14:32'),
(844, 12, '628998158445', NULL, NULL, '2026-02-01 12:14:34', '2026-02-01 12:14:34', 'system', 'open', NULL, NULL, 1, NULL, NULL, 1, '2026-02-01 12:14:34', '2026-02-01 12:14:34'),
(845, 12, '6285959422131', NULL, NULL, '2026-02-01 12:14:36', '2026-02-01 12:14:36', 'system', 'open', NULL, NULL, 1, NULL, NULL, 1, '2026-02-01 12:14:36', '2026-02-01 12:14:36'),
(846, 12, '628528030771', NULL, NULL, '2026-02-01 12:14:37', '2026-02-01 12:14:37', 'system', 'open', NULL, NULL, 1, NULL, NULL, 1, '2026-02-01 12:14:37', '2026-02-01 12:14:37'),
(847, 12, '6285771125809', NULL, NULL, '2026-02-01 12:14:39', '2026-02-01 12:14:39', 'system', 'open', NULL, NULL, 1, NULL, NULL, 1, '2026-02-01 12:14:39', '2026-02-01 12:14:39'),
(848, 12, '6285211561161', NULL, NULL, '2026-02-01 12:14:41', '2026-02-01 12:14:41', 'system', 'open', NULL, NULL, 1, NULL, NULL, 1, '2026-02-01 12:14:41', '2026-02-01 12:14:41'),
(849, 12, '6283824804049', NULL, NULL, '2026-02-01 12:14:44', '2026-02-01 12:14:44', 'system', 'open', NULL, NULL, 1, NULL, NULL, 1, '2026-02-01 12:14:44', '2026-02-01 12:14:44'),
(850, 12, '6285962527008', NULL, NULL, '2026-02-01 12:14:45', '2026-02-01 12:14:45', 'system', 'open', NULL, NULL, 1, NULL, NULL, 1, '2026-02-01 12:14:45', '2026-02-01 12:14:45'),
(851, 12, '6285766436688', NULL, NULL, '2026-02-01 12:14:48', '2026-02-01 12:14:48', 'system', 'open', NULL, NULL, 1, NULL, NULL, 1, '2026-02-01 12:14:48', '2026-02-01 12:14:48'),
(852, 12, '6289278883', NULL, NULL, '2026-02-01 12:21:22', '2026-02-01 12:21:22', 'system', 'open', NULL, NULL, 1, NULL, NULL, 1, '2026-02-01 12:21:22', '2026-02-01 12:21:22'),
(853, 12, '6281399850260', NULL, NULL, '2026-02-01 12:23:26', '2026-02-01 12:23:26', 'system', 'open', 'customer', NULL, 1, NULL, NULL, 1, '2026-02-01 12:21:24', '2026-02-01 12:23:26'),
(854, 12, '6287796420470', NULL, NULL, '2026-02-03 10:08:51', '2026-02-03 10:08:51', 'system', 'open', 'customer', NULL, 1, NULL, NULL, 1, '2026-02-01 12:21:26', '2026-02-03 10:08:51'),
(855, 12, '6287872025241', NULL, NULL, '2026-02-01 12:21:27', '2026-02-01 12:21:27', 'system', 'open', NULL, NULL, 1, NULL, NULL, 1, '2026-02-01 12:21:27', '2026-02-01 12:21:27'),
(856, 12, '6289507192122', NULL, NULL, '2026-02-01 12:21:30', '2026-02-01 12:21:30', 'system', 'open', NULL, NULL, 1, NULL, NULL, 1, '2026-02-01 12:21:30', '2026-02-01 12:21:30'),
(857, 12, '6282138548438', NULL, NULL, '2026-02-01 12:21:31', '2026-02-01 12:21:31', 'system', 'open', NULL, NULL, 1, NULL, NULL, 1, '2026-02-01 12:21:31', '2026-02-01 12:21:31'),
(858, 12, '6285786267651', NULL, NULL, '2026-02-01 12:21:33', '2026-02-01 12:21:33', 'system', 'open', NULL, NULL, 1, NULL, NULL, 1, '2026-02-01 12:21:33', '2026-02-01 12:21:33'),
(859, 12, '6281617683747', NULL, NULL, '2026-02-01 12:21:38', '2026-02-01 12:21:38', 'system', 'open', NULL, NULL, 1, NULL, NULL, 1, '2026-02-01 12:21:38', '2026-02-01 12:21:38'),
(860, 12, '6285892631291', NULL, NULL, '2026-02-01 12:21:40', '2026-02-01 12:21:40', 'system', 'open', NULL, NULL, 1, NULL, NULL, 1, '2026-02-01 12:21:40', '2026-02-01 12:21:40'),
(861, 12, '6285771250618', NULL, NULL, '2026-02-01 12:21:41', '2026-02-01 12:21:41', 'system', 'open', NULL, NULL, 1, NULL, NULL, 1, '2026-02-01 12:21:41', '2026-02-01 12:21:41'),
(862, 37, '6285658936164', NULL, NULL, '2026-02-03 12:51:13', '2026-02-03 12:51:13', 'system', 'open', 'customer', NULL, 1, NULL, NULL, 1, '2026-02-01 12:33:56', '2026-02-03 12:51:13'),
(863, 37, '6285658615055', NULL, NULL, '2026-02-01 13:34:29', '2026-02-01 13:34:29', 'system', 'open', NULL, NULL, 1, NULL, NULL, 1, '2026-02-01 13:34:29', '2026-02-01 13:34:29'),
(864, 37, '6282182645723', NULL, NULL, '2026-02-01 13:38:30', '2026-02-01 13:38:30', 'system', 'open', NULL, NULL, 1, NULL, NULL, 1, '2026-02-01 13:38:30', '2026-02-01 13:38:30'),
(865, 12, '6281282612645', NULL, NULL, '2026-02-01 13:40:59', '2026-02-01 13:40:59', 'system', 'open', NULL, NULL, 1, NULL, NULL, 1, '2026-02-01 13:40:59', '2026-02-01 13:40:59'),
(866, 12, '6285893206053', NULL, NULL, '2026-02-01 13:41:01', '2026-02-01 13:41:01', 'system', 'open', NULL, NULL, 1, NULL, NULL, 1, '2026-02-01 13:41:01', '2026-02-01 13:41:01'),
(867, 12, '6285692527312', NULL, NULL, '2026-02-01 13:41:03', '2026-02-01 13:41:03', 'system', 'open', NULL, NULL, 1, NULL, NULL, 1, '2026-02-01 13:41:03', '2026-02-01 13:41:03'),
(868, 12, '6286920701236', NULL, NULL, '2026-02-01 13:41:04', '2026-02-01 13:41:04', 'system', 'open', NULL, NULL, 1, NULL, NULL, 1, '2026-02-01 13:41:04', '2026-02-01 13:41:04'),
(869, 12, '6289503144640', NULL, NULL, '2026-02-01 13:41:07', '2026-02-01 13:41:07', 'system', 'open', NULL, NULL, 1, NULL, NULL, 1, '2026-02-01 13:41:07', '2026-02-01 13:41:07'),
(870, 12, '6281211044146', NULL, NULL, '2026-02-01 13:41:08', '2026-02-01 13:41:08', 'system', 'open', NULL, NULL, 1, NULL, NULL, 1, '2026-02-01 13:41:08', '2026-02-01 13:41:08'),
(871, 12, '6285771502942', NULL, NULL, '2026-02-01 13:41:11', '2026-02-01 13:41:11', 'system', 'open', NULL, NULL, 1, NULL, NULL, 1, '2026-02-01 13:41:11', '2026-02-01 13:41:11'),
(872, 12, '62897727782', NULL, NULL, '2026-02-01 13:41:13', '2026-02-01 13:41:13', 'system', 'open', NULL, NULL, 1, NULL, NULL, 1, '2026-02-01 13:41:13', '2026-02-01 13:41:13'),
(873, 12, '6285899910307', NULL, NULL, '2026-02-01 13:41:14', '2026-02-01 13:41:14', 'system', 'open', NULL, NULL, 1, NULL, NULL, 1, '2026-02-01 13:41:14', '2026-02-01 13:41:14'),
(874, 12, '6285947742963', NULL, NULL, '2026-02-01 13:41:16', '2026-02-01 13:41:16', 'system', 'open', NULL, NULL, 1, NULL, NULL, 1, '2026-02-01 13:41:16', '2026-02-01 13:41:16'),
(875, 12, '6285723352491', NULL, NULL, '2026-02-01 13:41:20', '2026-02-01 13:41:20', 'system', 'open', NULL, NULL, 1, NULL, NULL, 1, '2026-02-01 13:41:20', '2026-02-01 13:41:20'),
(876, 12, '628987497929', NULL, NULL, '2026-02-01 13:41:23', '2026-02-01 13:41:23', 'system', 'open', NULL, NULL, 1, NULL, NULL, 1, '2026-02-01 13:41:23', '2026-02-01 13:41:23'),
(877, 12, '6285900409740', NULL, NULL, '2026-02-01 13:41:26', '2026-02-01 13:41:26', 'system', 'open', NULL, NULL, 1, NULL, NULL, 1, '2026-02-01 13:41:26', '2026-02-01 13:41:26'),
(878, 12, '6281511421554', NULL, NULL, '2026-02-01 13:41:29', '2026-02-01 13:41:29', 'system', 'open', NULL, NULL, 1, NULL, NULL, 1, '2026-02-01 13:41:29', '2026-02-01 13:41:29'),
(879, 12, '6285780869422', NULL, NULL, '2026-02-01 13:41:31', '2026-02-01 13:41:31', 'system', 'open', NULL, NULL, 1, NULL, NULL, 1, '2026-02-01 13:41:31', '2026-02-01 13:41:31'),
(880, 37, '6282377666427', NULL, NULL, '2026-02-01 14:13:35', '2026-02-01 14:13:35', 'system', 'open', NULL, NULL, 1, NULL, NULL, 1, '2026-02-01 14:13:35', '2026-02-01 14:13:35'),
(881, 37, '6287782670301', NULL, NULL, '2026-02-01 14:56:49', '2026-02-01 14:56:49', 'system', 'open', NULL, NULL, 1, NULL, NULL, 1, '2026-02-01 14:56:49', '2026-02-01 14:56:49'),
(882, 12, '6285609869370', NULL, NULL, '2026-02-01 15:15:26', '2026-02-01 15:15:26', 'system', 'open', NULL, NULL, 1, NULL, NULL, 1, '2026-02-01 15:15:26', '2026-02-01 15:15:26'),
(883, 37, '6285894664322', NULL, NULL, '2026-02-02 00:30:42', '2026-02-02 00:30:42', 'system', 'open', NULL, NULL, 1, NULL, NULL, 1, '2026-02-02 00:30:42', '2026-02-02 00:30:42'),
(884, 37, '6287886478836', NULL, NULL, '2026-02-02 02:52:29', '2026-02-02 02:52:29', 'system', 'open', NULL, NULL, 1, NULL, NULL, 1, '2026-02-02 02:52:29', '2026-02-02 02:52:29'),
(885, 12, '6282256408013', NULL, NULL, '2026-02-02 02:56:27', '2026-02-02 02:56:27', 'system', 'open', NULL, NULL, 1, NULL, NULL, 1, '2026-02-02 02:56:27', '2026-02-02 02:56:27'),
(886, 12, '6281555898788', NULL, NULL, '2026-02-02 03:10:59', '2026-02-02 03:10:59', 'system', 'open', NULL, NULL, 1, NULL, NULL, 1, '2026-02-02 03:10:59', '2026-02-02 03:10:59'),
(887, 12, '6282139263875', NULL, NULL, '2026-02-02 03:11:01', '2026-02-02 03:11:01', 'system', 'open', NULL, NULL, 1, NULL, NULL, 1, '2026-02-02 03:11:01', '2026-02-02 03:11:01'),
(888, 12, '6285895320733', NULL, NULL, '2026-02-02 03:11:03', '2026-02-02 03:11:03', 'system', 'open', NULL, NULL, 1, NULL, NULL, 1, '2026-02-02 03:11:03', '2026-02-02 03:11:03'),
(889, 12, '6283833547116', NULL, NULL, '2026-02-02 03:11:05', '2026-02-02 03:11:05', 'system', 'open', NULL, NULL, 1, NULL, NULL, 1, '2026-02-02 03:11:05', '2026-02-02 03:11:05'),
(890, 12, '6285829285460', NULL, NULL, '2026-02-02 03:11:07', '2026-02-02 03:11:07', 'system', 'open', NULL, NULL, 1, NULL, NULL, 1, '2026-02-02 03:11:07', '2026-02-02 03:11:07'),
(891, 12, '6288989374006', NULL, NULL, '2026-02-02 03:11:09', '2026-02-02 03:11:09', 'system', 'open', NULL, NULL, 1, NULL, NULL, 1, '2026-02-02 03:11:09', '2026-02-02 03:11:09'),
(892, 12, '6288230012357', NULL, NULL, '2026-02-02 03:11:11', '2026-02-02 03:11:11', 'system', 'open', NULL, NULL, 1, NULL, NULL, 1, '2026-02-02 03:11:11', '2026-02-02 03:11:11'),
(893, 12, '6285649741313', NULL, NULL, '2026-02-02 03:11:13', '2026-02-02 03:11:13', 'system', 'open', NULL, NULL, 1, NULL, NULL, 1, '2026-02-02 03:11:13', '2026-02-02 03:11:13'),
(894, 12, '6281231306797', NULL, NULL, '2026-02-02 03:11:15', '2026-02-02 03:11:15', 'system', 'open', NULL, NULL, 1, NULL, NULL, 1, '2026-02-02 03:11:15', '2026-02-02 03:11:15'),
(895, 12, '6285855253876', NULL, NULL, '2026-02-02 03:11:16', '2026-02-02 03:11:16', 'system', 'open', NULL, NULL, 1, NULL, NULL, 1, '2026-02-02 03:11:16', '2026-02-02 03:11:16'),
(896, 12, '6282257508603', NULL, NULL, '2026-02-02 03:11:20', '2026-02-02 03:11:20', 'system', 'open', NULL, NULL, 1, NULL, NULL, 1, '2026-02-02 03:11:20', '2026-02-02 03:11:20'),
(897, 12, '6282122409756', NULL, NULL, '2026-02-02 03:38:05', '2026-02-02 03:30:19', 'system', 'open', 'customer', NULL, 1, NULL, NULL, 1, '2026-02-02 03:28:01', '2026-02-02 03:38:05'),
(898, 12, '6287852125579', NULL, NULL, '2026-02-02 03:42:42', '2026-02-02 03:42:42', 'system', 'open', 'customer', NULL, 1, NULL, NULL, 1, '2026-02-02 03:42:19', '2026-02-02 03:42:42'),
(899, 12, '6281717330857', NULL, NULL, '2026-02-02 03:59:06', '2026-02-02 03:59:06', 'system', 'open', NULL, NULL, 1, NULL, NULL, 1, '2026-02-02 03:59:06', '2026-02-02 03:59:06'),
(900, 12, '6285236341586', NULL, NULL, '2026-02-02 03:59:09', '2026-02-02 03:59:09', 'system', 'open', NULL, NULL, 1, NULL, NULL, 1, '2026-02-02 03:59:09', '2026-02-02 03:59:09'),
(901, 12, '6281327413820', NULL, NULL, '2026-02-02 03:59:11', '2026-02-02 03:59:11', 'system', 'open', NULL, NULL, 1, NULL, NULL, 1, '2026-02-02 03:59:11', '2026-02-02 03:59:11'),
(902, 12, '6282110945435', NULL, NULL, '2026-02-02 03:59:13', '2026-02-02 03:59:13', 'system', 'open', NULL, NULL, 1, NULL, NULL, 1, '2026-02-02 03:59:13', '2026-02-02 03:59:13'),
(903, 12, '6289503319396', NULL, NULL, '2026-02-02 03:59:14', '2026-02-02 03:59:14', 'system', 'open', NULL, NULL, 1, NULL, NULL, 1, '2026-02-02 03:59:14', '2026-02-02 03:59:14'),
(904, 12, '6281334589620', NULL, NULL, '2026-02-02 03:59:17', '2026-02-02 03:59:17', 'system', 'open', NULL, NULL, 1, NULL, NULL, 1, '2026-02-02 03:59:17', '2026-02-02 03:59:17'),
(905, 12, '6285850633112', NULL, NULL, '2026-02-02 03:59:19', '2026-02-02 03:59:19', 'system', 'open', NULL, NULL, 1, NULL, NULL, 1, '2026-02-02 03:59:19', '2026-02-02 03:59:19'),
(906, 12, '6285607966950', NULL, NULL, '2026-02-02 03:59:21', '2026-02-02 03:59:21', 'system', 'open', NULL, NULL, 1, NULL, NULL, 1, '2026-02-02 03:59:21', '2026-02-02 03:59:21'),
(907, 12, '6289687317959', NULL, NULL, '2026-02-02 03:59:22', '2026-02-02 03:59:22', 'system', 'open', NULL, NULL, 1, NULL, NULL, 1, '2026-02-02 03:59:22', '2026-02-02 03:59:22'),
(908, 12, '6282234095006', NULL, NULL, '2026-02-02 03:59:27', '2026-02-02 03:59:27', 'system', 'open', NULL, NULL, 1, NULL, NULL, 1, '2026-02-02 03:59:27', '2026-02-02 03:59:27'),
(909, 12, '6289691636174', NULL, NULL, '2026-02-02 03:59:29', '2026-02-02 03:59:29', 'system', 'open', NULL, NULL, 1, NULL, NULL, 1, '2026-02-02 03:59:29', '2026-02-02 03:59:29'),
(910, 12, '6285736888558', NULL, NULL, '2026-02-02 03:59:31', '2026-02-02 03:59:31', 'system', 'open', NULL, NULL, 1, NULL, NULL, 1, '2026-02-02 03:59:31', '2026-02-02 03:59:31'),
(911, 37, '6282282109363', NULL, NULL, '2026-02-02 05:08:18', '2026-02-02 05:08:18', 'system', 'open', 'customer', NULL, 1, NULL, NULL, 1, '2026-02-02 05:08:07', '2026-02-02 05:08:18'),
(912, 37, '6282312096504', NULL, NULL, '2026-02-02 10:08:59', '2026-02-02 10:08:59', 'system', 'open', 'customer', NULL, 1, NULL, NULL, 1, '2026-02-02 05:27:43', '2026-02-02 10:08:59'),
(913, 12, '6282124047456', NULL, NULL, '2026-02-02 06:08:35', '2026-02-02 06:08:35', 'system', 'open', NULL, NULL, 1, NULL, NULL, 1, '2026-02-02 06:08:35', '2026-02-02 06:08:35'),
(914, 12, '6283134372489', NULL, NULL, '2026-02-02 06:08:36', '2026-02-02 06:08:36', 'system', 'open', NULL, NULL, 1, NULL, NULL, 1, '2026-02-02 06:08:36', '2026-02-02 06:08:36'),
(915, 12, '6285735719033', NULL, NULL, '2026-02-02 06:08:39', '2026-02-02 06:08:39', 'system', 'open', NULL, NULL, 1, NULL, NULL, 1, '2026-02-02 06:08:39', '2026-02-02 06:08:39'),
(916, 12, '6283153060869', NULL, NULL, '2026-02-02 06:08:41', '2026-02-02 06:08:41', 'system', 'open', NULL, NULL, 1, NULL, NULL, 1, '2026-02-02 06:08:41', '2026-02-02 06:08:41'),
(917, 12, '6285655008748', NULL, NULL, '2026-02-02 06:08:43', '2026-02-02 06:08:43', 'system', 'open', NULL, NULL, 1, NULL, NULL, 1, '2026-02-02 06:08:43', '2026-02-02 06:08:43'),
(918, 12, '6285731327869', NULL, NULL, '2026-02-02 06:08:45', '2026-02-02 06:08:45', 'system', 'open', NULL, NULL, 1, NULL, NULL, 1, '2026-02-02 06:08:45', '2026-02-02 06:08:45'),
(919, 12, '6285731366642', NULL, NULL, '2026-02-02 06:08:46', '2026-02-02 06:08:46', 'system', 'open', NULL, NULL, 1, NULL, NULL, 1, '2026-02-02 06:08:46', '2026-02-02 06:08:46'),
(920, 12, '6281297102281', NULL, NULL, '2026-02-02 06:08:48', '2026-02-02 06:08:48', 'system', 'open', NULL, NULL, 1, NULL, NULL, 1, '2026-02-02 06:08:48', '2026-02-02 06:08:48'),
(921, 12, '6282228858004', NULL, NULL, '2026-02-02 06:08:51', '2026-02-02 06:08:51', 'system', 'open', NULL, NULL, 1, NULL, NULL, 1, '2026-02-02 06:08:51', '2026-02-02 06:08:51'),
(922, 12, '6283177621409', NULL, NULL, '2026-02-02 06:08:53', '2026-02-02 06:08:53', 'system', 'open', NULL, NULL, 1, NULL, NULL, 1, '2026-02-02 06:08:53', '2026-02-02 06:08:53'),
(923, 12, '6285733424530', NULL, NULL, '2026-02-02 06:08:55', '2026-02-02 06:08:55', 'system', 'open', NULL, NULL, 1, NULL, NULL, 1, '2026-02-02 06:08:55', '2026-02-02 06:08:55'),
(924, 12, '6282226973837', NULL, NULL, '2026-02-02 06:08:56', '2026-02-02 06:08:56', 'system', 'open', NULL, NULL, 1, NULL, NULL, 1, '2026-02-02 06:08:56', '2026-02-02 06:08:56'),
(925, 12, '6285854222868', NULL, NULL, '2026-02-02 06:08:59', '2026-02-02 06:08:59', 'system', 'open', NULL, NULL, 1, NULL, NULL, 1, '2026-02-02 06:08:59', '2026-02-02 06:08:59'),
(926, 12, '6285102830147', NULL, NULL, '2026-02-02 06:09:01', '2026-02-02 06:09:01', 'system', 'open', NULL, NULL, 1, NULL, NULL, 1, '2026-02-02 06:09:01', '2026-02-02 06:09:01'),
(927, 9, '6287776809077', 5, '2026-02-02 06:15:43', '2026-02-02 06:15:43', '2026-02-02 06:15:43', 'system', 'open', NULL, NULL, 1, NULL, NULL, 1, '2026-02-02 06:15:43', '2026-02-02 06:15:43'),
(928, 9, '6281288998442', 5, '2026-02-02 06:15:45', '2026-02-02 06:15:45', '2026-02-02 06:15:45', 'system', 'open', NULL, NULL, 1, NULL, NULL, 1, '2026-02-02 06:15:45', '2026-02-02 06:15:45'),
(929, 9, '62881023534504', 5, '2026-02-02 06:15:47', '2026-02-02 06:15:47', '2026-02-02 06:15:47', 'system', 'open', NULL, NULL, 1, NULL, NULL, 1, '2026-02-02 06:15:47', '2026-02-02 06:15:47'),
(930, 9, '6285693271254', 5, '2026-02-02 06:15:51', '2026-02-02 06:15:51', '2026-02-02 06:15:51', 'system', 'open', NULL, NULL, 1, NULL, NULL, 1, '2026-02-02 06:15:51', '2026-02-02 06:15:51'),
(931, 9, '6289617194451', 5, '2026-02-02 06:15:52', '2026-02-02 06:15:52', '2026-02-02 06:15:52', 'system', 'open', NULL, NULL, 1, NULL, NULL, 1, '2026-02-02 06:15:52', '2026-02-02 06:15:52'),
(932, 9, '6285743559886', 5, '2026-02-02 06:15:57', '2026-02-02 06:15:57', '2026-02-02 06:15:57', 'system', 'open', NULL, NULL, 1, NULL, NULL, 1, '2026-02-02 06:15:57', '2026-02-02 06:15:57'),
(933, 9, '6282392273054', 5, '2026-02-02 06:16:01', '2026-02-02 06:16:01', '2026-02-02 06:16:01', 'system', 'open', NULL, NULL, 1, NULL, NULL, 1, '2026-02-02 06:16:01', '2026-02-02 06:16:01'),
(934, 9, '6285239114895', 5, '2026-02-02 06:16:05', '2026-02-02 06:16:05', '2026-02-02 06:16:05', 'system', 'open', NULL, NULL, 1, NULL, NULL, 1, '2026-02-02 06:16:05', '2026-02-02 06:16:05'),
(935, 9, '6282250786478', 5, '2026-02-02 06:16:07', '2026-02-02 06:16:07', '2026-02-02 06:16:07', 'system', 'open', NULL, NULL, 1, NULL, NULL, 1, '2026-02-02 06:16:07', '2026-02-02 06:16:07'),
(936, 9, '6285225710623', 5, '2026-02-02 06:16:13', '2026-02-02 06:16:13', '2026-02-02 06:16:13', 'system', 'open', NULL, NULL, 1, NULL, NULL, 1, '2026-02-02 06:16:13', '2026-02-02 06:16:13'),
(937, 9, '6281280214074', 5, '2026-02-02 06:16:15', '2026-02-02 06:16:15', '2026-02-02 06:16:15', 'system', 'open', NULL, NULL, 1, NULL, NULL, 1, '2026-02-02 06:16:15', '2026-02-02 06:16:15'),
(938, 9, '6282158328582', 5, '2026-02-02 06:16:19', '2026-02-02 06:16:19', '2026-02-02 06:16:19', 'system', 'open', NULL, NULL, 1, NULL, NULL, 1, '2026-02-02 06:16:19', '2026-02-02 06:16:19'),
(939, 9, '6283879810228', 5, '2026-02-02 06:16:23', '2026-02-02 06:16:23', '2026-02-02 06:16:23', 'system', 'open', NULL, NULL, 1, NULL, NULL, 1, '2026-02-02 06:16:23', '2026-02-02 06:16:23'),
(940, 9, '6281311497007', 5, '2026-02-02 06:16:25', '2026-02-02 06:16:25', '2026-02-02 06:16:25', 'system', 'open', NULL, NULL, 1, NULL, NULL, 1, '2026-02-02 06:16:25', '2026-02-02 06:16:25'),
(941, 9, '6281279113401', 5, '2026-02-02 06:16:27', '2026-02-02 06:16:27', '2026-02-02 06:16:27', 'system', 'open', NULL, NULL, 1, NULL, NULL, 1, '2026-02-02 06:16:27', '2026-02-02 06:16:27'),
(942, 9, '6285299727012', 5, '2026-02-02 06:16:28', '2026-02-02 06:16:28', '2026-02-02 06:16:28', 'system', 'open', NULL, NULL, 1, NULL, NULL, 1, '2026-02-02 06:16:28', '2026-02-02 06:16:28'),
(943, 9, '6285161410341', 5, '2026-02-02 06:16:35', '2026-02-02 06:16:35', '2026-02-02 06:16:35', 'system', 'open', NULL, NULL, 1, NULL, NULL, 1, '2026-02-02 06:16:35', '2026-02-02 06:16:35'),
(944, 9, '6281361692585', 5, '2026-02-02 06:16:36', '2026-02-02 06:16:36', '2026-02-02 06:16:36', 'system', 'open', NULL, NULL, 1, NULL, NULL, 1, '2026-02-02 06:16:36', '2026-02-02 06:16:36'),
(945, 9, '6281315931635', 5, '2026-02-02 06:16:39', '2026-02-02 06:16:39', '2026-02-02 06:16:39', 'system', 'open', NULL, NULL, 1, NULL, NULL, 1, '2026-02-02 06:16:39', '2026-02-02 06:16:39'),
(946, 9, '6282231898133', 5, '2026-02-02 06:16:41', '2026-02-02 06:16:41', '2026-02-02 06:16:41', 'system', 'open', NULL, NULL, 1, NULL, NULL, 1, '2026-02-02 06:16:41', '2026-02-02 06:16:41'),
(947, 9, '6281241025700', 5, '2026-02-02 06:16:43', '2026-02-02 06:16:43', '2026-02-02 06:16:43', 'system', 'open', NULL, NULL, 1, NULL, NULL, 1, '2026-02-02 06:16:43', '2026-02-02 06:16:43'),
(948, 12, '6281998176545', NULL, NULL, '2026-02-02 06:16:45', '2026-02-02 06:16:45', 'system', 'open', NULL, NULL, 1, NULL, NULL, 1, '2026-02-02 06:16:45', '2026-02-02 06:16:45'),
(949, 12, '6288289620199', NULL, NULL, '2026-02-02 06:16:46', '2026-02-02 06:16:46', 'system', 'open', NULL, NULL, 1, NULL, NULL, 1, '2026-02-02 06:16:46', '2026-02-02 06:16:46'),
(950, 9, '628176022299', 5, '2026-02-02 06:16:53', '2026-02-02 06:16:53', '2026-02-02 06:16:53', 'system', 'open', NULL, NULL, 1, NULL, NULL, 1, '2026-02-02 06:16:53', '2026-02-02 06:16:53'),
(951, 12, '6287876661928', NULL, NULL, '2026-02-02 06:16:55', '2026-02-02 06:16:55', 'system', 'open', NULL, NULL, 1, NULL, NULL, 1, '2026-02-02 06:16:55', '2026-02-02 06:16:55'),
(952, 12, '6288220241853', NULL, NULL, '2026-02-02 06:16:59', '2026-02-02 06:16:59', 'system', 'open', NULL, NULL, 1, NULL, NULL, 1, '2026-02-02 06:16:59', '2026-02-02 06:16:59'),
(953, 12, '6285714450024', NULL, NULL, '2026-02-02 06:17:03', '2026-02-02 06:17:03', 'system', 'open', NULL, NULL, 1, NULL, NULL, 1, '2026-02-02 06:17:03', '2026-02-02 06:17:03'),
(954, 12, '6285782552214', NULL, NULL, '2026-02-02 06:17:10', '2026-02-02 06:17:10', 'system', 'open', NULL, NULL, 1, NULL, NULL, 1, '2026-02-02 06:17:10', '2026-02-02 06:17:10'),
(955, 12, '6289612675072', NULL, NULL, '2026-02-02 06:17:18', '2026-02-02 06:17:18', 'system', 'open', NULL, NULL, 1, NULL, NULL, 1, '2026-02-02 06:17:18', '2026-02-02 06:17:18'),
(956, 12, '6289670223186', NULL, NULL, '2026-02-02 06:17:25', '2026-02-02 06:17:25', 'system', 'open', NULL, NULL, 1, NULL, NULL, 1, '2026-02-02 06:17:25', '2026-02-02 06:17:25'),
(957, 12, '6285883015246', NULL, NULL, '2026-02-02 06:17:28', '2026-02-02 06:17:28', 'system', 'open', NULL, NULL, 1, NULL, NULL, 1, '2026-02-02 06:17:28', '2026-02-02 06:17:28'),
(958, 12, '6285813719742', NULL, NULL, '2026-02-02 06:17:33', '2026-02-02 06:17:33', 'system', 'open', NULL, NULL, 1, NULL, NULL, 1, '2026-02-02 06:17:33', '2026-02-02 06:17:33'),
(959, 12, '6285774061457', NULL, NULL, '2026-02-02 06:17:34', '2026-02-02 06:17:34', 'system', 'open', NULL, NULL, 1, NULL, NULL, 1, '2026-02-02 06:17:34', '2026-02-02 06:17:34'),
(960, 12, '6285738292828', NULL, NULL, '2026-02-02 06:17:36', '2026-02-02 06:17:36', 'system', 'open', NULL, NULL, 1, NULL, NULL, 1, '2026-02-02 06:17:36', '2026-02-02 06:17:36'),
(961, 12, '6285771112190', NULL, NULL, '2026-02-02 06:17:39', '2026-02-02 06:17:39', 'system', 'open', NULL, NULL, 1, NULL, NULL, 1, '2026-02-02 06:17:39', '2026-02-02 06:17:39'),
(962, 9, '6285231111179', 5, '2026-02-02 06:17:43', '2026-02-02 06:17:43', '2026-02-02 06:17:43', 'system', 'open', NULL, NULL, 1, NULL, NULL, 1, '2026-02-02 06:17:43', '2026-02-02 06:17:43'),
(963, 9, '6281363305061', 5, '2026-02-02 06:17:51', '2026-02-02 06:17:51', '2026-02-02 06:17:51', 'system', 'open', NULL, NULL, 1, NULL, NULL, 1, '2026-02-02 06:17:51', '2026-02-02 06:17:51'),
(964, 9, '6282230199213', 5, '2026-02-02 06:17:57', '2026-02-02 06:17:57', '2026-02-02 06:17:57', 'system', 'open', NULL, NULL, 1, NULL, NULL, 1, '2026-02-02 06:17:57', '2026-02-02 06:17:57'),
(965, 12, '6282154091891', NULL, NULL, '2026-02-02 06:18:01', '2026-02-02 06:18:01', 'system', 'open', NULL, NULL, 1, NULL, NULL, 1, '2026-02-02 06:18:01', '2026-02-02 06:18:01'),
(966, 12, '6289519735079', NULL, NULL, '2026-02-02 06:18:04', '2026-02-02 06:18:04', 'system', 'open', NULL, NULL, 1, NULL, NULL, 1, '2026-02-02 06:18:04', '2026-02-02 06:18:04'),
(967, 12, '6289677552965', NULL, NULL, '2026-02-02 06:18:06', '2026-02-02 06:18:06', 'system', 'open', NULL, NULL, 1, NULL, NULL, 1, '2026-02-02 06:18:06', '2026-02-02 06:18:06'),
(968, 9, '6285273157365', 5, '2026-02-02 06:18:11', '2026-02-02 06:18:11', '2026-02-02 06:18:11', 'system', 'open', NULL, NULL, 1, NULL, NULL, 1, '2026-02-02 06:18:11', '2026-02-02 06:18:11'),
(969, 9, '628112449191', 5, '2026-02-02 06:18:13', '2026-02-02 06:18:13', '2026-02-02 06:18:13', 'system', 'open', NULL, NULL, 1, NULL, NULL, 1, '2026-02-02 06:18:13', '2026-02-02 06:18:13'),
(970, 9, '6285365829858', 5, '2026-02-02 06:18:15', '2026-02-02 06:18:15', '2026-02-02 06:18:15', 'system', 'open', NULL, NULL, 1, NULL, NULL, 1, '2026-02-02 06:18:15', '2026-02-02 06:18:15'),
(971, 12, '6285817251709', NULL, NULL, '2026-02-02 06:18:22', '2026-02-02 06:18:22', 'system', 'open', NULL, NULL, 1, NULL, NULL, 1, '2026-02-02 06:18:22', '2026-02-02 06:18:22'),
(972, 53, '6281232924174', NULL, NULL, '2026-02-03 12:27:43', '2026-02-03 12:27:32', 'system', 'open', 'customer', NULL, 1, NULL, NULL, 1, '2026-02-02 07:28:33', '2026-02-03 12:27:43'),
(973, 37, '6285788716853', NULL, NULL, '2026-02-02 07:30:25', '2026-02-02 07:30:25', 'system', 'open', 'customer', NULL, 1, NULL, NULL, 1, '2026-02-02 07:30:08', '2026-02-02 07:30:25'),
(974, 12, '6281234567890', NULL, NULL, '2026-02-02 08:03:07', '2026-02-02 08:03:07', 'system', 'open', NULL, NULL, 1, NULL, NULL, 1, '2026-02-02 08:03:07', '2026-02-02 08:03:07'),
(975, 12, '6288291433940', NULL, NULL, '2026-02-02 08:03:09', '2026-02-02 08:03:09', 'system', 'open', NULL, NULL, 1, NULL, NULL, 1, '2026-02-02 08:03:09', '2026-02-02 08:03:09'),
(976, 12, '6285892907946', NULL, NULL, '2026-02-02 08:03:11', '2026-02-02 08:03:11', 'system', 'open', NULL, NULL, 1, NULL, NULL, 1, '2026-02-02 08:03:11', '2026-02-02 08:03:11'),
(977, 12, '6289665274992', NULL, NULL, '2026-02-02 08:03:12', '2026-02-02 08:03:12', 'system', 'open', NULL, NULL, 1, NULL, NULL, 1, '2026-02-02 08:03:12', '2026-02-02 08:03:12'),
(978, 12, '6289643816800', NULL, NULL, '2026-02-02 08:03:15', '2026-02-02 08:03:15', 'system', 'open', NULL, NULL, 1, NULL, NULL, 1, '2026-02-02 08:03:15', '2026-02-02 08:03:15'),
(979, 12, '6288525222585', NULL, NULL, '2026-02-02 08:03:17', '2026-02-02 08:03:17', 'system', 'open', NULL, NULL, 1, NULL, NULL, 1, '2026-02-02 08:03:17', '2026-02-02 08:03:17'),
(980, 12, '6289643232287', NULL, NULL, '2026-02-02 08:03:21', '2026-02-02 08:03:21', 'system', 'open', NULL, NULL, 1, NULL, NULL, 1, '2026-02-02 08:03:21', '2026-02-02 08:03:21'),
(981, 12, '6285775213669', NULL, NULL, '2026-02-02 08:03:22', '2026-02-02 08:03:22', 'system', 'open', NULL, NULL, 1, NULL, NULL, 1, '2026-02-02 08:03:22', '2026-02-02 08:03:22'),
(982, 12, '6285695742154', NULL, NULL, '2026-02-02 08:03:24', '2026-02-02 08:03:24', 'system', 'open', NULL, NULL, 1, NULL, NULL, 1, '2026-02-02 08:03:24', '2026-02-02 08:03:24'),
(983, 12, '6285717336073', NULL, NULL, '2026-02-02 08:03:27', '2026-02-02 08:03:27', 'system', 'open', NULL, NULL, 1, NULL, NULL, 1, '2026-02-02 08:03:27', '2026-02-02 08:03:27'),
(984, 12, '6281287580523', NULL, NULL, '2026-02-02 08:03:28', '2026-02-02 08:03:28', 'system', 'open', NULL, NULL, 1, NULL, NULL, 1, '2026-02-02 08:03:28', '2026-02-02 08:03:28'),
(985, 12, '6285845549108', NULL, NULL, '2026-02-02 08:03:30', '2026-02-02 08:03:30', 'system', 'open', NULL, NULL, 1, NULL, NULL, 1, '2026-02-02 08:03:30', '2026-02-02 08:03:30'),
(986, 12, '6287889898899', NULL, NULL, '2026-02-02 08:03:33', '2026-02-02 08:03:33', 'system', 'open', NULL, NULL, 1, NULL, NULL, 1, '2026-02-02 08:03:33', '2026-02-02 08:03:33'),
(987, 12, '6281285352998', NULL, NULL, '2026-02-02 08:03:37', '2026-02-02 08:03:37', 'system', 'open', NULL, NULL, 1, NULL, NULL, 1, '2026-02-02 08:03:37', '2026-02-02 08:03:37'),
(988, 12, '6285776188642', NULL, NULL, '2026-02-02 08:03:38', '2026-02-02 08:03:38', 'system', 'open', NULL, NULL, 1, NULL, NULL, 1, '2026-02-02 08:03:38', '2026-02-02 08:03:38'),
(989, 53, '6282114032697', NULL, NULL, '2026-02-02 09:15:24', '2026-02-02 09:15:24', 'system', 'open', 'customer', NULL, 1, NULL, NULL, 1, '2026-02-02 08:49:13', '2026-02-02 09:15:24'),
(990, 53, '6282122286937', NULL, NULL, '2026-02-02 09:18:34', '2026-02-02 09:18:30', 'system', 'open', 'customer', NULL, 1, NULL, NULL, 1, '2026-02-02 09:06:47', '2026-02-02 09:18:34'),
(991, 53, '6285156345912', NULL, NULL, '2026-02-02 11:33:57', '2026-02-02 11:33:57', 'system', 'open', 'customer', NULL, 1, NULL, NULL, 1, '2026-02-02 11:08:31', '2026-02-02 11:33:57'),
(992, 12, '6288233649075', NULL, NULL, '2026-02-02 11:45:04', '2026-02-02 11:45:04', 'system', 'open', NULL, NULL, 1, NULL, NULL, 1, '2026-02-02 11:45:04', '2026-02-02 11:45:04'),
(993, 12, '6285951583241', NULL, NULL, '2026-02-02 11:45:07', '2026-02-02 11:45:07', 'system', 'open', NULL, NULL, 1, NULL, NULL, 1, '2026-02-02 11:45:07', '2026-02-02 11:45:07'),
(994, 12, '6287869539106', NULL, NULL, '2026-02-02 11:45:10', '2026-02-02 11:45:10', 'system', 'open', NULL, NULL, 1, NULL, NULL, 1, '2026-02-02 11:45:10', '2026-02-02 11:45:10'),
(995, 12, '6283837901012', NULL, NULL, '2026-02-02 11:45:11', '2026-02-02 11:45:11', 'system', 'open', NULL, NULL, 1, NULL, NULL, 1, '2026-02-02 11:45:11', '2026-02-02 11:45:11'),
(996, 12, '628886332483', NULL, NULL, '2026-02-02 11:45:14', '2026-02-02 11:45:14', 'system', 'open', NULL, NULL, 1, NULL, NULL, 1, '2026-02-02 11:45:14', '2026-02-02 11:45:14'),
(997, 12, '6289682957078', NULL, NULL, '2026-02-02 11:45:17', '2026-02-02 11:45:17', 'system', 'open', NULL, NULL, 1, NULL, NULL, 1, '2026-02-02 11:45:17', '2026-02-02 11:45:17'),
(998, 12, '6289662436711', NULL, NULL, '2026-02-02 11:45:19', '2026-02-02 11:45:19', 'system', 'open', NULL, NULL, 1, NULL, NULL, 1, '2026-02-02 11:45:19', '2026-02-02 11:45:19'),
(999, 12, '6285778186008', NULL, NULL, '2026-02-02 11:45:22', '2026-02-02 11:45:22', 'system', 'open', NULL, NULL, 1, NULL, NULL, 1, '2026-02-02 11:45:22', '2026-02-02 11:45:22'),
(1000, 12, '6281323888561', NULL, NULL, '2026-02-02 11:45:23', '2026-02-02 11:45:23', 'system', 'open', NULL, NULL, 1, NULL, NULL, 1, '2026-02-02 11:45:23', '2026-02-02 11:45:23'),
(1001, 12, '6281219599299', NULL, NULL, '2026-02-02 11:45:25', '2026-02-02 11:45:25', 'system', 'open', NULL, NULL, 1, NULL, NULL, 1, '2026-02-02 11:45:25', '2026-02-02 11:45:25'),
(1002, 12, '6283892374189', NULL, NULL, '2026-02-02 11:45:28', '2026-02-02 11:45:28', 'system', 'open', NULL, NULL, 1, NULL, NULL, 1, '2026-02-02 11:45:28', '2026-02-02 11:45:28'),
(1003, 12, '6282268827735', NULL, NULL, '2026-02-02 11:45:29', '2026-02-02 11:45:29', 'system', 'open', NULL, NULL, 1, NULL, NULL, 1, '2026-02-02 11:45:29', '2026-02-02 11:45:29'),
(1004, 12, '6288975806158', NULL, NULL, '2026-02-02 11:45:32', '2026-02-02 11:45:32', 'system', 'open', NULL, NULL, 1, NULL, NULL, 1, '2026-02-02 11:45:32', '2026-02-02 11:45:32'),
(1005, 12, '6281213150734', NULL, NULL, '2026-02-02 11:45:33', '2026-02-02 11:45:33', 'system', 'open', NULL, NULL, 1, NULL, NULL, 1, '2026-02-02 11:45:33', '2026-02-02 11:45:33'),
(1006, 12, '6289512354935', NULL, NULL, '2026-02-02 11:45:36', '2026-02-02 11:45:36', 'system', 'open', NULL, NULL, 1, NULL, NULL, 1, '2026-02-02 11:45:36', '2026-02-02 11:45:36'),
(1007, 12, '628998591516', NULL, NULL, '2026-02-02 11:45:37', '2026-02-02 11:45:37', 'system', 'open', NULL, NULL, 1, NULL, NULL, 1, '2026-02-02 11:45:37', '2026-02-02 11:45:37'),
(1008, 12, '6281381431704', NULL, NULL, '2026-02-02 11:45:40', '2026-02-02 11:45:40', 'system', 'open', NULL, NULL, 1, NULL, NULL, 1, '2026-02-02 11:45:40', '2026-02-02 11:45:40'),
(1009, 12, '6289604287541', NULL, NULL, '2026-02-02 11:45:41', '2026-02-02 11:45:41', 'system', 'open', NULL, NULL, 1, NULL, NULL, 1, '2026-02-02 11:45:41', '2026-02-02 11:45:41'),
(1010, 12, '6288902900173', NULL, NULL, '2026-02-02 11:45:43', '2026-02-02 11:45:43', 'system', 'open', NULL, NULL, 1, NULL, NULL, 1, '2026-02-02 11:45:43', '2026-02-02 11:45:43'),
(1011, 12, '6282149690566', NULL, NULL, '2026-02-02 11:45:46', '2026-02-02 11:45:46', 'system', 'open', NULL, NULL, 1, NULL, NULL, 1, '2026-02-02 11:45:46', '2026-02-02 11:45:46'),
(1012, 12, '6285355672850', NULL, NULL, '2026-02-02 13:28:52', '2026-02-02 13:28:52', 'system', 'open', 'customer', NULL, 1, NULL, NULL, 1, '2026-02-02 11:45:48', '2026-02-02 13:28:52'),
(1013, 37, '6287718518200', NULL, NULL, '2026-02-02 11:53:27', '2026-02-02 11:53:27', 'system', 'open', NULL, NULL, 1, NULL, NULL, 1, '2026-02-02 11:53:27', '2026-02-02 11:53:27'),
(1014, 53, '6282133033336', NULL, NULL, '2026-02-02 13:20:47', '2026-02-02 13:20:37', 'system', 'open', 'customer', NULL, 1, NULL, NULL, 1, '2026-02-02 12:57:10', '2026-02-02 13:20:47'),
(1015, 12, '6287783743454', NULL, NULL, '2026-02-02 13:28:05', '2026-02-02 13:28:05', 'system', 'open', NULL, NULL, 1, NULL, NULL, 1, '2026-02-02 13:28:05', '2026-02-02 13:28:05'),
(1016, 12, '6283807444516', NULL, NULL, '2026-02-02 13:28:06', '2026-02-02 13:28:06', 'system', 'open', NULL, NULL, 1, NULL, NULL, 1, '2026-02-02 13:28:06', '2026-02-02 13:28:06'),
(1017, 12, '6289625683527', NULL, NULL, '2026-02-02 13:28:09', '2026-02-02 13:28:09', 'system', 'open', NULL, NULL, 1, NULL, NULL, 1, '2026-02-02 13:28:09', '2026-02-02 13:28:09'),
(1018, 12, '6285163140807', NULL, NULL, '2026-02-02 13:28:11', '2026-02-02 13:28:11', 'system', 'open', NULL, NULL, 1, NULL, NULL, 1, '2026-02-02 13:28:11', '2026-02-02 13:28:11'),
(1019, 12, '6285700240646', NULL, NULL, '2026-02-02 13:28:13', '2026-02-02 13:28:13', 'system', 'open', NULL, NULL, 1, NULL, NULL, 1, '2026-02-02 13:28:13', '2026-02-02 13:28:13'),
(1020, 12, '6283877162501', NULL, NULL, '2026-02-02 13:28:14', '2026-02-02 13:28:14', 'system', 'open', NULL, NULL, 1, NULL, NULL, 1, '2026-02-02 13:28:14', '2026-02-02 13:28:14'),
(1021, 12, '6285693671614', NULL, NULL, '2026-02-02 13:28:18', '2026-02-02 13:28:18', 'system', 'open', NULL, NULL, 1, NULL, NULL, 1, '2026-02-02 13:28:18', '2026-02-02 13:28:18'),
(1022, 12, '6285559093073', NULL, NULL, '2026-02-02 13:28:21', '2026-02-02 13:28:21', 'system', 'open', NULL, NULL, 1, NULL, NULL, 1, '2026-02-02 13:28:21', '2026-02-02 13:28:21'),
(1023, 12, '6285691285776', NULL, NULL, '2026-02-02 13:28:22', '2026-02-02 13:28:22', 'system', 'open', NULL, NULL, 1, NULL, NULL, 1, '2026-02-02 13:28:22', '2026-02-02 13:28:22'),
(1024, 12, '6287712359390', NULL, NULL, '2026-02-02 13:28:26', '2026-02-02 13:28:26', 'system', 'open', NULL, NULL, 1, NULL, NULL, 1, '2026-02-02 13:28:26', '2026-02-02 13:28:26'),
(1025, 12, '6285877375094', NULL, NULL, '2026-02-02 13:28:27', '2026-02-02 13:28:27', 'system', 'open', NULL, NULL, 1, NULL, NULL, 1, '2026-02-02 13:28:27', '2026-02-02 13:28:27'),
(1026, 12, '6285785643421', NULL, NULL, '2026-02-02 13:28:28', '2026-02-02 13:28:28', 'system', 'open', NULL, NULL, 1, NULL, NULL, 1, '2026-02-02 13:28:28', '2026-02-02 13:28:28'),
(1027, 12, '6289527088228', NULL, NULL, '2026-02-02 13:28:31', '2026-02-02 13:28:31', 'system', 'open', NULL, NULL, 1, NULL, NULL, 1, '2026-02-02 13:28:31', '2026-02-02 13:28:31'),
(1028, 12, '6285694314833', NULL, NULL, '2026-02-02 13:28:32', '2026-02-02 13:28:32', 'system', 'open', NULL, NULL, 1, NULL, NULL, 1, '2026-02-02 13:28:32', '2026-02-02 13:28:32'),
(1029, 12, '6281325000293', NULL, NULL, '2026-02-02 13:28:34', '2026-02-02 13:28:34', 'system', 'open', NULL, NULL, 1, NULL, NULL, 1, '2026-02-02 13:28:34', '2026-02-02 13:28:34'),
(1030, 12, '6289655985463', NULL, NULL, '2026-02-02 13:28:37', '2026-02-02 13:28:37', 'system', 'open', NULL, NULL, 1, NULL, NULL, 1, '2026-02-02 13:28:37', '2026-02-02 13:28:37'),
(1031, 12, '6285736440446', NULL, NULL, '2026-02-02 13:28:38', '2026-02-02 13:28:38', 'system', 'open', NULL, NULL, 1, NULL, NULL, 1, '2026-02-02 13:28:38', '2026-02-02 13:28:38'),
(1032, 12, '6285775039856', NULL, NULL, '2026-02-02 13:28:41', '2026-02-02 13:28:41', 'system', 'open', NULL, NULL, 1, NULL, NULL, 1, '2026-02-02 13:28:41', '2026-02-02 13:28:41'),
(1033, 12, '6289605417518', NULL, NULL, '2026-02-02 13:28:43', '2026-02-02 13:28:43', 'system', 'open', NULL, NULL, 1, NULL, NULL, 1, '2026-02-02 13:28:43', '2026-02-02 13:28:43'),
(1034, 12, '6287789650261', NULL, NULL, '2026-02-02 13:28:45', '2026-02-02 13:28:45', 'system', 'open', NULL, NULL, 1, NULL, NULL, 1, '2026-02-02 13:28:45', '2026-02-02 13:28:45'),
(1035, 12, '6289507311373', NULL, NULL, '2026-02-02 13:28:46', '2026-02-02 13:28:46', 'system', 'open', NULL, NULL, 1, NULL, NULL, 1, '2026-02-02 13:28:46', '2026-02-02 13:28:46'),
(1036, 12, '628134678907', NULL, NULL, '2026-02-02 13:28:50', '2026-02-02 13:28:50', 'system', 'open', NULL, NULL, 1, NULL, NULL, 1, '2026-02-02 13:28:50', '2026-02-02 13:28:50'),
(1037, 12, '6281542721300', NULL, NULL, '2026-02-02 13:28:55', '2026-02-02 13:28:55', 'system', 'open', NULL, NULL, 1, NULL, NULL, 1, '2026-02-02 13:28:55', '2026-02-02 13:28:55'),
(1038, 12, '6288294027807', NULL, NULL, '2026-02-02 13:28:57', '2026-02-02 13:28:57', 'system', 'open', NULL, NULL, 1, NULL, NULL, 1, '2026-02-02 13:28:57', '2026-02-02 13:28:57'),
(1039, 12, '628973128638', NULL, NULL, '2026-02-02 13:55:04', '2026-02-02 13:55:04', 'system', 'open', NULL, NULL, 1, NULL, NULL, 1, '2026-02-02 13:55:04', '2026-02-02 13:55:04'),
(1040, 12, '6283872042773', NULL, NULL, '2026-02-02 13:55:08', '2026-02-02 13:55:08', 'system', 'open', NULL, NULL, 1, NULL, NULL, 1, '2026-02-02 13:55:08', '2026-02-02 13:55:08'),
(1041, 12, '6282311498752', NULL, NULL, '2026-02-02 13:55:10', '2026-02-02 13:55:10', 'system', 'open', NULL, NULL, 1, NULL, NULL, 1, '2026-02-02 13:55:10', '2026-02-02 13:55:10'),
(1042, 12, '6285890053481', NULL, NULL, '2026-02-02 13:55:13', '2026-02-02 13:55:13', 'system', 'open', NULL, NULL, 1, NULL, NULL, 1, '2026-02-02 13:55:13', '2026-02-02 13:55:13'),
(1043, 12, '6289530356190', NULL, NULL, '2026-02-02 13:55:14', '2026-02-02 13:55:14', 'system', 'open', NULL, NULL, 1, NULL, NULL, 1, '2026-02-02 13:55:14', '2026-02-02 13:55:14'),
(1044, 12, '628827881836', NULL, NULL, '2026-02-02 13:55:17', '2026-02-02 13:55:17', 'system', 'open', NULL, NULL, 1, NULL, NULL, 1, '2026-02-02 13:55:17', '2026-02-02 13:55:17'),
(1045, 12, '6285779727384', NULL, NULL, '2026-02-02 13:55:19', '2026-02-02 13:55:19', 'system', 'open', NULL, NULL, 1, NULL, NULL, 1, '2026-02-02 13:55:19', '2026-02-02 13:55:19'),
(1046, 12, '628561793394', NULL, NULL, '2026-02-02 13:55:21', '2026-02-02 13:55:21', 'system', 'open', NULL, NULL, 1, NULL, NULL, 1, '2026-02-02 13:55:21', '2026-02-02 13:55:21'),
(1047, 12, '6285869658351', NULL, NULL, '2026-02-02 13:55:22', '2026-02-02 13:55:22', 'system', 'open', NULL, NULL, 1, NULL, NULL, 1, '2026-02-02 13:55:22', '2026-02-02 13:55:22'),
(1048, 12, '6289654757646', NULL, NULL, '2026-02-02 13:55:25', '2026-02-02 13:55:25', 'system', 'open', NULL, NULL, 1, NULL, NULL, 1, '2026-02-02 13:55:25', '2026-02-02 13:55:25'),
(1049, 12, '6281270993541', NULL, NULL, '2026-02-02 13:55:26', '2026-02-02 13:55:26', 'system', 'open', NULL, NULL, 1, NULL, NULL, 1, '2026-02-02 13:55:26', '2026-02-02 13:55:26'),
(1050, 12, '6285894385587', NULL, NULL, '2026-02-02 13:55:29', '2026-02-02 13:55:29', 'system', 'open', NULL, NULL, 1, NULL, NULL, 1, '2026-02-02 13:55:29', '2026-02-02 13:55:29'),
(1051, 12, '6281383564045', NULL, NULL, '2026-02-02 13:55:30', '2026-02-02 13:55:30', 'system', 'open', NULL, NULL, 1, NULL, NULL, 1, '2026-02-02 13:55:30', '2026-02-02 13:55:30'),
(1052, 12, '6285723838684', NULL, NULL, '2026-02-02 13:55:33', '2026-02-02 13:55:33', 'system', 'open', NULL, NULL, 1, NULL, NULL, 1, '2026-02-02 13:55:33', '2026-02-02 13:55:33'),
(1053, 12, '6289509779353', NULL, NULL, '2026-02-02 13:55:34', '2026-02-02 13:55:34', 'system', 'open', NULL, NULL, 1, NULL, NULL, 1, '2026-02-02 13:55:34', '2026-02-02 13:55:34'),
(1054, 12, '6283846832670', NULL, NULL, '2026-02-02 13:55:36', '2026-02-02 13:55:36', 'system', 'open', NULL, NULL, 1, NULL, NULL, 1, '2026-02-02 13:55:36', '2026-02-02 13:55:36'),
(1055, 12, '6287740625649', NULL, NULL, '2026-02-02 13:55:40', '2026-02-02 13:55:40', 'system', 'open', NULL, NULL, 1, NULL, NULL, 1, '2026-02-02 13:55:40', '2026-02-02 13:55:40'),
(1056, 12, '6289637265026', NULL, NULL, '2026-02-02 13:55:44', '2026-02-02 13:55:44', 'system', 'open', NULL, NULL, 1, NULL, NULL, 1, '2026-02-02 13:55:44', '2026-02-02 13:55:44'),
(1057, 12, '628176596321', NULL, NULL, '2026-02-02 15:08:05', '2026-02-02 15:08:05', 'system', 'open', NULL, NULL, 1, NULL, NULL, 1, '2026-02-02 15:08:05', '2026-02-02 15:08:05'),
(1058, 12, '6285718962670', NULL, NULL, '2026-02-02 15:08:07', '2026-02-02 15:08:07', 'system', 'open', NULL, NULL, 1, NULL, NULL, 1, '2026-02-02 15:08:07', '2026-02-02 15:08:07'),
(1059, 12, '6289635855127', NULL, NULL, '2026-02-02 15:08:08', '2026-02-02 15:08:08', 'system', 'open', NULL, NULL, 1, NULL, NULL, 1, '2026-02-02 15:08:08', '2026-02-02 15:08:08'),
(1060, 12, '6283169051646', NULL, NULL, '2026-02-02 15:08:10', '2026-02-02 15:08:10', 'system', 'open', NULL, NULL, 1, NULL, NULL, 1, '2026-02-02 15:08:10', '2026-02-02 15:08:10'),
(1061, 12, '6289604736700', NULL, NULL, '2026-02-02 15:08:13', '2026-02-02 15:08:13', 'system', 'open', NULL, NULL, 1, NULL, NULL, 1, '2026-02-02 15:08:13', '2026-02-02 15:08:13'),
(1062, 12, '6282124233805', NULL, NULL, '2026-02-02 15:08:14', '2026-02-02 15:08:14', 'system', 'open', NULL, NULL, 1, NULL, NULL, 1, '2026-02-02 15:08:14', '2026-02-02 15:08:14'),
(1063, 12, '6288256783494', NULL, NULL, '2026-02-02 15:08:17', '2026-02-02 15:08:17', 'system', 'open', NULL, NULL, 1, NULL, NULL, 1, '2026-02-02 15:08:17', '2026-02-02 15:08:17'),
(1064, 12, '6289668820993', NULL, NULL, '2026-02-02 15:08:18', '2026-02-02 15:08:18', 'system', 'open', NULL, NULL, 1, NULL, NULL, 1, '2026-02-02 15:08:18', '2026-02-02 15:08:18'),
(1065, 12, '6289767583184', NULL, NULL, '2026-02-02 15:08:21', '2026-02-02 15:08:21', 'system', 'open', NULL, NULL, 1, NULL, NULL, 1, '2026-02-02 15:08:21', '2026-02-02 15:08:21'),
(1066, 12, '6289670358647', NULL, NULL, '2026-02-02 15:08:26', '2026-02-02 15:08:26', 'system', 'open', NULL, NULL, 1, NULL, NULL, 1, '2026-02-02 15:08:26', '2026-02-02 15:08:26'),
(1067, 12, '6281317157961', NULL, NULL, '2026-02-02 15:08:28', '2026-02-02 15:08:28', 'system', 'open', NULL, NULL, 1, NULL, NULL, 1, '2026-02-02 15:08:28', '2026-02-02 15:08:28'),
(1068, 12, '628999517517', NULL, NULL, '2026-02-02 15:08:30', '2026-02-02 15:08:30', 'system', 'open', NULL, NULL, 1, NULL, NULL, 1, '2026-02-02 15:08:30', '2026-02-02 15:08:30'),
(1069, 12, '6289786521739', NULL, NULL, '2026-02-02 15:08:32', '2026-02-02 15:08:32', 'system', 'open', NULL, NULL, 1, NULL, NULL, 1, '2026-02-02 15:08:32', '2026-02-02 15:08:32'),
(1070, 12, '6287726130025', NULL, NULL, '2026-02-02 15:08:34', '2026-02-02 15:08:34', 'system', 'open', NULL, NULL, 1, NULL, NULL, 1, '2026-02-02 15:08:34', '2026-02-02 15:08:34'),
(1071, 12, '6282256545743', NULL, NULL, '2026-02-02 15:08:36', '2026-02-02 15:08:36', 'system', 'open', NULL, NULL, 1, NULL, NULL, 1, '2026-02-02 15:08:36', '2026-02-02 15:08:36'),
(1072, 12, '6287812185082', NULL, NULL, '2026-02-02 15:08:38', '2026-02-02 15:08:38', 'system', 'open', NULL, NULL, 1, NULL, NULL, 1, '2026-02-02 15:08:38', '2026-02-02 15:08:38'),
(1073, 12, '6281227161556', NULL, NULL, '2026-02-02 15:08:41', '2026-02-02 15:08:41', 'system', 'open', NULL, NULL, 1, NULL, NULL, 1, '2026-02-02 15:08:41', '2026-02-02 15:08:41'),
(1074, 12, '6287734838234', NULL, NULL, '2026-02-02 15:08:43', '2026-02-02 15:08:43', 'system', 'open', NULL, NULL, 1, NULL, NULL, 1, '2026-02-02 15:08:43', '2026-02-02 15:08:43'),
(1075, 12, '6282267654532', NULL, NULL, '2026-02-02 15:08:44', '2026-02-02 15:08:44', 'system', 'open', NULL, NULL, 1, NULL, NULL, 1, '2026-02-02 15:08:44', '2026-02-02 15:08:44'),
(1076, 12, '6282298771077', NULL, NULL, '2026-02-02 15:08:46', '2026-02-02 15:08:46', 'system', 'open', NULL, NULL, 1, NULL, NULL, 1, '2026-02-02 15:08:46', '2026-02-02 15:08:46'),
(1077, 12, '6288767507893', NULL, NULL, '2026-02-02 15:08:49', '2026-02-02 15:08:49', 'system', 'open', NULL, NULL, 1, NULL, NULL, 1, '2026-02-02 15:08:49', '2026-02-02 15:08:49'),
(1078, 12, '6283855719', NULL, NULL, '2026-02-02 15:08:50', '2026-02-02 15:08:50', 'system', 'open', NULL, NULL, 1, NULL, NULL, 1, '2026-02-02 15:08:50', '2026-02-02 15:08:50'),
(1079, 12, '6283896452830', NULL, NULL, '2026-02-02 15:08:53', '2026-02-02 15:08:53', 'system', 'open', NULL, NULL, 1, NULL, NULL, 1, '2026-02-02 15:08:53', '2026-02-02 15:08:53'),
(1080, 12, '6287546787546', NULL, NULL, '2026-02-02 15:08:54', '2026-02-02 15:08:54', 'system', 'open', NULL, NULL, 1, NULL, NULL, 1, '2026-02-02 15:08:54', '2026-02-02 15:08:54'),
(1081, 59, '6282122409756', 9, '2026-02-02 21:07:51', '2026-02-03 01:40:56', '2026-02-03 01:40:39', 'system', 'open', 'customer', NULL, 1, NULL, NULL, 1, '2026-02-02 21:07:51', '2026-02-03 01:40:56'),
(1082, 37, '6287897515046', NULL, NULL, '2026-02-03 00:50:57', '2026-02-03 00:50:57', 'system', 'open', NULL, NULL, 1, NULL, NULL, 1, '2026-02-03 00:50:57', '2026-02-03 00:50:57'),
(1083, 37, '6282312979267', NULL, NULL, '2026-02-03 01:03:42', '2026-02-03 01:03:42', 'system', 'open', 'customer', NULL, 1, NULL, NULL, 1, '2026-02-03 01:03:19', '2026-02-03 01:03:42'),
(1084, 37, '6281997690162', NULL, NULL, '2026-02-03 01:04:25', '2026-02-03 01:04:25', 'system', 'open', NULL, NULL, 1, NULL, NULL, 1, '2026-02-03 01:04:25', '2026-02-03 01:04:25'),
(1085, 59, '6287852125579', 8, '2026-02-03 01:22:51', '2026-02-03 05:12:42', '2026-02-03 01:42:21', 'system', 'open', 'customer', NULL, 1, NULL, NULL, 1, '2026-02-03 01:22:51', '2026-02-03 05:12:42'),
(1086, 59, '6281703897076', 10, '2026-02-03 01:22:53', '2026-02-03 01:25:59', '2026-02-03 01:22:56', 'system', 'open', 'customer', NULL, 1, NULL, NULL, 1, '2026-02-03 01:22:53', '2026-02-03 01:25:59'),
(1087, 37, '6285126726971', NULL, NULL, '2026-02-03 04:07:04', '2026-02-03 04:07:04', 'system', 'open', 'customer', NULL, 1, NULL, NULL, 1, '2026-02-03 04:06:43', '2026-02-03 04:07:04'),
(1088, 12, '6282135554474', NULL, NULL, '2026-02-03 04:19:48', '2026-02-03 04:19:48', 'system', 'open', NULL, NULL, 1, NULL, NULL, 1, '2026-02-03 04:19:48', '2026-02-03 04:19:48'),
(1089, 37, '6285715031847', NULL, NULL, '2026-02-03 05:07:17', '2026-02-03 05:07:17', 'system', 'open', NULL, NULL, 1, NULL, NULL, 1, '2026-02-03 05:07:17', '2026-02-03 05:07:17'),
(1090, 37, '6285664922994', NULL, NULL, '2026-02-03 05:08:16', '2026-02-03 05:08:16', 'system', 'open', NULL, NULL, 1, NULL, NULL, 1, '2026-02-03 05:08:16', '2026-02-03 05:08:16'),
(1091, 59, '6282323243574', 7, '2026-02-03 05:20:09', '2026-02-03 05:20:09', '2026-02-03 05:20:09', 'system', 'open', NULL, NULL, 1, NULL, 'Kedungsari-drg. Clarissa', 1, '2026-02-03 05:20:09', '2026-02-03 05:45:08'),
(1092, 59, '6281233080868', 9, '2026-02-03 05:20:11', '2026-02-03 06:04:34', '2026-02-03 06:04:34', 'system', 'open', 'customer', NULL, 1, NULL, NULL, 1, '2026-02-03 05:20:11', '2026-02-03 06:04:34'),
(1093, 59, '6285704065421', 8, '2026-02-03 06:02:39', '2026-02-03 14:15:26', '2026-02-03 13:20:39', 'system', 'open', 'customer', NULL, 1, NULL, NULL, 1, '2026-02-03 06:02:39', '2026-02-03 14:15:26'),
(1094, 59, '6282247504624', 10, '2026-02-03 06:06:43', '2026-02-03 14:26:40', '2026-02-03 14:26:40', 'system', 'open', 'customer', NULL, 1, NULL, NULL, 1, '2026-02-03 06:06:43', '2026-02-03 14:26:40'),
(1095, 59, '6285759206113', 7, '2026-02-03 06:13:08', '2026-02-03 14:28:22', '2026-02-03 14:28:22', 'system', 'open', 'customer', NULL, 1, NULL, NULL, 1, '2026-02-03 06:13:08', '2026-02-03 14:28:22'),
(1096, 12, '6281223753183', NULL, NULL, '2026-02-03 06:16:05', '2026-02-03 06:16:05', 'system', 'open', NULL, NULL, 1, NULL, NULL, 1, '2026-02-03 06:16:05', '2026-02-03 06:16:05'),
(1097, 12, '6288985167683', NULL, NULL, '2026-02-03 06:16:09', '2026-02-03 06:16:09', 'system', 'open', NULL, NULL, 1, NULL, NULL, 1, '2026-02-03 06:16:09', '2026-02-03 06:16:09'),
(1098, 12, '6289523010218', NULL, NULL, '2026-02-03 06:16:11', '2026-02-03 06:16:11', 'system', 'open', NULL, NULL, 1, NULL, NULL, 1, '2026-02-03 06:16:11', '2026-02-03 06:16:11'),
(1099, 12, '6281298876554', NULL, NULL, '2026-02-03 06:16:13', '2026-02-03 06:16:13', 'system', 'open', NULL, NULL, 1, NULL, NULL, 1, '2026-02-03 06:16:13', '2026-02-03 06:16:13'),
(1100, 12, '6289668765748', NULL, NULL, '2026-02-03 06:16:15', '2026-02-03 06:16:15', 'system', 'open', NULL, NULL, 1, NULL, NULL, 1, '2026-02-03 06:16:15', '2026-02-03 06:16:15'),
(1101, 12, '6288296536678', NULL, NULL, '2026-02-03 06:16:16', '2026-02-03 06:16:16', 'system', 'open', NULL, NULL, 1, NULL, NULL, 1, '2026-02-03 06:16:16', '2026-02-03 06:16:16'),
(1102, 12, '6281213445681', NULL, NULL, '2026-02-03 06:16:19', '2026-02-03 06:16:19', 'system', 'open', NULL, NULL, 1, NULL, NULL, 1, '2026-02-03 06:16:19', '2026-02-03 06:16:19'),
(1103, 12, '628526728881', NULL, NULL, '2026-02-03 06:16:21', '2026-02-03 06:16:21', 'system', 'open', NULL, NULL, 1, NULL, NULL, 1, '2026-02-03 06:16:21', '2026-02-03 06:16:21');
INSERT INTO `chat_assignments` (`id`, `waba_pool_id`, `customer_number`, `agent_id`, `assigned_at`, `last_message_at`, `last_inbound_at`, `assigned_by`, `status`, `last_from`, `last_reply_at`, `is_locked`, `customer_name`, `notes`, `visible_to_client`, `created_at`, `updated_at`) VALUES
(1104, 12, '628587214561', NULL, NULL, '2026-02-03 06:16:22', '2026-02-03 06:16:22', 'system', 'open', NULL, NULL, 1, NULL, NULL, 1, '2026-02-03 06:16:22', '2026-02-03 06:16:22'),
(1105, 12, '6285952425749', NULL, NULL, '2026-02-03 06:16:26', '2026-02-03 06:16:26', 'system', 'open', NULL, NULL, 1, NULL, NULL, 1, '2026-02-03 06:16:26', '2026-02-03 06:16:26'),
(1106, 12, '6285870011027', NULL, NULL, '2026-02-03 06:17:38', '2026-02-03 06:17:38', 'system', 'open', 'customer', NULL, 1, NULL, NULL, 1, '2026-02-03 06:16:29', '2026-02-03 06:17:38'),
(1107, 12, '6285818578265', NULL, NULL, '2026-02-03 06:16:30', '2026-02-03 06:16:30', 'system', 'open', NULL, NULL, 1, NULL, NULL, 1, '2026-02-03 06:16:30', '2026-02-03 06:16:30'),
(1108, 12, '6289687929836', NULL, NULL, '2026-02-03 06:16:33', '2026-02-03 06:16:33', 'system', 'open', NULL, NULL, 1, NULL, NULL, 1, '2026-02-03 06:16:33', '2026-02-03 06:16:33'),
(1109, 12, '6283891537121', NULL, NULL, '2026-02-03 06:16:35', '2026-02-03 06:16:35', 'system', 'open', NULL, NULL, 1, NULL, NULL, 1, '2026-02-03 06:16:35', '2026-02-03 06:16:35'),
(1110, 12, '6287796310457', NULL, NULL, '2026-02-03 06:16:37', '2026-02-03 06:16:37', 'system', 'open', NULL, NULL, 1, NULL, NULL, 1, '2026-02-03 06:16:37', '2026-02-03 06:16:37'),
(1111, 12, '6283854535678', NULL, NULL, '2026-02-03 06:16:39', '2026-02-03 06:16:39', 'system', 'open', NULL, NULL, 1, NULL, NULL, 1, '2026-02-03 06:16:39', '2026-02-03 06:16:39'),
(1112, 12, '6285719699252', NULL, NULL, '2026-02-03 06:16:40', '2026-02-03 06:16:40', 'system', 'open', NULL, NULL, 1, NULL, NULL, 1, '2026-02-03 06:16:40', '2026-02-03 06:16:40'),
(1113, 12, '6281218618382', NULL, NULL, '2026-02-03 06:16:44', '2026-02-03 06:16:44', 'system', 'open', NULL, NULL, 1, NULL, NULL, 1, '2026-02-03 06:16:44', '2026-02-03 06:16:44'),
(1114, 59, '6285156043044', 9, '2026-02-03 06:19:46', '2026-02-03 15:18:49', '2026-02-03 10:13:34', 'system', 'open', 'customer', NULL, 1, NULL, NULL, 1, '2026-02-03 06:19:46', '2026-02-03 15:18:49'),
(1115, 59, '6282140964363', 8, '2026-02-03 06:33:44', '2026-02-03 07:13:18', '2026-02-03 07:04:03', 'system', 'open', 'customer', NULL, 1, NULL, NULL, 1, '2026-02-03 06:33:44', '2026-02-03 07:13:18'),
(1116, 12, '081225993033', NULL, NULL, '2026-02-03 06:42:24', '2026-02-03 06:42:24', 'system', 'open', 'customer', NULL, 1, NULL, NULL, 1, '2026-02-03 06:42:10', '2026-02-03 06:42:24'),
(1117, 59, '6282279431800', 10, '2026-02-03 06:42:12', '2026-02-03 07:06:26', '2026-02-03 06:59:23', 'system', 'open', 'customer', NULL, 1, NULL, NULL, 1, '2026-02-03 06:42:12', '2026-02-03 07:06:26'),
(1118, 59, '6285735146668', 7, '2026-02-03 06:42:55', '2026-02-03 06:53:09', '2026-02-03 06:42:55', 'system', 'open', NULL, NULL, 1, NULL, NULL, 1, '2026-02-03 06:42:55', '2026-02-03 06:53:09'),
(1119, 59, '6285800474666', 9, '2026-02-03 06:43:21', '2026-02-03 07:05:51', '2026-02-03 06:56:03', 'system', 'open', 'customer', NULL, 1, NULL, NULL, 1, '2026-02-03 06:43:21', '2026-02-03 07:05:51'),
(1120, 12, '6281225993033', NULL, NULL, '2026-02-03 06:44:01', '2026-02-03 06:44:01', 'system', 'open', NULL, NULL, 1, NULL, NULL, 1, '2026-02-03 06:44:01', '2026-02-03 06:44:01'),
(1121, 12, '6282144145044', NULL, NULL, '2026-02-03 06:52:15', '2026-02-03 06:48:28', 'system', 'open', 'customer', NULL, 1, NULL, NULL, 1, '2026-02-03 06:47:26', '2026-02-03 06:52:15'),
(1122, 59, '6285888575245', 8, '2026-02-03 06:47:58', '2026-02-03 07:48:09', '2026-02-03 07:38:04', 'system', 'open', 'customer', NULL, 1, NULL, NULL, 1, '2026-02-03 06:47:58', '2026-02-03 07:48:09'),
(1123, 59, '6285658038590', 10, '2026-02-03 06:50:37', '2026-02-03 08:46:19', '2026-02-03 08:46:19', 'system', 'open', 'customer', NULL, 1, NULL, NULL, 1, '2026-02-03 06:50:37', '2026-02-03 08:46:19'),
(1124, 59, '6282277881895', 7, '2026-02-03 06:53:40', '2026-02-03 07:40:59', '2026-02-03 07:24:08', 'system', 'open', 'customer', NULL, 1, NULL, NULL, 1, '2026-02-03 06:53:40', '2026-02-03 07:40:59'),
(1125, 59, '6285708097403', 9, '2026-02-03 06:58:05', '2026-02-03 07:58:34', '2026-02-03 07:45:13', 'system', 'open', 'customer', NULL, 1, NULL, NULL, 1, '2026-02-03 06:58:05', '2026-02-03 07:58:34'),
(1126, 59, '6282221515333', 8, '2026-02-03 07:01:07', '2026-02-03 09:55:13', '2026-02-03 09:55:13', 'system', 'open', 'customer', NULL, 1, NULL, NULL, 1, '2026-02-03 07:01:07', '2026-02-03 09:55:13'),
(1127, 59, '628155611045', 10, '2026-02-03 07:02:29', '2026-02-03 11:24:08', '2026-02-03 11:12:15', 'system', 'open', 'customer', NULL, 1, NULL, NULL, 1, '2026-02-03 07:02:29', '2026-02-03 11:24:08'),
(1128, 37, '6285789961197', NULL, NULL, '2026-02-03 07:19:58', '2026-02-03 07:19:58', 'system', 'open', NULL, NULL, 1, NULL, NULL, 1, '2026-02-03 07:19:58', '2026-02-03 07:19:58'),
(1129, 59, '6285852465178', 7, '2026-02-03 07:32:44', '2026-02-03 09:37:38', '2026-02-03 08:24:04', 'system', 'open', 'customer', NULL, 1, NULL, NULL, 1, '2026-02-03 07:32:44', '2026-02-03 09:37:38'),
(1130, 59, '6285259700318', 9, '2026-02-03 07:43:07', '2026-02-03 14:10:25', '2026-02-03 13:09:14', 'system', 'open', 'customer', NULL, 1, NULL, NULL, 1, '2026-02-03 07:43:07', '2026-02-03 14:10:25'),
(1131, 59, '6287761013883', 8, '2026-02-03 07:44:53', '2026-02-03 13:39:50', '2026-02-03 12:37:57', 'system', 'open', 'customer', NULL, 1, NULL, NULL, 1, '2026-02-03 07:44:53', '2026-02-03 13:39:50'),
(1132, 59, '6285804863453', 10, '2026-02-03 07:46:27', '2026-02-03 09:16:30', '2026-02-03 08:14:43', 'system', 'open', 'customer', NULL, 1, NULL, NULL, 1, '2026-02-03 07:46:27', '2026-02-03 09:16:30'),
(1133, 59, '6285755372508', 7, '2026-02-03 07:49:13', '2026-02-03 08:34:51', '2026-02-03 08:34:51', 'system', 'open', 'customer', NULL, 1, NULL, NULL, 1, '2026-02-03 07:49:13', '2026-02-03 08:34:51'),
(1134, 59, '6287785004501', 9, '2026-02-03 07:56:26', '2026-02-03 08:32:33', '2026-02-03 08:32:33', 'system', 'open', 'customer', NULL, 1, NULL, NULL, 1, '2026-02-03 07:56:26', '2026-02-03 08:32:33'),
(1135, 59, '6285895588400', 8, '2026-02-03 07:59:06', '2026-02-03 08:32:53', '2026-02-03 08:32:53', 'system', 'open', 'customer', NULL, 1, NULL, NULL, 1, '2026-02-03 07:59:06', '2026-02-03 08:32:53'),
(1136, 59, '6282260633378', 10, '2026-02-03 07:59:22', '2026-02-03 08:33:22', '2026-02-03 07:59:22', 'system', 'open', NULL, NULL, 1, NULL, NULL, 1, '2026-02-03 07:59:22', '2026-02-03 08:33:22'),
(1137, 59, '6282266691638', 7, '2026-02-03 08:01:43', '2026-02-03 09:09:00', '2026-02-03 09:09:01', 'system', 'open', 'customer', NULL, 1, NULL, NULL, 1, '2026-02-03 08:01:43', '2026-02-03 09:09:01'),
(1138, 59, '6281331583028', 9, '2026-02-03 08:03:15', '2026-02-03 14:36:51', '2026-02-03 14:36:51', 'system', 'open', 'customer', NULL, 1, NULL, NULL, 1, '2026-02-03 08:03:15', '2026-02-03 14:36:51'),
(1139, 59, '6285607588851', 8, '2026-02-03 08:04:19', '2026-02-03 09:06:36', '2026-02-03 09:06:36', 'system', 'open', 'customer', NULL, 1, NULL, NULL, 1, '2026-02-03 08:04:19', '2026-02-03 09:06:36'),
(1140, 59, '6281333231235', 10, '2026-02-03 08:05:03', '2026-02-03 14:09:54', '2026-02-03 14:09:54', 'system', 'open', 'customer', NULL, 1, NULL, NULL, 1, '2026-02-03 08:05:03', '2026-02-03 14:09:54'),
(1141, 59, '6282335975613', 7, '2026-02-03 08:05:38', '2026-02-03 09:10:13', '2026-02-03 09:10:13', 'system', 'open', 'customer', NULL, 1, NULL, NULL, 1, '2026-02-03 08:05:38', '2026-02-03 09:10:13'),
(1142, 59, '6285940355711', 9, '2026-02-03 08:05:42', '2026-02-03 12:21:57', '2026-02-03 11:48:29', 'system', 'open', 'customer', NULL, 1, NULL, NULL, 1, '2026-02-03 08:05:42', '2026-02-03 12:21:57'),
(1143, 59, '6285732918405', 8, '2026-02-03 08:06:57', '2026-02-03 09:33:59', '2026-02-03 09:33:59', 'system', 'open', 'customer', NULL, 1, NULL, NULL, 1, '2026-02-03 08:06:57', '2026-02-03 09:33:59'),
(1144, 59, '6281333727694', 10, '2026-02-03 08:08:59', '2026-02-03 09:12:39', '2026-02-03 09:12:39', 'system', 'open', 'customer', NULL, 1, NULL, NULL, 1, '2026-02-03 08:08:59', '2026-02-03 09:12:39'),
(1145, 59, '6282132183476', 7, '2026-02-03 08:09:04', '2026-02-03 09:29:24', '2026-02-03 09:29:24', 'system', 'open', 'customer', NULL, 1, NULL, NULL, 1, '2026-02-03 08:09:04', '2026-02-03 09:29:24'),
(1146, 59, '6285806917225', 9, '2026-02-03 08:10:01', '2026-02-03 09:13:37', '2026-02-03 08:10:01', 'system', 'open', NULL, NULL, 1, NULL, NULL, 1, '2026-02-03 08:10:01', '2026-02-03 09:13:37'),
(1147, 59, '628816294080', 8, '2026-02-03 08:11:29', '2026-02-03 09:23:19', '2026-02-03 09:23:19', 'system', 'open', 'customer', NULL, 1, NULL, NULL, 1, '2026-02-03 08:11:29', '2026-02-03 09:23:19'),
(1148, 59, '6281335932158', 10, '2026-02-03 08:15:36', '2026-02-03 09:56:46', '2026-02-03 09:56:46', 'system', 'open', 'customer', NULL, 1, NULL, NULL, 1, '2026-02-03 08:15:36', '2026-02-03 09:56:46'),
(1149, 59, '6282220372003', 7, '2026-02-03 08:17:44', '2026-02-03 10:00:46', '2026-02-03 10:00:46', 'system', 'open', 'customer', NULL, 1, NULL, NULL, 1, '2026-02-03 08:17:44', '2026-02-03 10:00:46'),
(1150, 59, '62881027601213', 9, '2026-02-03 08:17:51', '2026-02-03 09:20:48', '2026-02-03 08:17:51', 'system', 'open', NULL, NULL, 1, NULL, NULL, 1, '2026-02-03 08:17:51', '2026-02-03 09:20:48'),
(1151, 59, '6281235818466', 8, '2026-02-03 08:18:47', '2026-02-03 10:03:04', '2026-02-03 10:03:04', 'system', 'open', 'customer', NULL, 1, NULL, NULL, 1, '2026-02-03 08:18:47', '2026-02-03 10:03:04'),
(1152, 59, '6287787881617', 10, '2026-02-03 08:20:22', '2026-02-03 08:20:22', '2026-02-03 08:20:22', 'system', 'open', NULL, NULL, 1, NULL, NULL, 1, '2026-02-03 08:20:22', '2026-02-03 08:20:22'),
(1153, 59, '6283113190815', 7, '2026-02-03 08:20:52', '2026-02-03 08:20:52', '2026-02-03 08:20:52', 'system', 'open', NULL, NULL, 1, NULL, NULL, 1, '2026-02-03 08:20:52', '2026-02-03 08:20:52'),
(1154, 59, '6282333377120', 9, '2026-02-03 08:21:58', '2026-02-03 08:22:09', '2026-02-03 08:22:09', 'system', 'open', 'customer', NULL, 1, NULL, NULL, 1, '2026-02-03 08:21:58', '2026-02-03 08:22:09'),
(1155, 59, '6281335327377', 8, '2026-02-03 08:22:43', '2026-02-03 09:30:18', '2026-02-03 09:30:18', 'system', 'open', 'customer', NULL, 1, NULL, NULL, 1, '2026-02-03 08:22:43', '2026-02-03 09:30:18'),
(1156, 59, '6281293299948', 10, '2026-02-03 08:23:23', '2026-02-03 08:23:49', '2026-02-03 08:23:49', 'system', 'open', 'customer', NULL, 1, NULL, NULL, 1, '2026-02-03 08:23:23', '2026-02-03 08:23:49'),
(1157, 59, '6282223330449', 7, '2026-02-03 08:24:50', '2026-02-03 08:24:50', '2026-02-03 08:24:50', 'system', 'open', NULL, NULL, 1, NULL, NULL, 1, '2026-02-03 08:24:50', '2026-02-03 08:24:50'),
(1158, 59, '6285649244059', 9, '2026-02-03 08:28:51', '2026-02-03 09:34:54', '2026-02-03 08:28:51', 'system', 'open', NULL, NULL, 1, NULL, NULL, 1, '2026-02-03 08:28:51', '2026-02-03 09:34:54'),
(1159, 59, '62895602938822', 8, '2026-02-03 08:33:23', '2026-02-03 08:33:24', '2026-02-03 08:33:24', 'system', 'open', 'customer', NULL, 1, NULL, NULL, 1, '2026-02-03 08:33:23', '2026-02-03 08:33:24'),
(1160, 59, '6285368398932', 10, '2026-02-03 08:35:30', '2026-02-03 08:35:30', '2026-02-03 08:35:30', 'system', 'open', NULL, NULL, 1, NULL, NULL, 1, '2026-02-03 08:35:30', '2026-02-03 08:35:30'),
(1161, 59, '6283874964313', 7, '2026-02-03 08:35:36', '2026-02-03 08:35:49', '2026-02-03 08:35:49', 'system', 'open', 'customer', NULL, 1, NULL, NULL, 1, '2026-02-03 08:35:36', '2026-02-03 08:35:49'),
(1162, 59, '6287759708862', 9, '2026-02-03 08:38:15', '2026-02-03 08:38:15', '2026-02-03 08:38:15', 'system', 'open', NULL, NULL, 1, NULL, NULL, 1, '2026-02-03 08:38:15', '2026-02-03 08:38:15'),
(1163, 12, '6287713350061', NULL, NULL, '2026-02-03 08:39:05', '2026-02-03 08:39:05', 'system', 'open', NULL, NULL, 1, NULL, NULL, 1, '2026-02-03 08:39:05', '2026-02-03 08:39:05'),
(1164, 12, '6289528135494', NULL, NULL, '2026-02-03 08:39:07', '2026-02-03 08:39:07', 'system', 'open', NULL, NULL, 1, NULL, NULL, 1, '2026-02-03 08:39:07', '2026-02-03 08:39:07'),
(1165, 12, '6289672183761', NULL, NULL, '2026-02-03 08:39:08', '2026-02-03 08:39:08', 'system', 'open', NULL, NULL, 1, NULL, NULL, 1, '2026-02-03 08:39:08', '2026-02-03 08:39:08'),
(1166, 12, '6282246710883', NULL, NULL, '2026-02-03 08:39:10', '2026-02-03 08:39:10', 'system', 'open', NULL, NULL, 1, NULL, NULL, 1, '2026-02-03 08:39:10', '2026-02-03 08:39:10'),
(1167, 12, '6285892403805', NULL, NULL, '2026-02-03 08:39:13', '2026-02-03 08:39:13', 'system', 'open', NULL, NULL, 1, NULL, NULL, 1, '2026-02-03 08:39:13', '2026-02-03 08:39:13'),
(1168, 12, '6285712467369', NULL, NULL, '2026-02-03 08:39:14', '2026-02-03 08:39:14', 'system', 'open', NULL, NULL, 1, NULL, NULL, 1, '2026-02-03 08:39:14', '2026-02-03 08:39:14'),
(1169, 12, '6285693958191', NULL, NULL, '2026-02-03 08:39:17', '2026-02-03 08:39:17', 'system', 'open', NULL, NULL, 1, NULL, NULL, 1, '2026-02-03 08:39:17', '2026-02-03 08:39:17'),
(1170, 12, '6281290656728', NULL, NULL, '2026-02-03 08:39:19', '2026-02-03 08:39:19', 'system', 'open', NULL, NULL, 1, NULL, NULL, 1, '2026-02-03 08:39:19', '2026-02-03 08:39:19'),
(1171, 12, '6285891215758', NULL, NULL, '2026-02-03 08:39:21', '2026-02-03 08:39:21', 'system', 'open', NULL, NULL, 1, NULL, NULL, 1, '2026-02-03 08:39:21', '2026-02-03 08:39:21'),
(1172, 12, '6285857319488', NULL, NULL, '2026-02-03 08:39:23', '2026-02-03 08:39:23', 'system', 'open', NULL, NULL, 1, NULL, NULL, 1, '2026-02-03 08:39:23', '2026-02-03 08:39:23'),
(1173, 12, '6289668586665', NULL, NULL, '2026-02-03 08:39:25', '2026-02-03 08:39:25', 'system', 'open', NULL, NULL, 1, NULL, NULL, 1, '2026-02-03 08:39:25', '2026-02-03 08:39:25'),
(1174, 12, '6289673994420', NULL, NULL, '2026-02-03 08:39:27', '2026-02-03 08:39:27', 'system', 'open', NULL, NULL, 1, NULL, NULL, 1, '2026-02-03 08:39:27', '2026-02-03 08:39:27'),
(1175, 12, '6285778861890', NULL, NULL, '2026-02-03 08:39:29', '2026-02-03 08:39:29', 'system', 'open', NULL, NULL, 1, NULL, NULL, 1, '2026-02-03 08:39:29', '2026-02-03 08:39:29'),
(1176, 12, '6285862630764', NULL, NULL, '2026-02-03 08:39:31', '2026-02-03 08:39:31', 'system', 'open', NULL, NULL, 1, NULL, NULL, 1, '2026-02-03 08:39:31', '2026-02-03 08:39:31'),
(1177, 12, '6288976727591', NULL, NULL, '2026-02-03 08:39:32', '2026-02-03 08:39:32', 'system', 'open', NULL, NULL, 1, NULL, NULL, 1, '2026-02-03 08:39:32', '2026-02-03 08:39:32'),
(1178, 12, '6281319227495', NULL, NULL, '2026-02-03 08:39:34', '2026-02-03 08:39:34', 'system', 'open', NULL, NULL, 1, NULL, NULL, 1, '2026-02-03 08:39:34', '2026-02-03 08:39:34'),
(1179, 12, '6289652095175', NULL, NULL, '2026-02-03 08:39:37', '2026-02-03 08:39:37', 'system', 'open', NULL, NULL, 1, NULL, NULL, 1, '2026-02-03 08:39:37', '2026-02-03 08:39:37'),
(1180, 12, '6285777622409', NULL, NULL, '2026-02-03 08:39:38', '2026-02-03 08:39:38', 'system', 'open', NULL, NULL, 1, NULL, NULL, 1, '2026-02-03 08:39:38', '2026-02-03 08:39:38'),
(1181, 12, '6281311780766', NULL, NULL, '2026-02-03 08:39:41', '2026-02-03 08:39:41', 'system', 'open', NULL, NULL, 1, NULL, NULL, 1, '2026-02-03 08:39:41', '2026-02-03 08:39:41'),
(1182, 12, '6287729804004', NULL, NULL, '2026-02-03 08:39:42', '2026-02-03 08:39:42', 'system', 'open', NULL, NULL, 1, NULL, NULL, 1, '2026-02-03 08:39:42', '2026-02-03 08:39:42'),
(1183, 12, '6285773240453', NULL, NULL, '2026-02-03 08:39:45', '2026-02-03 08:39:45', 'system', 'open', NULL, NULL, 1, NULL, NULL, 1, '2026-02-03 08:39:45', '2026-02-03 08:39:45'),
(1184, 12, '6283893766761', NULL, NULL, '2026-02-03 08:39:47', '2026-02-03 08:39:47', 'system', 'open', NULL, NULL, 1, NULL, NULL, 1, '2026-02-03 08:39:47', '2026-02-03 08:39:47'),
(1185, 12, '6281284418997', NULL, NULL, '2026-02-03 08:39:49', '2026-02-03 08:39:49', 'system', 'open', NULL, NULL, 1, NULL, NULL, 1, '2026-02-03 08:39:49', '2026-02-03 08:39:49'),
(1186, 12, '628138392919', NULL, NULL, '2026-02-03 08:39:51', '2026-02-03 08:39:51', 'system', 'open', NULL, NULL, 1, NULL, NULL, 1, '2026-02-03 08:39:51', '2026-02-03 08:39:51'),
(1187, 12, '6282312122323', NULL, NULL, '2026-02-03 08:39:53', '2026-02-03 08:39:53', 'system', 'open', NULL, NULL, 1, NULL, NULL, 1, '2026-02-03 08:39:53', '2026-02-03 08:39:53'),
(1188, 12, '6287717988617', NULL, NULL, '2026-02-03 08:39:55', '2026-02-03 08:39:55', 'system', 'open', NULL, NULL, 1, NULL, NULL, 1, '2026-02-03 08:39:55', '2026-02-03 08:39:55'),
(1189, 12, '62812679044', NULL, NULL, '2026-02-03 08:39:56', '2026-02-03 08:39:56', 'system', 'open', NULL, NULL, 1, NULL, NULL, 1, '2026-02-03 08:39:56', '2026-02-03 08:39:56'),
(1190, 12, '6281546969101', NULL, NULL, '2026-02-03 08:40:01', '2026-02-03 08:40:01', 'system', 'open', NULL, NULL, 1, NULL, NULL, 1, '2026-02-03 08:40:01', '2026-02-03 08:40:01'),
(1191, 12, '6289645262756', NULL, NULL, '2026-02-03 08:40:03', '2026-02-03 08:40:03', 'system', 'open', NULL, NULL, 1, NULL, NULL, 1, '2026-02-03 08:40:03', '2026-02-03 08:40:03'),
(1192, 59, '6285737650732', 8, '2026-02-03 08:42:59', '2026-02-03 15:51:59', '2026-02-03 15:51:59', 'system', 'open', 'customer', NULL, 1, NULL, NULL, 1, '2026-02-03 08:42:59', '2026-02-03 15:51:59'),
(1193, 59, '6289515012237', 10, '2026-02-03 08:44:31', '2026-02-03 08:44:41', '2026-02-03 08:44:41', 'system', 'open', 'customer', NULL, 1, NULL, NULL, 1, '2026-02-03 08:44:31', '2026-02-03 08:44:41'),
(1194, 59, '62881036529572', 7, '2026-02-03 08:45:12', '2026-02-03 08:51:01', '2026-02-03 08:51:01', 'system', 'open', 'customer', NULL, 1, NULL, NULL, 1, '2026-02-03 08:45:12', '2026-02-03 08:51:01'),
(1195, 59, '6285750125153', 9, '2026-02-03 08:45:26', '2026-02-03 08:47:10', '2026-02-03 08:47:10', 'system', 'open', 'customer', NULL, 1, NULL, NULL, 1, '2026-02-03 08:45:26', '2026-02-03 08:47:10'),
(1196, 59, '6282337441069', 8, '2026-02-03 08:49:11', '2026-02-03 08:50:04', '2026-02-03 08:50:04', 'system', 'open', 'customer', NULL, 1, NULL, NULL, 1, '2026-02-03 08:49:11', '2026-02-03 08:50:04'),
(1197, 59, '6281297082360', 10, '2026-02-03 08:49:44', '2026-02-03 08:50:30', '2026-02-03 08:50:30', 'system', 'open', 'customer', NULL, 1, NULL, NULL, 1, '2026-02-03 08:49:44', '2026-02-03 08:50:30'),
(1198, 59, '6285814991617', 7, '2026-02-03 08:51:36', '2026-02-03 08:51:36', '2026-02-03 08:51:36', 'system', 'open', NULL, NULL, 1, NULL, NULL, 1, '2026-02-03 08:51:36', '2026-02-03 08:51:36'),
(1199, 59, '6282228306987', 9, '2026-02-03 08:56:42', '2026-02-03 08:56:42', '2026-02-03 08:56:42', 'system', 'open', NULL, NULL, 1, NULL, NULL, 1, '2026-02-03 08:56:42', '2026-02-03 08:56:42'),
(1200, 59, '6281515287556', 8, '2026-02-03 09:01:25', '2026-02-03 09:01:25', '2026-02-03 09:01:25', 'system', 'open', NULL, NULL, 1, NULL, NULL, 1, '2026-02-03 09:01:25', '2026-02-03 09:01:25'),
(1201, 59, '6282244840467', 10, '2026-02-03 09:02:39', '2026-02-03 09:02:39', '2026-02-03 09:02:39', 'system', 'open', NULL, NULL, 1, NULL, NULL, 1, '2026-02-03 09:02:39', '2026-02-03 09:02:39'),
(1202, 59, '62882010025749', 7, '2026-02-03 09:09:05', '2026-02-03 09:09:05', '2026-02-03 09:09:05', 'system', 'open', NULL, NULL, 1, NULL, NULL, 1, '2026-02-03 09:09:05', '2026-02-03 09:09:05'),
(1203, 59, '6285236681479', 9, '2026-02-03 09:14:33', '2026-02-03 15:35:09', '2026-02-03 15:35:09', 'system', 'open', 'customer', NULL, 1, NULL, NULL, 1, '2026-02-03 09:14:33', '2026-02-03 15:35:09'),
(1204, 59, '6282229332184', 8, '2026-02-03 09:18:03', '2026-02-03 09:18:03', '2026-02-03 09:18:03', 'system', 'open', NULL, NULL, 1, NULL, NULL, 1, '2026-02-03 09:18:03', '2026-02-03 09:18:03'),
(1205, 59, '6282131343820', 10, '2026-02-03 09:24:19', '2026-02-03 09:26:33', '2026-02-03 09:26:33', 'system', 'open', 'customer', NULL, 1, NULL, NULL, 1, '2026-02-03 09:24:19', '2026-02-03 09:26:33'),
(1206, 59, '6285731504801', 7, '2026-02-03 09:24:21', '2026-02-03 09:32:15', '2026-02-03 09:32:15', 'system', 'open', 'customer', NULL, 1, NULL, NULL, 1, '2026-02-03 09:24:21', '2026-02-03 09:32:15'),
(1207, 59, '6285231204113', 9, '2026-02-03 09:24:23', '2026-02-03 12:49:12', '2026-02-03 12:17:59', 'system', 'open', 'customer', NULL, 1, NULL, NULL, 1, '2026-02-03 09:24:23', '2026-02-03 12:49:12'),
(1208, 59, '6285263815040', 8, '2026-02-03 09:24:25', '2026-02-03 09:49:03', '2026-02-03 09:49:03', 'system', 'open', 'customer', NULL, 1, NULL, NULL, 1, '2026-02-03 09:24:25', '2026-02-03 09:49:03'),
(1209, 59, '6289681051905', 10, '2026-02-03 09:24:27', '2026-02-03 09:29:45', '2026-02-03 09:29:45', 'system', 'open', 'customer', NULL, 1, NULL, NULL, 1, '2026-02-03 09:24:27', '2026-02-03 09:29:45'),
(1210, 59, '6287754970902', 7, '2026-02-03 09:24:28', '2026-02-03 09:25:04', '2026-02-03 09:25:04', 'system', 'open', 'customer', NULL, 1, NULL, NULL, 1, '2026-02-03 09:24:28', '2026-02-03 09:25:04'),
(1211, 59, '6282232977055', 9, '2026-02-03 09:24:31', '2026-02-03 09:26:26', '2026-02-03 09:26:26', 'system', 'open', 'customer', NULL, 1, NULL, NULL, 1, '2026-02-03 09:24:31', '2026-02-03 09:26:26'),
(1212, 59, '6281775443639', 8, '2026-02-03 09:24:32', '2026-02-03 09:36:07', '2026-02-03 09:36:07', 'system', 'open', 'customer', NULL, 1, NULL, NULL, 1, '2026-02-03 09:24:32', '2026-02-03 09:36:07'),
(1213, 59, '6285804011958', 10, '2026-02-03 09:24:35', '2026-02-03 09:24:54', '2026-02-03 09:24:54', 'system', 'open', 'customer', NULL, 1, NULL, NULL, 1, '2026-02-03 09:24:35', '2026-02-03 09:24:54'),
(1214, 59, '6281234559223', 7, '2026-02-03 09:24:36', '2026-02-03 09:42:39', '2026-02-03 09:42:39', 'system', 'open', 'customer', NULL, 1, NULL, NULL, 1, '2026-02-03 09:24:36', '2026-02-03 09:42:39'),
(1215, 59, '6285156244723', 9, '2026-02-03 09:24:39', '2026-02-03 09:24:39', '2026-02-03 09:24:39', 'system', 'open', NULL, NULL, 1, NULL, NULL, 1, '2026-02-03 09:24:39', '2026-02-03 09:24:39'),
(1216, 59, '6289630563270', 8, '2026-02-03 09:24:41', '2026-02-03 09:33:13', '2026-02-03 09:33:13', 'system', 'open', 'customer', NULL, 1, NULL, NULL, 1, '2026-02-03 09:24:41', '2026-02-03 09:33:13'),
(1217, 59, '6285645895024', 10, '2026-02-03 09:24:43', '2026-02-03 14:09:40', '2026-02-03 13:07:23', 'system', 'open', 'customer', NULL, 1, NULL, NULL, 1, '2026-02-03 09:24:43', '2026-02-03 14:09:40'),
(1218, 59, '6285784644759', 7, '2026-02-03 09:24:44', '2026-02-03 11:46:46', '2026-02-03 11:40:47', 'system', 'open', 'customer', NULL, 1, NULL, NULL, 1, '2026-02-03 09:24:44', '2026-02-03 11:46:46'),
(1219, 59, '6283834267991', 9, '2026-02-03 09:24:46', '2026-02-03 12:33:25', '2026-02-03 12:33:25', 'system', 'open', 'customer', NULL, 1, NULL, NULL, 1, '2026-02-03 09:24:46', '2026-02-03 12:33:25'),
(1220, 59, '6282140550526', 8, '2026-02-03 09:25:24', '2026-02-03 09:25:24', '2026-02-03 09:25:24', 'system', 'open', NULL, NULL, 1, NULL, NULL, 1, '2026-02-03 09:25:24', '2026-02-03 09:25:24'),
(1221, 59, '6285733307093', 10, '2026-02-03 09:26:12', '2026-02-03 09:26:12', '2026-02-03 09:26:12', 'system', 'open', NULL, NULL, 1, NULL, NULL, 1, '2026-02-03 09:26:12', '2026-02-03 09:26:12'),
(1222, 59, '62895351537184', 7, '2026-02-03 09:29:36', '2026-02-03 14:54:47', '2026-02-03 10:33:33', 'system', 'open', 'customer', NULL, 1, NULL, NULL, 1, '2026-02-03 09:29:36', '2026-02-03 14:54:47'),
(1223, 59, '6285856106361', 9, '2026-02-03 09:29:39', '2026-02-03 09:29:39', '2026-02-03 09:29:39', 'system', 'open', NULL, NULL, 1, NULL, NULL, 1, '2026-02-03 09:29:39', '2026-02-03 09:29:39'),
(1224, 59, '6282213252557', 8, '2026-02-03 09:29:40', '2026-02-03 09:35:58', '2026-02-03 09:35:58', 'system', 'open', 'customer', NULL, 1, NULL, NULL, 1, '2026-02-03 09:29:40', '2026-02-03 09:35:58'),
(1225, 59, '6285892139890', 10, '2026-02-03 09:29:43', '2026-02-03 09:32:11', '2026-02-03 09:32:11', 'system', 'open', 'customer', NULL, 1, NULL, NULL, 1, '2026-02-03 09:29:43', '2026-02-03 09:32:11'),
(1226, 59, '6282231058229', 7, '2026-02-03 09:29:45', '2026-02-03 15:15:37', '2026-02-03 10:48:08', 'system', 'open', 'customer', NULL, 1, NULL, NULL, 1, '2026-02-03 09:29:45', '2026-02-03 15:15:37'),
(1227, 59, '6281252420310', 9, '2026-02-03 09:29:47', '2026-02-03 14:25:37', '2026-02-03 14:00:25', 'system', 'open', 'customer', NULL, 1, NULL, NULL, 1, '2026-02-03 09:29:47', '2026-02-03 14:25:37'),
(1228, 59, '6283115318703', 8, '2026-02-03 09:29:48', '2026-02-03 09:36:11', '2026-02-03 09:36:11', 'system', 'open', 'customer', NULL, 1, NULL, NULL, 1, '2026-02-03 09:29:48', '2026-02-03 09:36:11'),
(1229, 59, '6285806965485', 10, '2026-02-03 09:29:53', '2026-02-03 09:29:53', '2026-02-03 09:29:53', 'system', 'open', NULL, NULL, 1, NULL, NULL, 1, '2026-02-03 09:29:53', '2026-02-03 09:29:53'),
(1230, 59, '6281428779860', 7, '2026-02-03 09:29:54', '2026-02-03 09:29:54', '2026-02-03 09:29:54', 'system', 'open', NULL, NULL, 1, NULL, NULL, 1, '2026-02-03 09:29:54', '2026-02-03 09:29:54'),
(1231, 59, '6282338406570', 9, '2026-02-03 09:29:57', '2026-02-03 09:29:57', '2026-02-03 09:29:57', 'system', 'open', NULL, NULL, 1, NULL, NULL, 1, '2026-02-03 09:29:57', '2026-02-03 09:29:57'),
(1232, 59, '6281330967485', 8, '2026-02-03 09:29:58', '2026-02-03 14:59:18', '2026-02-03 10:37:28', 'system', 'open', 'customer', NULL, 1, NULL, NULL, 1, '2026-02-03 09:29:58', '2026-02-03 14:59:18'),
(1233, 59, '6289517245981', 10, '2026-02-03 09:30:00', '2026-02-03 09:58:09', '2026-02-03 09:58:09', 'system', 'open', 'customer', NULL, 1, NULL, NULL, 1, '2026-02-03 09:30:00', '2026-02-03 09:58:09'),
(1234, 59, '6281555694351', 7, '2026-02-03 09:30:03', '2026-02-03 09:41:50', '2026-02-03 09:41:50', 'system', 'open', 'customer', NULL, 1, NULL, NULL, 1, '2026-02-03 09:30:03', '2026-02-03 09:41:50'),
(1235, 59, '6287775489777', 9, '2026-02-03 09:30:04', '2026-02-03 09:30:04', '2026-02-03 09:30:04', 'system', 'open', NULL, NULL, 1, NULL, NULL, 1, '2026-02-03 09:30:04', '2026-02-03 09:30:04'),
(1236, 59, '6287773030940', 8, '2026-02-03 09:30:06', '2026-02-03 09:30:06', '2026-02-03 09:30:06', 'system', 'open', NULL, NULL, 1, NULL, NULL, 1, '2026-02-03 09:30:06', '2026-02-03 09:30:06'),
(1237, 59, '6281329464593', 10, '2026-02-03 09:30:10', '2026-02-03 09:30:10', '2026-02-03 09:30:10', 'system', 'open', NULL, NULL, 1, NULL, NULL, 1, '2026-02-03 09:30:10', '2026-02-03 09:30:10'),
(1238, 59, '6285855073662', 7, '2026-02-03 09:30:13', '2026-02-03 11:51:29', '2026-02-03 11:20:28', 'system', 'open', 'customer', NULL, 1, NULL, NULL, 1, '2026-02-03 09:30:13', '2026-02-03 11:51:29'),
(1239, 59, '628560666598', 9, '2026-02-03 09:30:14', '2026-02-03 09:30:14', '2026-02-03 09:30:14', 'system', 'open', NULL, NULL, 1, NULL, NULL, 1, '2026-02-03 09:30:14', '2026-02-03 09:30:14'),
(1240, 59, '6285230497854', 8, '2026-02-03 09:30:17', '2026-02-03 12:11:28', '2026-02-03 12:11:28', 'system', 'open', 'customer', NULL, 1, NULL, NULL, 1, '2026-02-03 09:30:17', '2026-02-03 12:11:28'),
(1241, 59, '6287874243055', 10, '2026-02-03 09:30:21', '2026-02-03 09:31:39', '2026-02-03 09:31:39', 'system', 'open', 'customer', NULL, 1, NULL, NULL, 1, '2026-02-03 09:30:21', '2026-02-03 09:31:39'),
(1242, 59, '628133134353', 7, '2026-02-03 09:30:22', '2026-02-03 15:01:26', '2026-02-03 15:01:26', 'system', 'open', 'customer', NULL, 1, NULL, NULL, 1, '2026-02-03 09:30:22', '2026-02-03 15:01:26'),
(1243, 59, '6285850448473', 9, '2026-02-03 09:30:24', '2026-02-03 09:30:24', '2026-02-03 09:30:24', 'system', 'open', NULL, NULL, 1, NULL, NULL, 1, '2026-02-03 09:30:24', '2026-02-03 09:30:24'),
(1244, 59, '6282231152037', 8, '2026-02-03 09:30:27', '2026-02-03 09:31:09', '2026-02-03 09:31:09', 'system', 'open', 'customer', NULL, 1, NULL, NULL, 1, '2026-02-03 09:30:27', '2026-02-03 09:31:09'),
(1245, 59, '6281326015604', 10, '2026-02-03 09:30:29', '2026-02-03 11:23:24', '2026-02-03 11:09:11', 'system', 'open', 'customer', NULL, 1, NULL, NULL, 1, '2026-02-03 09:30:29', '2026-02-03 11:23:24'),
(1246, 59, '6285695804627', 7, '2026-02-03 09:30:33', '2026-02-03 09:37:38', '2026-02-03 09:37:38', 'system', 'open', 'customer', NULL, 1, NULL, NULL, 1, '2026-02-03 09:30:33', '2026-02-03 09:37:38'),
(1247, 59, '6285784256015', 9, '2026-02-03 09:30:35', '2026-02-03 09:30:35', '2026-02-03 09:30:35', 'system', 'open', NULL, NULL, 1, NULL, NULL, 1, '2026-02-03 09:30:35', '2026-02-03 09:30:35'),
(1248, 59, '6285755673175', 8, '2026-02-03 09:30:36', '2026-02-03 09:30:36', '2026-02-03 09:30:36', 'system', 'open', NULL, NULL, 1, NULL, NULL, 1, '2026-02-03 09:30:36', '2026-02-03 09:30:36'),
(1249, 59, '6287890804733', 10, '2026-02-03 09:30:39', '2026-02-03 10:55:11', '2026-02-03 09:34:31', 'system', 'open', 'customer', NULL, 1, NULL, NULL, 1, '2026-02-03 09:30:39', '2026-02-03 10:55:11'),
(1250, 37, '6285939895532', NULL, NULL, '2026-02-03 09:41:35', '2026-02-03 09:41:35', 'system', 'open', 'customer', NULL, 1, NULL, NULL, 1, '2026-02-03 09:40:58', '2026-02-03 09:41:35'),
(1251, 59, '6285606669598', 7, '2026-02-03 09:41:35', '2026-02-03 15:25:00', '2026-02-03 15:25:00', 'system', 'open', 'customer', NULL, 1, NULL, NULL, 1, '2026-02-03 09:41:35', '2026-02-03 15:25:00'),
(1252, 59, '6285850499351', 9, '2026-02-03 09:46:47', '2026-02-03 09:46:58', '2026-02-03 09:46:58', 'system', 'open', 'customer', NULL, 1, NULL, NULL, 1, '2026-02-03 09:46:47', '2026-02-03 09:46:58'),
(1253, 59, '6281216537515', 8, '2026-02-03 09:47:22', '2026-02-03 09:47:22', '2026-02-03 09:47:22', 'system', 'open', NULL, NULL, 1, NULL, NULL, 1, '2026-02-03 09:47:22', '2026-02-03 09:47:22'),
(1254, 59, '6285790949787', 10, '2026-02-03 09:47:33', '2026-02-03 09:47:33', '2026-02-03 09:47:33', 'system', 'open', NULL, NULL, 1, NULL, NULL, 1, '2026-02-03 09:47:33', '2026-02-03 09:47:33'),
(1255, 59, '6285850425799', 7, '2026-02-03 09:49:24', '2026-02-03 15:21:35', '2026-02-03 15:21:35', 'system', 'open', 'customer', NULL, 1, NULL, NULL, 1, '2026-02-03 09:49:23', '2026-02-03 15:21:35'),
(1256, 59, '6285732746052', 9, '2026-02-03 09:55:05', '2026-02-03 15:22:02', '2026-02-03 15:22:02', 'system', 'open', 'customer', NULL, 1, NULL, NULL, 1, '2026-02-03 09:55:05', '2026-02-03 15:22:02'),
(1257, 59, '6287731972034', 8, '2026-02-03 10:00:30', '2026-02-03 10:00:30', '2026-02-03 10:00:30', 'system', 'open', NULL, NULL, 1, NULL, NULL, 1, '2026-02-03 10:00:30', '2026-02-03 10:00:30'),
(1258, 59, '6285935366708', 10, '2026-02-03 10:00:58', '2026-02-03 14:06:59', '2026-02-03 13:54:23', 'system', 'open', 'customer', NULL, 1, NULL, NULL, 1, '2026-02-03 10:00:58', '2026-02-03 14:06:59'),
(1259, 59, '6285189790668', 7, '2026-02-03 10:01:58', '2026-02-03 10:01:58', '2026-02-03 10:01:58', 'system', 'open', NULL, NULL, 1, NULL, NULL, 1, '2026-02-03 10:01:58', '2026-02-03 10:01:58'),
(1260, 59, '6281328779860', 9, '2026-02-03 10:03:39', '2026-02-03 10:03:39', '2026-02-03 10:03:39', 'system', 'open', NULL, NULL, 1, NULL, NULL, 1, '2026-02-03 10:03:39', '2026-02-03 10:03:39'),
(1261, 59, '6282232377605', 8, '2026-02-03 10:06:06', '2026-02-03 10:06:06', '2026-02-03 10:06:06', 'system', 'open', NULL, NULL, 1, NULL, NULL, 1, '2026-02-03 10:06:06', '2026-02-03 10:06:06'),
(1262, 59, '6285850416500', 10, '2026-02-03 10:07:43', '2026-02-03 10:08:25', '2026-02-03 10:08:25', 'system', 'open', 'customer', NULL, 1, NULL, NULL, 1, '2026-02-03 10:07:43', '2026-02-03 10:08:25'),
(1263, 12, '6281313291082', NULL, NULL, '2026-02-03 11:54:32', '2026-02-03 11:54:32', 'system', 'open', 'customer', NULL, 1, NULL, NULL, 1, '2026-02-03 10:08:30', '2026-02-03 11:54:32'),
(1264, 12, '6283826771226', NULL, NULL, '2026-02-03 11:54:42', '2026-02-03 11:54:42', 'system', 'open', 'customer', NULL, 1, NULL, NULL, 1, '2026-02-03 10:08:31', '2026-02-03 11:54:42'),
(1265, 12, '6281617894668', NULL, NULL, '2026-02-03 11:54:27', '2026-02-03 11:54:27', 'system', 'open', 'customer', NULL, 1, NULL, NULL, 1, '2026-02-03 10:08:34', '2026-02-03 11:54:27'),
(1266, 12, '6281564927093', NULL, NULL, '2026-02-03 11:54:30', '2026-02-03 11:54:30', 'system', 'open', 'customer', NULL, 1, NULL, NULL, 1, '2026-02-03 10:08:36', '2026-02-03 11:54:30'),
(1267, 12, '6281511939193', NULL, NULL, '2026-02-03 10:08:37', '2026-02-03 10:08:37', 'system', 'open', NULL, NULL, 1, NULL, NULL, 1, '2026-02-03 10:08:37', '2026-02-03 10:08:37'),
(1268, 12, '6281285693391', NULL, NULL, '2026-02-03 10:08:40', '2026-02-03 10:08:40', 'system', 'open', NULL, NULL, 1, NULL, NULL, 1, '2026-02-03 10:08:40', '2026-02-03 10:08:40'),
(1269, 12, '6285891038929', NULL, NULL, '2026-02-03 10:08:41', '2026-02-03 10:08:41', 'system', 'open', NULL, NULL, 1, NULL, NULL, 1, '2026-02-03 10:08:41', '2026-02-03 10:08:41'),
(1270, 12, '6283806200249', NULL, NULL, '2026-02-03 11:54:13', '2026-02-03 11:54:13', 'system', 'open', 'customer', NULL, 1, NULL, NULL, 1, '2026-02-03 10:08:44', '2026-02-03 11:54:13'),
(1271, 12, '6285719130996', NULL, NULL, '2026-02-03 11:54:12', '2026-02-03 11:54:12', 'system', 'open', 'customer', NULL, 1, NULL, NULL, 1, '2026-02-03 10:08:46', '2026-02-03 11:54:12'),
(1272, 12, '6285739373937', NULL, NULL, '2026-02-03 11:54:18', '2026-02-03 11:54:18', 'system', 'open', 'customer', NULL, 1, NULL, NULL, 1, '2026-02-03 10:08:48', '2026-02-03 11:54:18'),
(1273, 12, '6285876044584', NULL, NULL, '2026-02-03 11:54:25', '2026-02-03 11:54:25', 'system', 'open', 'customer', NULL, 1, NULL, NULL, 1, '2026-02-03 10:08:49', '2026-02-03 11:54:25'),
(1274, 12, '6285694354476', NULL, NULL, '2026-02-03 11:54:16', '2026-02-03 11:54:16', 'system', 'open', 'customer', NULL, 1, NULL, NULL, 1, '2026-02-03 10:08:54', '2026-02-03 11:54:16'),
(1275, 12, '6285872118238', NULL, NULL, '2026-02-03 10:08:56', '2026-02-03 10:08:56', 'system', 'open', NULL, NULL, 1, NULL, NULL, 1, '2026-02-03 10:08:56', '2026-02-03 10:08:56'),
(1276, 12, '6281389202844', NULL, NULL, '2026-02-03 10:08:58', '2026-02-03 10:08:58', 'system', 'open', NULL, NULL, 1, NULL, NULL, 1, '2026-02-03 10:08:58', '2026-02-03 10:08:58'),
(1277, 12, '6287725224267', NULL, NULL, '2026-02-03 10:08:59', '2026-02-03 10:08:59', 'system', 'open', NULL, NULL, 1, NULL, NULL, 1, '2026-02-03 10:08:59', '2026-02-03 10:08:59'),
(1278, 12, '6285246175076', NULL, NULL, '2026-02-03 11:54:33', '2026-02-03 11:54:33', 'system', 'open', 'customer', NULL, 1, NULL, NULL, 1, '2026-02-03 10:09:02', '2026-02-03 11:54:33'),
(1279, 12, '6285811666610', NULL, NULL, '2026-02-03 10:09:06', '2026-02-03 10:09:06', 'system', 'open', NULL, NULL, 1, NULL, NULL, 1, '2026-02-03 10:09:06', '2026-02-03 10:09:06'),
(1280, 12, '6289502632398', NULL, NULL, '2026-02-03 10:09:08', '2026-02-03 10:09:08', 'system', 'open', NULL, NULL, 1, NULL, NULL, 1, '2026-02-03 10:09:08', '2026-02-03 10:09:08'),
(1281, 12, '6289506112887', NULL, NULL, '2026-02-03 11:54:23', '2026-02-03 11:54:23', 'system', 'open', 'customer', NULL, 1, NULL, NULL, 1, '2026-02-03 10:09:09', '2026-02-03 11:54:23'),
(1282, 12, '6282117613202', NULL, NULL, '2026-02-03 11:54:19', '2026-02-03 11:54:19', 'system', 'open', 'customer', NULL, 1, NULL, NULL, 1, '2026-02-03 10:09:12', '2026-02-03 11:54:19'),
(1283, 12, '6282111221343', NULL, NULL, '2026-02-03 11:54:22', '2026-02-03 11:54:22', 'system', 'open', 'customer', NULL, 1, NULL, NULL, 1, '2026-02-03 10:09:13', '2026-02-03 11:54:22'),
(1284, 59, '6281217182183', 7, '2026-02-03 10:09:16', '2026-02-03 14:14:28', '2026-02-03 14:14:28', 'system', 'open', 'customer', NULL, 1, NULL, NULL, 1, '2026-02-03 10:09:16', '2026-02-03 14:14:28'),
(1285, 12, '6289767735112', NULL, NULL, '2026-02-03 11:54:35', '2026-02-03 11:54:35', 'system', 'open', 'customer', NULL, 1, NULL, NULL, 1, '2026-02-03 10:09:16', '2026-02-03 11:54:35'),
(1286, 12, '6285817867032', NULL, NULL, '2026-02-03 11:54:39', '2026-02-03 11:54:39', 'system', 'open', 'customer', NULL, 1, NULL, NULL, 1, '2026-02-03 10:09:18', '2026-02-03 11:54:39'),
(1287, 12, '6289647534773', NULL, NULL, '2026-02-03 11:54:37', '2026-02-03 11:54:37', 'system', 'open', 'customer', NULL, 1, NULL, NULL, 1, '2026-02-03 10:09:19', '2026-02-03 11:54:37'),
(1288, 12, '6281565437890', NULL, NULL, '2026-02-03 10:09:22', '2026-02-03 10:09:22', 'system', 'open', NULL, NULL, 1, NULL, NULL, 1, '2026-02-03 10:09:22', '2026-02-03 10:09:22'),
(1289, 12, '6285659412352', NULL, NULL, '2026-02-03 10:09:24', '2026-02-03 10:09:24', 'system', 'open', NULL, NULL, 1, NULL, NULL, 1, '2026-02-03 10:09:24', '2026-02-03 10:09:24'),
(1290, 59, '6287877204402', 9, '2026-02-03 10:13:19', '2026-02-03 15:19:11', '2026-02-03 10:13:19', 'system', 'open', NULL, NULL, 1, NULL, NULL, 1, '2026-02-03 10:13:19', '2026-02-03 15:19:11'),
(1291, 59, '6282235063154', 8, '2026-02-03 10:14:35', '2026-02-03 15:17:21', '2026-02-03 10:14:35', 'system', 'open', NULL, NULL, 1, NULL, NULL, 1, '2026-02-03 10:14:35', '2026-02-03 15:17:21'),
(1292, 59, '6282258979831', 10, '2026-02-03 10:22:18', '2026-02-03 10:22:18', '2026-02-03 10:22:18', 'system', 'open', NULL, NULL, 1, NULL, NULL, 1, '2026-02-03 10:22:18', '2026-02-03 10:22:18'),
(1293, 59, '6282331507028', 7, '2026-02-03 10:22:20', '2026-02-03 14:56:05', '2026-02-03 10:23:35', 'system', 'open', 'customer', NULL, 1, NULL, NULL, 1, '2026-02-03 10:22:20', '2026-02-03 14:56:05'),
(1294, 59, '6281316592520', 9, '2026-02-03 10:22:21', '2026-02-03 10:22:21', '2026-02-03 10:22:21', 'system', 'open', NULL, NULL, 1, NULL, NULL, 1, '2026-02-03 10:22:21', '2026-02-03 10:22:21'),
(1295, 59, '6285258995446', 8, '2026-02-03 10:22:24', '2026-02-03 14:14:01', '2026-02-03 14:14:01', 'system', 'open', 'customer', NULL, 1, NULL, NULL, 1, '2026-02-03 10:22:24', '2026-02-03 14:14:01'),
(1296, 59, '6287859482566', 10, '2026-02-03 10:22:26', '2026-02-03 14:31:47', '2026-02-03 14:31:47', 'system', 'open', 'customer', NULL, 1, NULL, NULL, 1, '2026-02-03 10:22:26', '2026-02-03 14:31:47'),
(1297, 59, '6281218177703', 7, '2026-02-03 10:22:28', '2026-02-03 10:22:28', '2026-02-03 10:22:28', 'system', 'open', NULL, NULL, 1, NULL, NULL, 1, '2026-02-03 10:22:28', '2026-02-03 10:22:28'),
(1298, 59, '6282335592199', 9, '2026-02-03 10:22:30', '2026-02-03 10:22:30', '2026-02-03 10:22:30', 'system', 'open', NULL, NULL, 1, NULL, NULL, 1, '2026-02-03 10:22:30', '2026-02-03 10:22:30'),
(1299, 59, '6282261350489', 8, '2026-02-03 10:22:32', '2026-02-03 14:13:24', '2026-02-03 14:13:25', 'system', 'open', 'customer', NULL, 1, NULL, NULL, 1, '2026-02-03 10:22:32', '2026-02-03 14:13:25'),
(1300, 59, '6281931006200', 10, '2026-02-03 10:22:34', '2026-02-03 10:22:34', '2026-02-03 10:22:34', 'system', 'open', NULL, NULL, 1, NULL, NULL, 1, '2026-02-03 10:22:34', '2026-02-03 10:22:34'),
(1301, 59, '6283857549647', 7, '2026-02-03 10:22:36', '2026-02-03 15:18:48', '2026-02-03 15:18:48', 'system', 'open', 'customer', NULL, 1, NULL, NULL, 1, '2026-02-03 10:22:36', '2026-02-03 15:18:48'),
(1302, 59, '6285334873981', 9, '2026-02-03 10:22:38', '2026-02-03 14:16:26', '2026-02-03 13:22:57', 'system', 'open', 'customer', NULL, 1, NULL, NULL, 1, '2026-02-03 10:22:38', '2026-02-03 14:16:26'),
(1303, 59, '6281548391998', 8, '2026-02-03 10:28:29', '2026-02-03 14:51:21', '2026-02-03 10:28:29', 'system', 'open', NULL, NULL, 1, NULL, NULL, 1, '2026-02-03 10:28:29', '2026-02-03 14:51:21'),
(1304, 59, '6281326577816', 10, '2026-02-03 10:28:36', '2026-02-03 12:09:39', '2026-02-03 10:28:36', 'system', 'open', NULL, NULL, 1, NULL, NULL, 1, '2026-02-03 10:28:36', '2026-02-03 12:09:39'),
(1305, 59, '6282334646277', 7, '2026-02-03 10:41:43', '2026-02-03 15:26:37', '2026-02-03 15:26:37', 'system', 'open', 'customer', NULL, 1, NULL, NULL, 1, '2026-02-03 10:41:43', '2026-02-03 15:26:37'),
(1306, 37, '6285366179386', NULL, NULL, '2026-02-03 10:42:40', '2026-02-03 10:42:40', 'system', 'open', NULL, NULL, 1, NULL, NULL, 1, '2026-02-03 10:42:40', '2026-02-03 10:42:40'),
(1307, 59, '6282234035763', 9, '2026-02-03 10:44:17', '2026-02-03 15:14:46', '2026-02-03 10:44:17', 'system', 'open', NULL, NULL, 1, NULL, NULL, 1, '2026-02-03 10:44:17', '2026-02-03 15:14:46'),
(1308, 59, '6285784628216', 8, '2026-02-03 10:49:59', '2026-02-03 14:09:23', '2026-02-03 14:09:23', 'system', 'open', 'customer', NULL, 1, NULL, NULL, 1, '2026-02-03 10:49:59', '2026-02-03 14:09:23'),
(1309, 59, '6282131007334', 10, '2026-02-03 10:50:50', '2026-02-03 15:12:08', '2026-02-03 15:12:08', 'system', 'open', 'customer', NULL, 1, NULL, NULL, 1, '2026-02-03 10:50:50', '2026-02-03 15:12:08'),
(1310, 59, '6282135416721', 7, '2026-02-03 10:51:22', '2026-02-03 15:15:50', '2026-02-03 10:51:22', 'system', 'open', NULL, NULL, 1, NULL, NULL, 1, '2026-02-03 10:51:22', '2026-02-03 15:15:50'),
(1311, 59, '6281237156645', 9, '2026-02-03 10:51:28', '2026-02-03 14:25:22', '2026-02-03 13:53:26', 'system', 'open', 'customer', NULL, 1, NULL, NULL, 1, '2026-02-03 10:51:28', '2026-02-03 14:25:22'),
(1312, 59, '6282243363336', 8, '2026-02-03 10:52:29', '2026-02-03 13:43:39', '2026-02-03 12:47:18', 'system', 'open', 'customer', NULL, 1, NULL, NULL, 1, '2026-02-03 10:52:29', '2026-02-03 13:43:39'),
(1313, 59, '6281450258940', 10, '2026-02-03 10:53:19', '2026-02-03 14:14:27', '2026-02-03 13:14:17', 'system', 'open', 'customer', NULL, 1, NULL, NULL, 1, '2026-02-03 10:53:19', '2026-02-03 14:14:27'),
(1314, 59, '6287851914188', 7, '2026-02-03 10:53:39', '2026-02-03 15:37:47', '2026-02-03 15:37:47', 'system', 'open', 'customer', NULL, 1, NULL, NULL, 1, '2026-02-03 10:53:39', '2026-02-03 15:37:47'),
(1315, 59, '6281995751240', 9, '2026-02-03 10:58:36', '2026-02-03 14:43:49', '2026-02-03 14:43:49', 'system', 'open', 'customer', NULL, 1, NULL, NULL, 1, '2026-02-03 10:58:36', '2026-02-03 14:43:49'),
(1316, 59, '6285812569811', 8, '2026-02-03 10:59:53', '2026-02-03 14:13:16', '2026-02-03 14:13:16', 'system', 'open', 'customer', NULL, 1, NULL, NULL, 1, '2026-02-03 10:59:53', '2026-02-03 14:13:16'),
(1317, 59, '6285649460812', 10, '2026-02-03 11:02:29', '2026-02-03 12:11:35', '2026-02-03 11:29:04', 'system', 'open', 'customer', NULL, 1, NULL, NULL, 1, '2026-02-03 11:02:29', '2026-02-03 12:11:35'),
(1318, 59, '6285649667102', 7, '2026-02-03 11:10:14', '2026-02-03 12:49:28', '2026-02-03 12:18:49', 'system', 'open', 'customer', NULL, 1, NULL, NULL, 1, '2026-02-03 11:10:14', '2026-02-03 12:49:28'),
(1319, 59, '6281234810366', 9, '2026-02-03 11:10:15', '2026-02-03 11:30:53', '2026-02-03 11:14:27', 'system', 'open', 'customer', NULL, 1, NULL, NULL, 1, '2026-02-03 11:10:15', '2026-02-03 11:30:53'),
(1320, 59, '6282257765766', 8, '2026-02-03 11:10:16', '2026-02-03 11:26:48', '2026-02-03 11:13:18', 'system', 'open', 'customer', NULL, 1, NULL, NULL, 1, '2026-02-03 11:10:16', '2026-02-03 11:26:48'),
(1321, 59, '6285645850726', 10, '2026-02-03 11:10:19', '2026-02-03 11:10:19', '2026-02-03 11:10:19', 'system', 'open', NULL, NULL, 1, NULL, NULL, 1, '2026-02-03 11:10:19', '2026-02-03 11:10:19'),
(1322, 59, '6281515330433', 7, '2026-02-03 11:10:20', '2026-02-03 13:18:34', '2026-02-03 12:41:27', 'system', 'open', 'customer', NULL, 1, NULL, NULL, 1, '2026-02-03 11:10:20', '2026-02-03 13:18:34'),
(1323, 59, '6281333320017', 9, '2026-02-03 11:10:22', '2026-02-03 11:24:18', '2026-02-03 11:12:24', 'system', 'open', 'customer', NULL, 1, NULL, NULL, 1, '2026-02-03 11:10:22', '2026-02-03 11:24:18'),
(1324, 59, '6285784767674', 8, '2026-02-03 11:10:25', '2026-02-03 11:10:25', '2026-02-03 11:10:25', 'system', 'open', NULL, NULL, 1, NULL, NULL, 1, '2026-02-03 11:10:25', '2026-02-03 11:10:25'),
(1325, 59, '6281554435179', 10, '2026-02-03 11:10:26', '2026-02-03 11:52:17', '2026-02-03 11:21:00', 'system', 'open', 'customer', NULL, 1, NULL, NULL, 1, '2026-02-03 11:10:26', '2026-02-03 11:52:17'),
(1326, 59, '6281235143121', 7, '2026-02-03 11:10:28', '2026-02-03 16:10:56', '2026-02-03 16:10:56', 'system', 'open', 'customer', NULL, 1, NULL, NULL, 1, '2026-02-03 11:10:28', '2026-02-03 16:10:56'),
(1327, 59, '6285156830793', 9, '2026-02-03 11:10:30', '2026-02-03 14:24:12', '2026-02-03 13:45:33', 'system', 'open', 'customer', NULL, 1, NULL, NULL, 1, '2026-02-03 11:10:30', '2026-02-03 14:24:12'),
(1328, 59, '6285746012586', 8, '2026-02-03 11:10:32', '2026-02-03 11:53:12', '2026-02-03 11:50:56', 'system', 'open', 'customer', NULL, 1, NULL, NULL, 1, '2026-02-03 11:10:32', '2026-02-03 11:53:12'),
(1329, 59, '6282234268421', 10, '2026-02-03 11:10:37', '2026-02-03 11:28:57', '2026-02-03 11:13:57', 'system', 'open', 'customer', NULL, 1, NULL, NULL, 1, '2026-02-03 11:10:37', '2026-02-03 11:28:57'),
(1330, 59, '6282246001927', 7, '2026-02-03 11:10:38', '2026-02-03 13:25:48', '2026-02-03 12:42:10', 'system', 'open', 'customer', NULL, 1, NULL, NULL, 1, '2026-02-03 11:10:38', '2026-02-03 13:25:48'),
(1331, 59, '6289509327291', 9, '2026-02-03 11:10:40', '2026-02-03 12:35:57', '2026-02-03 12:04:19', 'system', 'open', 'customer', NULL, 1, NULL, NULL, 1, '2026-02-03 11:10:40', '2026-02-03 12:35:57'),
(1332, 59, '6289699653581', 8, '2026-02-03 11:10:42', '2026-02-03 11:10:42', '2026-02-03 11:10:42', 'system', 'open', NULL, NULL, 1, NULL, NULL, 1, '2026-02-03 11:10:42', '2026-02-03 11:10:42'),
(1333, 59, '6281515414419', 10, '2026-02-03 11:10:44', '2026-02-03 11:26:29', '2026-02-03 11:26:29', 'system', 'open', 'customer', NULL, 1, NULL, NULL, 1, '2026-02-03 11:10:44', '2026-02-03 11:26:29'),
(1334, 59, '6285755809494', 7, '2026-02-03 11:10:47', '2026-02-03 12:55:44', '2026-02-03 12:53:13', 'system', 'open', 'customer', NULL, 1, NULL, NULL, 1, '2026-02-03 11:10:46', '2026-02-03 12:55:44'),
(1335, 59, '6285707357166', 9, '2026-02-03 11:10:48', '2026-02-03 11:10:48', '2026-02-03 11:10:48', 'system', 'open', NULL, NULL, 1, NULL, NULL, 1, '2026-02-03 11:10:48', '2026-02-03 11:10:48'),
(1336, 59, '62819516493951', 8, '2026-02-03 11:11:00', '2026-02-03 11:11:00', '2026-02-03 11:11:00', 'system', 'open', NULL, NULL, 1, NULL, NULL, 1, '2026-02-03 11:11:00', '2026-02-03 11:11:00'),
(1337, 59, '628585246178', 10, '2026-02-03 11:11:03', '2026-02-03 11:11:03', '2026-02-03 11:11:03', 'system', 'open', NULL, NULL, 1, NULL, NULL, 1, '2026-02-03 11:11:03', '2026-02-03 11:11:03'),
(1338, 59, '6281515651708', 7, '2026-02-03 11:11:04', '2026-02-03 11:11:04', '2026-02-03 11:11:04', 'system', 'open', NULL, NULL, 1, NULL, NULL, 1, '2026-02-03 11:11:04', '2026-02-03 11:11:04'),
(1339, 59, '6282334601378', 9, '2026-02-03 11:11:07', '2026-02-03 11:11:07', '2026-02-03 11:11:07', 'system', 'open', NULL, NULL, 1, NULL, NULL, 1, '2026-02-03 11:11:07', '2026-02-03 11:11:07'),
(1340, 59, '6285711636147', 8, '2026-02-03 11:11:09', '2026-02-03 11:11:09', '2026-02-03 11:11:09', 'system', 'open', NULL, NULL, 1, NULL, NULL, 1, '2026-02-03 11:11:09', '2026-02-03 11:11:09'),
(1341, 59, '6281249525034', 10, '2026-02-03 11:11:11', '2026-02-03 11:11:11', '2026-02-03 11:11:11', 'system', 'open', NULL, NULL, 1, NULL, NULL, 1, '2026-02-03 11:11:11', '2026-02-03 11:11:11'),
(1342, 59, '6282231681690', 7, '2026-02-03 11:11:12', '2026-02-03 11:12:01', '2026-02-03 11:12:01', 'system', 'open', 'customer', NULL, 1, NULL, NULL, 1, '2026-02-03 11:11:12', '2026-02-03 11:12:01'),
(1343, 59, '628563739703', 9, '2026-02-03 11:11:15', '2026-02-03 13:50:33', '2026-02-03 12:48:21', 'system', 'open', 'customer', NULL, 1, NULL, NULL, 1, '2026-02-03 11:11:15', '2026-02-03 13:50:33'),
(1344, 59, '6289636898664', 8, '2026-02-03 11:11:16', '2026-02-03 13:26:29', '2026-02-03 12:41:59', 'system', 'open', 'customer', NULL, 1, NULL, NULL, 1, '2026-02-03 11:11:16', '2026-02-03 13:26:29'),
(1345, 59, '6281553005840', 10, '2026-02-03 11:11:19', '2026-02-03 12:10:12', '2026-02-03 12:10:12', 'system', 'open', 'customer', NULL, 1, NULL, NULL, 1, '2026-02-03 11:11:19', '2026-02-03 12:10:12'),
(1346, 59, '628165412344', 7, '2026-02-03 11:11:20', '2026-02-03 12:18:27', '2026-02-03 12:18:27', 'system', 'open', 'customer', NULL, 1, NULL, NULL, 1, '2026-02-03 11:11:20', '2026-02-03 12:18:27'),
(1347, 59, '6285708544248', 9, '2026-02-03 11:11:23', '2026-02-03 13:33:29', '2026-02-03 12:43:02', 'system', 'open', 'customer', NULL, 1, NULL, NULL, 1, '2026-02-03 11:11:23', '2026-02-03 13:33:29'),
(1348, 59, '6283873581275', 8, '2026-02-03 11:11:24', '2026-02-03 11:11:24', '2026-02-03 11:11:24', 'system', 'open', NULL, NULL, 1, NULL, NULL, 1, '2026-02-03 11:11:24', '2026-02-03 11:11:24'),
(1349, 59, '6285816252074', 10, '2026-02-03 11:11:27', '2026-02-03 11:11:27', '2026-02-03 11:11:27', 'system', 'open', NULL, NULL, 1, NULL, NULL, 1, '2026-02-03 11:11:27', '2026-02-03 11:11:27'),
(1350, 59, '6288231758668', 7, '2026-02-03 11:11:28', '2026-02-03 11:11:28', '2026-02-03 11:11:28', 'system', 'open', NULL, NULL, 1, NULL, NULL, 1, '2026-02-03 11:11:28', '2026-02-03 11:11:28'),
(1351, 59, '6285784910346', 9, '2026-02-03 11:11:30', '2026-02-03 11:11:30', '2026-02-03 11:11:30', 'system', 'open', NULL, NULL, 1, NULL, NULL, 1, '2026-02-03 11:11:30', '2026-02-03 11:11:30'),
(1352, 59, '6281330151071', 8, '2026-02-03 11:11:32', '2026-02-03 11:26:11', '2026-02-03 11:13:14', 'system', 'open', 'customer', NULL, 1, NULL, NULL, 1, '2026-02-03 11:11:32', '2026-02-03 11:26:11'),
(1353, 59, '6289676525396', 10, '2026-02-03 11:11:34', '2026-02-03 11:23:46', '2026-02-03 11:12:07', 'system', 'open', 'customer', NULL, 1, NULL, NULL, 1, '2026-02-03 11:11:34', '2026-02-03 11:23:46'),
(1354, 59, '6281217641461', 7, '2026-02-03 11:11:38', '2026-02-03 11:11:38', '2026-02-03 11:11:38', 'system', 'open', NULL, NULL, 1, NULL, NULL, 1, '2026-02-03 11:11:38', '2026-02-03 11:11:38'),
(1355, 59, '6282147453304', 9, '2026-02-03 11:11:41', '2026-02-03 11:11:41', '2026-02-03 11:11:41', 'system', 'open', NULL, NULL, 1, NULL, NULL, 1, '2026-02-03 11:11:41', '2026-02-03 11:11:41'),
(1356, 59, '6281231199819', 8, '2026-02-03 11:11:43', '2026-02-03 11:11:43', '2026-02-03 11:11:43', 'system', 'open', NULL, NULL, 1, NULL, NULL, 1, '2026-02-03 11:11:43', '2026-02-03 11:11:43'),
(1357, 59, '6285731233298', 10, '2026-02-03 11:11:44', '2026-02-03 11:11:44', '2026-02-03 11:11:44', 'system', 'open', NULL, NULL, 1, NULL, NULL, 1, '2026-02-03 11:11:44', '2026-02-03 11:11:44'),
(1358, 59, '6281239330379', 7, '2026-02-03 11:11:47', '2026-02-03 12:34:55', '2026-02-03 12:01:48', 'system', 'open', 'customer', NULL, 1, NULL, NULL, 1, '2026-02-03 11:11:47', '2026-02-03 12:34:55'),
(1359, 59, '6281336743080', 9, '2026-02-03 11:11:48', '2026-02-03 11:11:48', '2026-02-03 11:11:48', 'system', 'open', NULL, NULL, 1, NULL, NULL, 1, '2026-02-03 11:11:48', '2026-02-03 11:11:48'),
(1360, 59, '6281235514772', 8, '2026-02-03 11:11:51', '2026-02-03 11:11:51', '2026-02-03 11:11:51', 'system', 'open', NULL, NULL, 1, NULL, NULL, 1, '2026-02-03 11:11:51', '2026-02-03 11:11:51'),
(1361, 59, '6281515676625', 10, '2026-02-03 11:11:53', '2026-02-03 11:48:38', '2026-02-03 11:15:56', 'system', 'open', 'customer', NULL, 1, NULL, NULL, 1, '2026-02-03 11:11:53', '2026-02-03 11:48:38');
INSERT INTO `chat_assignments` (`id`, `waba_pool_id`, `customer_number`, `agent_id`, `assigned_at`, `last_message_at`, `last_inbound_at`, `assigned_by`, `status`, `last_from`, `last_reply_at`, `is_locked`, `customer_name`, `notes`, `visible_to_client`, `created_at`, `updated_at`) VALUES
(1362, 59, '6282397117337', 7, '2026-02-03 11:11:55', '2026-02-03 11:11:55', '2026-02-03 11:11:55', 'system', 'open', NULL, NULL, 1, NULL, NULL, 1, '2026-02-03 11:11:55', '2026-02-03 11:11:55'),
(1363, 59, '625273378505', 9, '2026-02-03 11:11:57', '2026-02-03 11:11:57', '2026-02-03 11:11:57', 'system', 'open', NULL, NULL, 1, NULL, NULL, 1, '2026-02-03 11:11:57', '2026-02-03 11:11:57'),
(1364, 59, '6285708530513', 8, '2026-02-03 11:11:59', '2026-02-03 11:11:59', '2026-02-03 11:11:59', 'system', 'open', NULL, NULL, 1, NULL, NULL, 1, '2026-02-03 11:11:59', '2026-02-03 11:11:59'),
(1365, 59, '6281233325626', 10, '2026-02-03 11:12:05', '2026-02-03 11:12:05', '2026-02-03 11:12:05', 'system', 'open', NULL, NULL, 1, NULL, NULL, 1, '2026-02-03 11:12:05', '2026-02-03 11:12:05'),
(1366, 59, '6281332867667', 7, '2026-02-03 11:12:06', '2026-02-03 11:12:06', '2026-02-03 11:12:06', 'system', 'open', NULL, NULL, 1, NULL, NULL, 1, '2026-02-03 11:12:06', '2026-02-03 11:12:06'),
(1367, 59, '6285791631886', 9, '2026-02-03 11:12:08', '2026-02-03 11:12:08', '2026-02-03 11:12:08', 'system', 'open', NULL, NULL, 1, NULL, NULL, 1, '2026-02-03 11:12:08', '2026-02-03 11:12:08'),
(1368, 59, '6285859367964', 8, '2026-02-03 11:12:11', '2026-02-03 11:12:11', '2026-02-03 11:12:11', 'system', 'open', NULL, NULL, 1, NULL, NULL, 1, '2026-02-03 11:12:11', '2026-02-03 11:12:11'),
(1369, 59, '6282232705518', 10, '2026-02-03 11:12:12', '2026-02-03 12:39:40', '2026-02-03 12:39:40', 'system', 'open', 'customer', NULL, 1, NULL, NULL, 1, '2026-02-03 11:12:12', '2026-02-03 12:39:40'),
(1370, 59, '62895321235124', 7, '2026-02-03 11:12:15', '2026-02-03 11:12:15', '2026-02-03 11:12:15', 'system', 'open', NULL, NULL, 1, NULL, NULL, 1, '2026-02-03 11:12:15', '2026-02-03 11:12:15'),
(1371, 59, '62895385297321', 9, '2026-02-03 11:13:22', '2026-02-03 13:53:53', '2026-02-03 12:22:51', 'system', 'open', 'customer', NULL, 1, NULL, NULL, 1, '2026-02-03 11:13:22', '2026-02-03 13:53:53'),
(1372, 59, '6289660212441', 8, '2026-02-03 11:23:28', '2026-02-03 12:09:52', '2026-02-03 12:09:52', 'system', 'open', 'customer', NULL, 1, NULL, NULL, 1, '2026-02-03 11:23:28', '2026-02-03 12:09:52'),
(1373, 59, '6285854978561', 10, '2026-02-03 11:31:15', '2026-02-03 13:55:45', '2026-02-03 12:55:49', 'system', 'open', 'customer', NULL, 1, NULL, NULL, 1, '2026-02-03 11:31:15', '2026-02-03 13:55:45'),
(1374, 59, '6283166463297', 7, '2026-02-03 11:44:28', '2026-02-03 14:08:40', '2026-02-03 14:08:40', 'system', 'open', 'customer', NULL, 1, NULL, NULL, 1, '2026-02-03 11:44:28', '2026-02-03 14:08:40'),
(1375, 59, '6281233684512', 9, '2026-02-03 11:46:26', '2026-02-03 14:01:26', '2026-02-03 14:01:26', 'system', 'open', 'customer', NULL, 1, NULL, NULL, 1, '2026-02-03 11:46:26', '2026-02-03 14:01:26'),
(1376, 59, '6285273378505', 8, '2026-02-03 11:46:29', '2026-02-03 12:53:13', '2026-02-03 12:21:16', 'system', 'open', 'customer', NULL, 1, NULL, NULL, 1, '2026-02-03 11:46:29', '2026-02-03 12:53:13'),
(1377, 59, '6282234808109', 10, '2026-02-03 11:47:40', '2026-02-03 14:08:31', '2026-02-03 14:08:31', 'system', 'open', 'customer', NULL, 1, NULL, NULL, 1, '2026-02-03 11:47:40', '2026-02-03 14:08:31'),
(1378, 59, '6282257560835', 7, '2026-02-03 11:52:42', '2026-02-03 14:29:49', '2026-02-03 14:29:49', 'system', 'open', 'customer', NULL, 1, NULL, NULL, 1, '2026-02-03 11:52:42', '2026-02-03 14:29:49'),
(1379, 59, '6282112670033', 9, '2026-02-03 11:54:43', '2026-02-03 11:54:43', '2026-02-03 11:54:43', 'system', 'open', NULL, NULL, 1, NULL, NULL, 1, '2026-02-03 11:54:43', '2026-02-03 11:54:43'),
(1380, 59, '6285850508660', 8, '2026-02-03 11:54:45', '2026-02-03 11:54:45', '2026-02-03 11:54:45', 'system', 'open', NULL, NULL, 1, NULL, NULL, 1, '2026-02-03 11:54:45', '2026-02-03 11:54:45'),
(1381, 59, '6285706655989', 10, '2026-02-03 11:54:48', '2026-02-03 15:01:06', '2026-02-03 15:01:06', 'system', 'open', 'customer', NULL, 1, NULL, NULL, 1, '2026-02-03 11:54:48', '2026-02-03 15:01:06'),
(1382, 59, '6282229914976', 7, '2026-02-03 11:54:50', '2026-02-03 11:54:50', '2026-02-03 11:54:50', 'system', 'open', NULL, NULL, 1, NULL, NULL, 1, '2026-02-03 11:54:50', '2026-02-03 11:54:50'),
(1383, 59, '6285219991013', 9, '2026-02-03 11:54:52', '2026-02-03 11:54:52', '2026-02-03 11:54:52', 'system', 'open', NULL, NULL, 1, NULL, NULL, 1, '2026-02-03 11:54:52', '2026-02-03 11:54:52'),
(1384, 59, '6281259400420', 8, '2026-02-03 11:54:54', '2026-02-03 13:23:54', '2026-02-03 13:21:36', 'system', 'open', 'customer', NULL, 1, NULL, NULL, 1, '2026-02-03 11:54:54', '2026-02-03 13:23:54'),
(1385, 59, '6285746210539', 10, '2026-02-03 11:54:56', '2026-02-03 11:54:56', '2026-02-03 11:54:56', 'system', 'open', NULL, NULL, 1, NULL, NULL, 1, '2026-02-03 11:54:56', '2026-02-03 11:54:56'),
(1386, 59, '6281230623834', 7, '2026-02-03 11:54:58', '2026-02-03 11:54:58', '2026-02-03 11:54:58', 'system', 'open', NULL, NULL, 1, NULL, NULL, 1, '2026-02-03 11:54:58', '2026-02-03 11:54:58'),
(1387, 59, '6285109049329', 9, '2026-02-03 11:55:00', '2026-02-03 13:31:06', '2026-02-03 12:41:35', 'system', 'open', 'customer', NULL, 1, NULL, NULL, 1, '2026-02-03 11:55:00', '2026-02-03 13:31:06'),
(1388, 59, '6281282793834', 8, '2026-02-03 11:55:02', '2026-02-03 15:06:25', '2026-02-03 15:06:25', 'system', 'open', 'customer', NULL, 1, NULL, NULL, 1, '2026-02-03 11:55:02', '2026-02-03 15:06:25'),
(1389, 59, '6289510669294', 10, '2026-02-03 11:55:03', '2026-02-03 11:55:03', '2026-02-03 11:55:03', 'system', 'open', NULL, NULL, 1, NULL, NULL, 1, '2026-02-03 11:55:03', '2026-02-03 11:55:03'),
(1390, 59, '6285785372185', 7, '2026-02-03 11:55:06', '2026-02-03 13:13:22', '2026-02-03 12:37:36', 'system', 'open', 'customer', NULL, 1, NULL, NULL, 1, '2026-02-03 11:55:06', '2026-02-03 13:13:22'),
(1391, 59, '6282333369982', 9, '2026-02-03 11:55:07', '2026-02-03 11:57:02', '2026-02-03 11:57:02', 'system', 'open', 'customer', NULL, 1, NULL, NULL, 1, '2026-02-03 11:55:07', '2026-02-03 11:57:02'),
(1392, 59, '6285190068876', 8, '2026-02-03 11:55:10', '2026-02-03 11:55:10', '2026-02-03 11:55:10', 'system', 'open', NULL, NULL, 1, NULL, NULL, 1, '2026-02-03 11:55:10', '2026-02-03 11:55:10'),
(1393, 59, '62895807408600', 10, '2026-02-03 11:55:12', '2026-02-03 11:55:12', '2026-02-03 11:55:12', 'system', 'open', NULL, NULL, 1, NULL, NULL, 1, '2026-02-03 11:55:12', '2026-02-03 11:55:12'),
(1394, 59, '6281222562220', 7, '2026-02-03 11:55:14', '2026-02-03 12:17:17', '2026-02-03 12:17:17', 'system', 'open', 'customer', NULL, 1, NULL, NULL, 1, '2026-02-03 11:55:13', '2026-02-03 12:17:17'),
(1395, 59, '6283856881193', 9, '2026-02-03 11:55:16', '2026-02-03 11:55:16', '2026-02-03 11:55:16', 'system', 'open', NULL, NULL, 1, NULL, NULL, 1, '2026-02-03 11:55:16', '2026-02-03 11:55:16'),
(1396, 59, '6283831971483', 8, '2026-02-03 11:55:17', '2026-02-03 16:14:05', '2026-02-03 16:14:05', 'system', 'open', 'customer', NULL, 1, NULL, NULL, 1, '2026-02-03 11:55:17', '2026-02-03 16:14:05'),
(1397, 59, '6285895473282', 10, '2026-02-03 11:55:20', '2026-02-03 13:10:54', '2026-02-03 12:36:35', 'system', 'open', 'customer', NULL, 1, NULL, NULL, 1, '2026-02-03 11:55:20', '2026-02-03 13:10:54'),
(1398, 59, '6281224027226', 7, '2026-02-03 11:55:22', '2026-02-03 11:55:22', '2026-02-03 11:55:22', 'system', 'open', NULL, NULL, 1, NULL, NULL, 1, '2026-02-03 11:55:22', '2026-02-03 11:55:22'),
(1399, 59, '6281249879878', 9, '2026-02-03 11:55:24', '2026-02-03 11:55:24', '2026-02-03 11:55:24', 'system', 'open', NULL, NULL, 1, NULL, NULL, 1, '2026-02-03 11:55:24', '2026-02-03 11:55:24'),
(1400, 59, '6285954542650', 8, '2026-02-03 11:55:26', '2026-02-03 14:25:16', '2026-02-03 13:52:24', 'system', 'open', 'customer', NULL, 1, NULL, NULL, 1, '2026-02-03 11:55:25', '2026-02-03 14:25:16'),
(1401, 59, '6285606205842', 10, '2026-02-03 11:55:28', '2026-02-03 11:55:28', '2026-02-03 11:55:28', 'system', 'open', NULL, NULL, 1, NULL, NULL, 1, '2026-02-03 11:55:28', '2026-02-03 11:55:28'),
(1402, 59, '6287851655520', 7, '2026-02-03 11:55:29', '2026-02-03 11:55:29', '2026-02-03 11:55:29', 'system', 'open', NULL, NULL, 1, NULL, NULL, 1, '2026-02-03 11:55:29', '2026-02-03 11:55:29'),
(1403, 59, '628164300463', 9, '2026-02-03 11:55:31', '2026-02-03 11:56:03', '2026-02-03 11:56:03', 'system', 'open', 'customer', NULL, 1, NULL, NULL, 1, '2026-02-03 11:55:31', '2026-02-03 11:56:03'),
(1404, 59, '6287704757022', 8, '2026-02-03 11:55:32', '2026-02-03 11:55:32', '2026-02-03 11:55:32', 'system', 'open', NULL, NULL, 1, NULL, NULL, 1, '2026-02-03 11:55:32', '2026-02-03 11:55:32'),
(1405, 59, '6281334631650', 10, '2026-02-03 11:55:34', '2026-02-03 13:02:38', '2026-02-03 12:22:51', 'system', 'open', 'customer', NULL, 1, NULL, NULL, 1, '2026-02-03 11:55:34', '2026-02-03 13:02:38'),
(1406, 59, '6281333018033', 7, '2026-02-03 11:55:36', '2026-02-03 11:55:36', '2026-02-03 11:55:36', 'system', 'open', NULL, NULL, 1, NULL, NULL, 1, '2026-02-03 11:55:36', '2026-02-03 11:55:36'),
(1407, 59, '6283854408900', 9, '2026-02-03 12:07:48', '2026-02-03 13:10:31', '2026-02-03 13:09:14', 'system', 'open', 'customer', NULL, 1, NULL, NULL, 1, '2026-02-03 12:07:48', '2026-02-03 13:10:31'),
(1408, 59, '6282139907833', 8, '2026-02-03 12:09:29', '2026-02-03 14:19:45', '2026-02-03 14:19:45', 'system', 'open', 'customer', NULL, 1, NULL, NULL, 1, '2026-02-03 12:09:29', '2026-02-03 14:19:45'),
(1409, 59, '6282139543585', 10, '2026-02-03 12:09:48', '2026-02-03 12:11:57', '2026-02-03 12:11:57', 'system', 'open', 'customer', NULL, 1, NULL, NULL, 1, '2026-02-03 12:09:48', '2026-02-03 12:11:57'),
(1410, 59, '6281336068367', 7, '2026-02-03 12:09:51', '2026-02-03 12:43:53', '2026-02-03 12:14:23', 'system', 'open', 'customer', NULL, 1, NULL, NULL, 1, '2026-02-03 12:09:51', '2026-02-03 12:43:53'),
(1411, 59, '6285716053796', 9, '2026-02-03 12:09:55', '2026-02-03 14:17:57', '2026-02-03 14:17:57', 'system', 'open', 'customer', NULL, 1, NULL, NULL, 1, '2026-02-03 12:09:55', '2026-02-03 14:17:57'),
(1412, 59, '6282332974758', 8, '2026-02-03 12:09:59', '2026-02-03 12:52:50', '2026-02-03 12:52:34', 'system', 'open', 'customer', NULL, 1, NULL, NULL, 1, '2026-02-03 12:09:59', '2026-02-03 12:52:50'),
(1413, 59, '6282330783535', 10, '2026-02-03 12:10:01', '2026-02-03 14:09:00', '2026-02-03 14:09:00', 'system', 'open', 'customer', NULL, 1, NULL, NULL, 1, '2026-02-03 12:10:01', '2026-02-03 14:09:00'),
(1414, 59, '6281249839869', 7, '2026-02-03 12:10:03', '2026-02-03 14:00:29', '2026-02-03 13:03:29', 'system', 'open', 'customer', NULL, 1, NULL, NULL, 1, '2026-02-03 12:10:03', '2026-02-03 14:00:29'),
(1415, 59, '6285856978667', 9, '2026-02-03 12:10:05', '2026-02-03 12:11:02', '2026-02-03 12:11:02', 'system', 'open', 'customer', NULL, 1, NULL, NULL, 1, '2026-02-03 12:10:05', '2026-02-03 12:11:02'),
(1416, 59, '628123547832', 8, '2026-02-03 12:10:07', '2026-02-03 12:32:32', '2026-02-03 12:32:32', 'system', 'open', 'customer', NULL, 1, NULL, NULL, 1, '2026-02-03 12:10:07', '2026-02-03 12:32:32'),
(1417, 59, '6281230664116', 10, '2026-02-03 12:10:09', '2026-02-03 14:10:48', '2026-02-03 13:11:13', 'system', 'open', 'customer', NULL, 1, NULL, NULL, 1, '2026-02-03 12:10:09', '2026-02-03 14:10:48'),
(1418, 59, '6285334261776', 7, '2026-02-03 12:10:11', '2026-02-03 14:20:25', '2026-02-03 13:34:29', 'system', 'open', 'customer', NULL, 1, NULL, NULL, 1, '2026-02-03 12:10:11', '2026-02-03 14:20:25'),
(1419, 59, '6285648540237', 9, '2026-02-03 12:10:13', '2026-02-03 14:20:40', '2026-02-03 13:34:54', 'system', 'open', 'customer', NULL, 1, NULL, NULL, 1, '2026-02-03 12:10:13', '2026-02-03 14:20:40'),
(1420, 59, '6281233907660', 8, '2026-02-03 12:10:15', '2026-02-03 14:29:43', '2026-02-03 14:29:43', 'system', 'open', 'customer', NULL, 1, NULL, NULL, 1, '2026-02-03 12:10:15', '2026-02-03 14:29:43'),
(1421, 59, '6285649002620', 10, '2026-02-03 12:10:17', '2026-02-03 12:10:38', '2026-02-03 12:10:38', 'system', 'open', 'customer', NULL, 1, NULL, NULL, 1, '2026-02-03 12:10:17', '2026-02-03 12:10:38'),
(1422, 59, '62895604199186', 7, '2026-02-03 12:10:18', '2026-02-03 12:13:56', '2026-02-03 12:13:56', 'system', 'open', 'customer', NULL, 1, NULL, NULL, 1, '2026-02-03 12:10:18', '2026-02-03 12:13:56'),
(1423, 59, '628570406542', 9, '2026-02-03 12:10:21', '2026-02-03 12:10:21', '2026-02-03 12:10:21', 'system', 'open', NULL, NULL, 1, NULL, NULL, 1, '2026-02-03 12:10:21', '2026-02-03 12:10:21'),
(1424, 59, '6285150650634', 8, '2026-02-03 12:10:24', '2026-02-03 14:01:20', '2026-02-03 14:01:20', 'system', 'open', 'customer', NULL, 1, NULL, NULL, 1, '2026-02-03 12:10:24', '2026-02-03 14:01:20'),
(1425, 59, '6285707336013', 10, '2026-02-03 12:12:49', '2026-02-03 12:17:13', '2026-02-03 12:17:13', 'system', 'open', 'customer', NULL, 1, NULL, NULL, 1, '2026-02-03 12:12:49', '2026-02-03 12:17:13'),
(1426, 59, '6289540153249', 7, '2026-02-03 12:12:50', '2026-02-03 12:12:50', '2026-02-03 12:12:50', 'system', 'open', NULL, NULL, 1, NULL, NULL, 1, '2026-02-03 12:12:50', '2026-02-03 12:12:50'),
(1427, 59, '6282232381450', 9, '2026-02-03 12:12:53', '2026-02-03 12:12:53', '2026-02-03 12:12:53', 'system', 'open', NULL, NULL, 1, NULL, NULL, 1, '2026-02-03 12:12:53', '2026-02-03 12:12:53'),
(1428, 59, '6285648549237', 8, '2026-02-03 12:12:54', '2026-02-03 12:12:54', '2026-02-03 12:12:54', 'system', 'open', NULL, NULL, 1, NULL, NULL, 1, '2026-02-03 12:12:54', '2026-02-03 12:12:54'),
(1429, 59, '6283845144603', 10, '2026-02-03 12:12:56', '2026-02-03 13:52:48', '2026-02-03 12:50:29', 'system', 'open', 'customer', NULL, 1, NULL, NULL, 1, '2026-02-03 12:12:56', '2026-02-03 13:52:48'),
(1430, 59, '6285607024083', 7, '2026-02-03 12:12:59', '2026-02-03 12:12:59', '2026-02-03 12:12:59', 'system', 'open', NULL, NULL, 1, NULL, NULL, 1, '2026-02-03 12:12:59', '2026-02-03 12:12:59'),
(1431, 59, '6281353316500', 9, '2026-02-03 12:13:00', '2026-02-03 12:13:00', '2026-02-03 12:13:00', 'system', 'open', NULL, NULL, 1, NULL, NULL, 1, '2026-02-03 12:13:00', '2026-02-03 12:13:00'),
(1432, 59, '6285330513694', 8, '2026-02-03 12:13:03', '2026-02-03 12:13:03', '2026-02-03 12:13:03', 'system', 'open', NULL, NULL, 1, NULL, NULL, 1, '2026-02-03 12:13:03', '2026-02-03 12:13:03'),
(1433, 59, '6285706616412', 10, '2026-02-03 12:13:05', '2026-02-03 12:13:05', '2026-02-03 12:13:05', 'system', 'open', NULL, NULL, 1, NULL, NULL, 1, '2026-02-03 12:13:05', '2026-02-03 12:13:05'),
(1434, 59, '6281233263066', 7, '2026-02-03 12:13:06', '2026-02-03 12:13:06', '2026-02-03 12:13:06', 'system', 'open', NULL, NULL, 1, NULL, NULL, 1, '2026-02-03 12:13:06', '2026-02-03 12:13:06'),
(1435, 59, '6281334801525', 9, '2026-02-03 12:13:09', '2026-02-03 14:16:41', '2026-02-03 13:25:00', 'system', 'open', 'customer', NULL, 1, NULL, NULL, 1, '2026-02-03 12:13:09', '2026-02-03 14:16:41'),
(1436, 59, '6287851086910', 8, '2026-02-03 12:13:11', '2026-02-03 12:13:11', '2026-02-03 12:13:11', 'system', 'open', NULL, NULL, 1, NULL, NULL, 1, '2026-02-03 12:13:11', '2026-02-03 12:13:11'),
(1437, 59, '6282220416625', 10, '2026-02-03 12:13:12', '2026-02-03 12:13:12', '2026-02-03 12:13:12', 'system', 'open', NULL, NULL, 1, NULL, NULL, 1, '2026-02-03 12:13:12', '2026-02-03 12:13:12'),
(1438, 59, '6282132417500', 7, '2026-02-03 12:13:15', '2026-02-03 12:13:15', '2026-02-03 12:13:15', 'system', 'open', NULL, NULL, 1, NULL, NULL, 1, '2026-02-03 12:13:15', '2026-02-03 12:13:15'),
(1439, 59, '6285748084344', 9, '2026-02-03 12:13:16', '2026-02-03 12:13:16', '2026-02-03 12:13:16', 'system', 'open', NULL, NULL, 1, NULL, NULL, 1, '2026-02-03 12:13:16', '2026-02-03 12:13:16'),
(1440, 59, '6281330705336', 8, '2026-02-03 12:13:19', '2026-02-03 12:13:19', '2026-02-03 12:13:19', 'system', 'open', NULL, NULL, 1, NULL, NULL, 1, '2026-02-03 12:13:19', '2026-02-03 12:13:19'),
(1441, 59, '6285707836762', 10, '2026-02-03 12:13:21', '2026-02-03 12:13:21', '2026-02-03 12:13:21', 'system', 'open', NULL, NULL, 1, NULL, NULL, 1, '2026-02-03 12:13:21', '2026-02-03 12:13:21'),
(1442, 59, '6285711890367', 7, '2026-02-03 12:13:22', '2026-02-03 14:05:51', '2026-02-03 14:05:51', 'system', 'open', 'customer', NULL, 1, NULL, NULL, 1, '2026-02-03 12:13:22', '2026-02-03 14:05:51'),
(1443, 59, '62886965450374', 9, '2026-02-03 12:13:25', '2026-02-03 12:13:25', '2026-02-03 12:13:25', 'system', 'open', NULL, NULL, 1, NULL, NULL, 1, '2026-02-03 12:13:25', '2026-02-03 12:13:25'),
(1444, 59, '6289688881994', 8, '2026-02-03 12:13:26', '2026-02-03 12:55:33', '2026-02-03 12:20:35', 'system', 'open', 'customer', NULL, 1, NULL, NULL, 1, '2026-02-03 12:13:26', '2026-02-03 12:55:33'),
(1445, 59, '6285877002278', 10, '2026-02-03 12:13:29', '2026-02-03 12:13:29', '2026-02-03 12:13:29', 'system', 'open', NULL, NULL, 1, NULL, NULL, 1, '2026-02-03 12:13:29', '2026-02-03 12:13:29'),
(1446, 59, '6289649912233', 7, '2026-02-03 12:13:30', '2026-02-03 12:13:30', '2026-02-03 12:13:30', 'system', 'open', NULL, NULL, 1, NULL, NULL, 1, '2026-02-03 12:13:30', '2026-02-03 12:13:30'),
(1447, 59, '6285334261746', 9, '2026-02-03 12:13:32', '2026-02-03 12:13:32', '2026-02-03 12:13:32', 'system', 'open', NULL, NULL, 1, NULL, NULL, 1, '2026-02-03 12:13:32', '2026-02-03 12:13:32'),
(1448, 59, '6281234283366', 8, '2026-02-03 12:13:35', '2026-02-03 12:13:35', '2026-02-03 12:13:35', 'system', 'open', NULL, NULL, 1, NULL, NULL, 1, '2026-02-03 12:13:35', '2026-02-03 12:13:35'),
(1449, 59, '6285778663161', 10, '2026-02-03 12:13:37', '2026-02-03 12:13:37', '2026-02-03 12:13:37', 'system', 'open', NULL, NULL, 1, NULL, NULL, 1, '2026-02-03 12:13:37', '2026-02-03 12:13:37'),
(1450, 59, '6285851418505', 7, '2026-02-03 12:13:39', '2026-02-03 13:51:06', '2026-02-03 12:48:55', 'system', 'open', 'customer', NULL, 1, NULL, NULL, 1, '2026-02-03 12:13:39', '2026-02-03 13:51:06'),
(1451, 59, '6285895518880', 9, '2026-02-03 12:13:41', '2026-02-03 12:13:41', '2026-02-03 12:13:41', 'system', 'open', NULL, NULL, 1, NULL, NULL, 1, '2026-02-03 12:13:41', '2026-02-03 12:13:41'),
(1452, 59, '6285735931764', 8, '2026-02-03 12:13:43', '2026-02-03 12:45:13', '2026-02-03 12:14:38', 'system', 'open', 'customer', NULL, 1, NULL, NULL, 1, '2026-02-03 12:13:42', '2026-02-03 12:45:13'),
(1453, 59, '6281919631997', 10, '2026-02-03 12:13:45', '2026-02-03 12:14:20', '2026-02-03 12:14:20', 'system', 'open', 'customer', NULL, 1, NULL, NULL, 1, '2026-02-03 12:13:45', '2026-02-03 12:14:20'),
(1454, 59, '6285136798291', 7, '2026-02-03 12:13:46', '2026-02-03 12:13:46', '2026-02-03 12:13:46', 'system', 'open', NULL, NULL, 1, NULL, NULL, 1, '2026-02-03 12:13:46', '2026-02-03 12:13:46'),
(1455, 59, '6283155932332', 9, '2026-02-03 12:13:49', '2026-02-03 12:13:48', '2026-02-03 12:13:48', 'system', 'open', NULL, NULL, 1, NULL, NULL, 1, '2026-02-03 12:13:48', '2026-02-03 12:13:49'),
(1456, 59, '6283834143444', 8, '2026-02-03 12:13:51', '2026-02-03 12:13:51', '2026-02-03 12:13:51', 'system', 'open', NULL, NULL, 1, NULL, NULL, 1, '2026-02-03 12:13:51', '2026-02-03 12:13:51'),
(1457, 59, '6281358207007', 10, '2026-02-03 12:13:52', '2026-02-03 14:07:50', '2026-02-03 14:07:50', 'system', 'open', 'customer', NULL, 1, NULL, NULL, 1, '2026-02-03 12:13:52', '2026-02-03 14:07:50'),
(1458, 59, '6285855585260', 7, '2026-02-03 12:13:55', '2026-02-03 12:13:55', '2026-02-03 12:13:55', 'system', 'open', NULL, NULL, 1, NULL, NULL, 1, '2026-02-03 12:13:55', '2026-02-03 12:13:55'),
(1459, 59, '6285645915915', 9, '2026-02-03 12:13:56', '2026-02-03 12:13:56', '2026-02-03 12:13:56', 'system', 'open', NULL, NULL, 1, NULL, NULL, 1, '2026-02-03 12:13:56', '2026-02-03 12:13:56'),
(1460, 59, '6285606224944', 8, '2026-02-03 12:13:59', '2026-02-03 12:13:59', '2026-02-03 12:13:59', 'system', 'open', NULL, NULL, 1, NULL, NULL, 1, '2026-02-03 12:13:59', '2026-02-03 12:13:59'),
(1461, 59, '6285733353384', 10, '2026-02-03 12:14:01', '2026-02-03 14:02:46', '2026-02-03 14:02:46', 'system', 'open', 'customer', NULL, 1, NULL, NULL, 1, '2026-02-03 12:14:01', '2026-02-03 14:02:46'),
(1462, 59, '6281330553637', 7, '2026-02-03 12:14:03', '2026-02-03 14:23:31', '2026-02-03 13:41:21', 'system', 'open', 'customer', NULL, 1, NULL, NULL, 1, '2026-02-03 12:14:03', '2026-02-03 14:23:31'),
(1463, 59, '6285649570717', 9, '2026-02-03 12:14:05', '2026-02-03 12:14:05', '2026-02-03 12:14:05', 'system', 'open', NULL, NULL, 1, NULL, NULL, 1, '2026-02-03 12:14:05', '2026-02-03 12:14:05'),
(1464, 59, '6282139937200', 8, '2026-02-03 12:14:06', '2026-02-03 12:14:59', '2026-02-03 12:14:59', 'system', 'open', 'customer', NULL, 1, NULL, NULL, 1, '2026-02-03 12:14:06', '2026-02-03 12:14:59'),
(1465, 59, '6285669172378', 10, '2026-02-03 12:14:09', '2026-02-03 12:14:09', '2026-02-03 12:14:09', 'system', 'open', NULL, NULL, 1, NULL, NULL, 1, '2026-02-03 12:14:09', '2026-02-03 12:14:09'),
(1466, 59, '6281285627795', 7, '2026-02-03 12:14:10', '2026-02-03 12:14:10', '2026-02-03 12:14:10', 'system', 'open', NULL, NULL, 1, NULL, NULL, 1, '2026-02-03 12:14:10', '2026-02-03 12:14:10'),
(1467, 59, '6281233961662', 9, '2026-02-03 12:14:17', '2026-02-03 13:40:07', '2026-02-03 12:46:24', 'system', 'open', 'customer', NULL, 1, NULL, NULL, 1, '2026-02-03 12:14:17', '2026-02-03 13:40:07'),
(1468, 59, '6281234343095', 8, '2026-02-03 12:14:19', '2026-02-03 14:24:24', '2026-02-03 13:49:21', 'system', 'open', 'customer', NULL, 1, NULL, NULL, 1, '2026-02-03 12:14:19', '2026-02-03 14:24:24'),
(1469, 59, '6289530405320', 10, '2026-02-03 12:14:22', '2026-02-03 12:14:22', '2026-02-03 12:14:22', 'system', 'open', NULL, NULL, 1, NULL, NULL, 1, '2026-02-03 12:14:22', '2026-02-03 12:14:22'),
(1470, 59, '6282231670567', 7, '2026-02-03 12:14:25', '2026-02-03 12:14:25', '2026-02-03 12:14:25', 'system', 'open', NULL, NULL, 1, NULL, NULL, 1, '2026-02-03 12:14:25', '2026-02-03 12:14:25'),
(1471, 59, '6281246843513', 9, '2026-02-03 12:14:26', '2026-02-03 12:14:26', '2026-02-03 12:14:26', 'system', 'open', NULL, NULL, 1, NULL, NULL, 1, '2026-02-03 12:14:26', '2026-02-03 12:14:26'),
(1472, 59, '6282139925032', 8, '2026-02-03 12:14:29', '2026-02-03 13:40:22', '2026-02-03 13:40:22', 'system', 'open', 'customer', NULL, 1, NULL, NULL, 1, '2026-02-03 12:14:29', '2026-02-03 13:40:22'),
(1473, 59, '628813206103', 10, '2026-02-03 12:14:30', '2026-02-03 12:14:30', '2026-02-03 12:14:30', 'system', 'open', NULL, NULL, 1, NULL, NULL, 1, '2026-02-03 12:14:30', '2026-02-03 12:14:30'),
(1474, 59, '6285232345171', 7, '2026-02-03 12:14:32', '2026-02-03 12:14:32', '2026-02-03 12:14:32', 'system', 'open', NULL, NULL, 1, NULL, NULL, 1, '2026-02-03 12:14:32', '2026-02-03 12:14:32'),
(1475, 59, '6281281979568', 9, '2026-02-03 12:14:35', '2026-02-03 12:14:35', '2026-02-03 12:14:35', 'system', 'open', NULL, NULL, 1, NULL, NULL, 1, '2026-02-03 12:14:35', '2026-02-03 12:14:35'),
(1476, 59, '6282244036820', 8, '2026-02-03 12:24:45', '2026-02-03 14:22:50', '2026-02-03 13:40:39', 'system', 'open', 'customer', NULL, 1, NULL, NULL, 1, '2026-02-03 12:24:45', '2026-02-03 14:22:50'),
(1477, 59, '6285854492933', 10, '2026-02-03 12:35:12', '2026-02-03 13:38:29', '2026-02-03 12:35:12', 'system', 'open', NULL, NULL, 1, NULL, NULL, 1, '2026-02-03 12:35:12', '2026-02-03 13:38:29'),
(1478, 59, '6283849247530', 7, '2026-02-03 12:36:03', '2026-02-03 15:38:50', '2026-02-03 14:17:32', 'system', 'open', 'customer', NULL, 1, NULL, NULL, 1, '2026-02-03 12:36:03', '2026-02-03 15:38:50'),
(1479, 59, '6285168606647', 9, '2026-02-03 12:39:12', '2026-02-03 13:18:48', '2026-02-03 12:39:12', 'system', 'open', NULL, NULL, 1, NULL, NULL, 1, '2026-02-03 12:39:12', '2026-02-03 13:18:48'),
(1480, 59, '6282140983321', 8, '2026-02-03 12:41:53', '2026-02-03 14:56:26', '2026-02-03 14:56:26', 'system', 'open', 'customer', NULL, 1, NULL, NULL, 1, '2026-02-03 12:41:53', '2026-02-03 14:56:26'),
(1481, 59, '6281999944704', 10, '2026-02-03 12:42:11', '2026-02-03 14:51:38', '2026-02-03 14:51:38', 'system', 'open', 'customer', NULL, 1, NULL, NULL, 1, '2026-02-03 12:42:11', '2026-02-03 14:51:38'),
(1482, 59, '6282142055760', 7, '2026-02-03 12:42:20', '2026-02-03 14:19:26', '2026-02-03 13:29:28', 'system', 'open', 'customer', NULL, 1, NULL, NULL, 1, '2026-02-03 12:42:20', '2026-02-03 14:19:26'),
(1483, 59, '6285730294083', 9, '2026-02-03 12:43:58', '2026-02-03 14:44:00', '2026-02-03 14:44:00', 'system', 'open', 'customer', NULL, 1, NULL, NULL, 1, '2026-02-03 12:43:58', '2026-02-03 14:44:00'),
(1484, 59, '6285815737138', 8, '2026-02-03 12:45:06', '2026-02-03 14:19:16', '2026-02-03 14:19:16', 'system', 'open', 'customer', NULL, 1, NULL, NULL, 1, '2026-02-03 12:45:06', '2026-02-03 14:19:16'),
(1485, 59, '6287849284260', 10, '2026-02-03 12:45:29', '2026-02-03 13:38:09', '2026-02-03 12:45:29', 'system', 'open', NULL, NULL, 1, NULL, NULL, 1, '2026-02-03 12:45:29', '2026-02-03 13:38:09'),
(1486, 59, '6285204303925', 7, '2026-02-03 12:46:13', '2026-02-03 14:41:01', '2026-02-03 14:41:01', 'system', 'open', 'customer', NULL, 1, NULL, NULL, 1, '2026-02-03 12:46:13', '2026-02-03 14:41:01'),
(1487, 59, '6287812315558', 9, '2026-02-03 12:47:42', '2026-02-03 14:34:51', '2026-02-03 14:34:51', 'system', 'open', 'customer', NULL, 1, NULL, NULL, 1, '2026-02-03 12:47:42', '2026-02-03 14:34:51'),
(1488, 59, '6281357179873', 8, '2026-02-03 12:50:06', '2026-02-03 14:19:39', '2026-02-03 14:19:39', 'system', 'open', 'customer', NULL, 1, NULL, NULL, 1, '2026-02-03 12:50:06', '2026-02-03 14:19:39'),
(1489, 59, '6285736566124', 10, '2026-02-03 12:53:43', '2026-02-03 14:08:08', '2026-02-03 14:08:08', 'system', 'open', 'customer', NULL, 1, NULL, NULL, 1, '2026-02-03 12:53:43', '2026-02-03 14:08:08'),
(1490, 59, '6287885730447', 7, '2026-02-03 12:56:23', '2026-02-03 13:56:03', '2026-02-03 12:56:23', 'system', 'open', NULL, NULL, 1, NULL, NULL, 1, '2026-02-03 12:56:23', '2026-02-03 13:56:03'),
(1491, 59, '62881036186394', 9, '2026-02-03 12:57:21', '2026-02-03 13:58:50', '2026-02-03 12:57:48', 'system', 'open', 'customer', NULL, 1, NULL, NULL, 1, '2026-02-03 12:57:21', '2026-02-03 13:58:50'),
(1492, 59, '62816515735', 8, '2026-02-03 12:57:26', '2026-02-03 13:57:23', '2026-02-03 12:57:26', 'system', 'open', NULL, NULL, 1, NULL, NULL, 1, '2026-02-03 12:57:26', '2026-02-03 13:57:23'),
(1493, 59, '6281254443100', 10, '2026-02-03 12:57:47', '2026-02-03 14:07:45', '2026-02-03 14:07:45', 'system', 'open', 'customer', NULL, 1, NULL, NULL, 1, '2026-02-03 12:57:47', '2026-02-03 14:07:45'),
(1494, 59, '6285855403207', 7, '2026-02-03 13:08:33', '2026-02-03 14:56:48', '2026-02-03 14:56:48', 'system', 'open', 'customer', NULL, 1, NULL, NULL, 1, '2026-02-03 13:08:33', '2026-02-03 14:56:48'),
(1495, 59, '6285713301020', 9, '2026-02-03 13:10:40', '2026-02-03 14:36:08', '2026-02-03 14:36:08', 'system', 'open', 'customer', NULL, 1, NULL, NULL, 1, '2026-02-03 13:10:40', '2026-02-03 14:36:08'),
(1496, 59, '6285233929616', 8, '2026-02-03 13:11:46', '2026-02-03 14:17:09', '2026-02-03 14:17:09', 'system', 'open', 'customer', NULL, 1, NULL, NULL, 1, '2026-02-03 13:11:46', '2026-02-03 14:17:09'),
(1497, 59, '6281331614832', 10, '2026-02-03 13:11:46', '2026-02-03 14:12:48', '2026-02-03 14:12:48', 'system', 'open', 'customer', NULL, 1, NULL, NULL, 1, '2026-02-03 13:11:46', '2026-02-03 14:12:48'),
(1498, 59, '6282245804630', 7, '2026-02-03 13:18:39', '2026-02-03 14:15:21', '2026-02-03 13:18:39', 'system', 'open', NULL, NULL, 1, NULL, NULL, 1, '2026-02-03 13:18:39', '2026-02-03 14:15:21'),
(1499, 59, '6285954440438', 9, '2026-02-03 13:19:18', '2026-02-03 14:48:25', '2026-02-03 14:48:25', 'system', 'open', 'customer', NULL, 1, NULL, NULL, 1, '2026-02-03 13:19:18', '2026-02-03 14:48:25'),
(1500, 59, '628813356519', 8, '2026-02-03 13:23:26', '2026-02-03 14:16:34', '2026-02-03 13:23:41', 'system', 'open', 'customer', NULL, 1, NULL, NULL, 1, '2026-02-03 13:23:26', '2026-02-03 14:16:34'),
(1501, 59, '6281359603071', 10, '2026-02-03 13:32:15', '2026-02-03 14:20:15', '2026-02-03 13:32:14', 'system', 'open', NULL, NULL, 1, NULL, NULL, 1, '2026-02-03 13:32:14', '2026-02-03 14:20:15'),
(1502, 59, '6285749708946', 7, '2026-02-03 13:56:57', '2026-02-03 14:07:11', '2026-02-03 14:07:11', 'system', 'open', 'customer', NULL, 1, NULL, NULL, 1, '2026-02-03 13:56:57', '2026-02-03 14:07:11'),
(1503, 59, '6285606391657', 9, '2026-02-03 14:11:00', '2026-02-03 14:11:00', '2026-02-03 14:11:00', 'system', 'open', NULL, NULL, 1, NULL, NULL, 1, '2026-02-03 14:11:00', '2026-02-03 14:11:00'),
(1504, 59, '6281358465770', 8, '2026-02-03 14:30:13', '2026-02-03 14:30:12', '2026-02-03 14:30:12', 'system', 'open', NULL, NULL, 1, NULL, NULL, 1, '2026-02-03 14:30:12', '2026-02-03 14:30:13'),
(1505, 59, '6285175264086', 10, '2026-02-03 15:18:30', '2026-02-03 15:18:29', '2026-02-03 15:18:29', 'system', 'open', NULL, NULL, 1, NULL, NULL, 1, '2026-02-03 15:18:29', '2026-02-03 15:18:30'),
(1506, 59, '6285258860062', 7, '2026-02-03 15:57:14', '2026-02-03 15:57:14', '2026-02-03 15:57:14', 'system', 'open', NULL, NULL, 1, NULL, NULL, 1, '2026-02-03 15:57:14', '2026-02-03 15:57:14'),
(1507, 59, '6283170129188', 9, '2026-02-03 16:05:22', '2026-02-03 16:05:51', '2026-02-03 16:05:51', 'system', 'open', 'customer', NULL, 1, NULL, NULL, 1, '2026-02-03 16:05:22', '2026-02-03 16:05:51');

-- --------------------------------------------------------

--
-- Table structure for table `chat_assignment_histories`
--

CREATE TABLE `chat_assignment_histories` (
  `id` bigint UNSIGNED NOT NULL,
  `chat_assignment_id` bigint UNSIGNED NOT NULL,
  `agent_id` bigint UNSIGNED DEFAULT NULL,
  `action` varchar(30) CHARACTER SET utf8mb4 COLLATE utf8mb4_unicode_ci NOT NULL,
  `performed_by` varchar(50) CHARACTER SET utf8mb4 COLLATE utf8mb4_unicode_ci DEFAULT NULL,
  `notes` text CHARACTER SET utf8mb4 COLLATE utf8mb4_unicode_ci,
  `created_at` timestamp NULL DEFAULT NULL,
  `updated_at` timestamp NULL DEFAULT NULL
) ENGINE=InnoDB DEFAULT CHARSET=utf8mb4 COLLATE=utf8mb4_unicode_ci;

--
-- Dumping data for table `chat_assignment_histories`
--

INSERT INTO `chat_assignment_histories` (`id`, `chat_assignment_id`, `agent_id`, `action`, `performed_by`, `notes`, `created_at`, `updated_at`) VALUES
(1, 42, NULL, 'closed', 'client:14', 'Closed by client', '2025-12-28 16:17:43', '2025-12-28 16:17:43'),
(2, 42, NULL, 'reopened', 'client:14', 'Reopened by client', '2025-12-28 16:17:55', '2025-12-28 16:17:55'),
(3, 41, NULL, 'assigned', 'agent:6', 'Self-claimed by agent', '2026-01-06 17:43:21', '2026-01-06 17:43:21'),
(4, 41, NULL, 'closed', 'client:10', 'Closed by client', '2026-01-08 08:30:54', '2026-01-08 08:30:54'),
(5, 41, NULL, 'reopened', 'client:10', 'Reopened by client', '2026-01-08 08:37:30', '2026-01-08 08:37:30'),
(6, 897, NULL, 'closed', 'client:65', 'Closed by client', '2026-02-02 03:34:28', '2026-02-02 03:34:28'),
(7, 897, NULL, 'reopened', 'client:65', 'Reopened by client', '2026-02-02 03:37:55', '2026-02-02 03:37:55');

-- --------------------------------------------------------

--
-- Table structure for table `clients`
--

CREATE TABLE `clients` (
  `id` bigint UNSIGNED NOT NULL,
  `user_id` bigint UNSIGNED DEFAULT NULL,
  `name` varchar(255) CHARACTER SET utf8mb4 COLLATE utf8mb4_unicode_ci NOT NULL,
  `account_name` varchar(255) CHARACTER SET utf8mb4 COLLATE utf8mb4_unicode_ci DEFAULT NULL,
  `email` varchar(255) CHARACTER SET utf8mb4 COLLATE utf8mb4_unicode_ci NOT NULL,
  `phone` varchar(20) CHARACTER SET utf8mb4 COLLATE utf8mb4_unicode_ci DEFAULT NULL,
  `package` varchar(255) COLLATE utf8mb4_unicode_ci DEFAULT NULL COMMENT 'shared or dedicated',
  `status_integrasi` enum('Selesai','Dalam Proses','Belum') COLLATE utf8mb4_unicode_ci NOT NULL DEFAULT 'Belum',
  `api_key` varchar(255) CHARACTER SET utf8mb4 COLLATE utf8mb4_unicode_ci DEFAULT NULL COMMENT 'encrypted API key',
  `server_key` varchar(255) CHARACTER SET utf8mb4 COLLATE utf8mb4_unicode_ci DEFAULT NULL,
  `balance` decimal(14,4) NOT NULL DEFAULT '0.0000',
  `reseller_id` bigint UNSIGNED DEFAULT NULL,
  `is_active` tinyint(1) NOT NULL DEFAULT '1',
  `term_approved_at` timestamp NULL DEFAULT NULL COMMENT 'Last time client approved terms',
  `term_version` varchar(50) COLLATE utf8mb4_unicode_ci DEFAULT NULL COMMENT 'Version of terms that client approved',
  `is_ebilling` tinyint(1) NOT NULL DEFAULT '0',
  `akun_ebilling` varchar(255) CHARACTER SET utf8mb4 COLLATE utf8mb4_unicode_ci DEFAULT NULL,
  `rate_limit_per_minute` int UNSIGNED NOT NULL DEFAULT '60',
  `created_at` timestamp NULL DEFAULT NULL,
  `updated_at` timestamp NULL DEFAULT NULL,
  `deleted_at` timestamp NULL DEFAULT NULL
) ENGINE=InnoDB DEFAULT CHARSET=utf8mb4 COLLATE=utf8mb4_unicode_ci ROW_FORMAT=DYNAMIC;

--
-- Dumping data for table `clients`
--

INSERT INTO `clients` (`id`, `user_id`, `name`, `account_name`, `email`, `phone`, `package`, `status_integrasi`, `api_key`, `server_key`, `balance`, `reseller_id`, `is_active`, `term_approved_at`, `term_version`, `is_ebilling`, `akun_ebilling`, `rate_limit_per_minute`, `created_at`, `updated_at`, `deleted_at`) VALUES
(1, NULL, 'test client', NULL, 'novasampoerna@gmail.com', NULL, NULL, 'Belum', '55d491c1-b856-4028-ae76-15977c1f9e15|BVwgtgfV4JVD5sckWp2QxSEvMMlcpDE1CdYzhTZM', NULL, 0.0000, 1, 1, NULL, NULL, 0, NULL, 60, '2025-12-08 08:40:15', '2025-12-08 10:46:09', '2025-12-08 10:46:09'),
(2, NULL, 'test client2', NULL, 'novasampoerna2@gmail.com', NULL, NULL, 'Belum', 'eb710b90-6437-484d-9a48-82bccaac1f78|0yzvUZ3i0K4yRWYBQkbyroxir4KvcSYGQzfm0UNu', NULL, 0.0000, 1, 1, NULL, NULL, 0, NULL, 60, '2025-12-08 08:40:52', '2025-12-08 10:46:13', '2025-12-08 10:46:13'),
(3, NULL, 'Default Client', NULL, 'client', NULL, NULL, 'Belum', 'accc365e-afd4-4728-891a-e76e8f2717e9|dcKBlOoh5zMzUqIAafs2vnulQPYlnOx78z8d9aHG', NULL, 0.0000, NULL, 1, NULL, NULL, 0, NULL, 60, '2025-12-08 09:49:16', '2025-12-08 09:49:16', NULL),
(4, NULL, 'testing', NULL, 'myclient@gmail.com', NULL, NULL, 'Belum', 'd3058200-d1fb-49a8-80aa-d66cfb52d51d|ikfStEXRVts8NLLJVHl8hRCdkb0qTd5ExKbjyvEc', NULL, 0.0000, 1, 1, NULL, NULL, 0, NULL, 60, '2025-12-08 10:12:27', '2025-12-08 10:47:06', '2025-12-08 10:47:06'),
(5, NULL, '3274', NULL, 'punglir@gmail.com', NULL, NULL, 'Belum', 'fbc472a2-7f07-4b14-bd67-b54728bfa0a3|QpBT6DeGW5GtckZBQXT22mtoLNuZ3aqVLSt4UFou', 'a72f28cc-fcd0-43eb-bc22-bdd5d3e2f402|jZf513f8CF7m5ETsu1gg5qOBxS6ObZBX', 10000.0000, 1, 1, NULL, NULL, 0, NULL, 60, '2025-12-08 10:14:32', '2025-12-14 06:41:54', '2025-12-14 06:41:54'),
(6, 17, 'untul', NULL, 'untul@gmail.com', NULL, NULL, 'Belum', '49391407-ba3c-4cd8-a8c9-cf7c887eb403|bsJIDXFHYhvIWbJambNJuZwZTNYRwySndpyzF2qt', 'f865cb96-ff98-41e8-93e3-ddb63ef16def|pmtveiQHgJ7nuCQYxr578nCJsibIaTDK', 7576.0000, 1, 1, NULL, NULL, 0, NULL, 60, '2025-12-08 10:29:33', '2025-12-14 06:41:43', '2025-12-14 06:41:43'),
(7, 19, 'Client Name', NULL, 'client@example.com', NULL, 'shared', 'Belum', '2577da17-e98a-4549-89f6-2846552f1375|7fbPjhsu2pAQ6C22pTXvBUL8wqxWRJA8xPLKgA2w', '306e0d76-0af5-473a-97be-c1cef5880998|3F1PGankKOJdPxGQVtIM8iMPT2d0nHwG', 6138.0000, 1, 1, '2026-01-22 15:24:44', 'v1.0', 0, NULL, 60, '2025-12-08 11:59:45', '2026-02-03 03:12:33', NULL),
(8, 20, 'Marem', NULL, 'marem@gmail.com', NULL, NULL, 'Belum', 'bffba48b-2ec8-4222-9b21-77f102a28cca|PpAJKaq4wkNUZhYosWpBzBs1X6wGXqPb1UXj002J', '40b559ea-8f93-4600-acb5-a45442f07b97|QOdP8caHDzchl1nwu9F0hG7fBvkTGnLN', 0.0000, 1, 1, NULL, NULL, 0, NULL, 60, '2025-12-08 13:23:22', '2025-12-14 06:41:46', '2025-12-14 06:41:46'),
(10, 22, 'Nova Ariyanto', NULL, 'kejarkoding@gmail.com', NULL, 'dedicated', 'Belum', 'ccf0d106-6ce6-40b2-bf26-402c85fb60c9|yydGSWS7LVeRyS8iHsoWw4b13U1W2PIubHBlP0YI', '89305e48-d29a-4dbd-89f0-dae85cf7494f|q0a2YAu5XtEJuJksw5bJMLB2KRYG4Iyu', 135750.0000, 1, 1, '2026-01-24 15:34:39', 'v1.0', 0, NULL, 60, '2025-12-13 08:04:52', '2026-01-30 03:03:08', NULL),
(12, 24, 'Nova Ariyanto Ariyanto', '3221', 'punglire@gmail.com', '0895361034833', 'shared', 'Belum', '59a13574-0f70-4e0d-9a66-0cc9a6dad0c9|WpPxmqJRzbAePjkeboG8rTJ3OJZkV8KVZLzeIsDe', 'ced8f4b2-ed9e-4a7e-9efc-bb0d09f01b55|7nxMLTkEHm80xPbdPRMwE5MjEDiAik1r', 6803.0000, 1, 1, '2026-01-29 15:09:34', 'v1.0', 0, NULL, 60, '2025-12-22 22:48:25', '2026-02-01 02:35:58', NULL),
(13, 25, 'Denny Ramdani Zain', NULL, 'duniaku2.ramdhani@gmail.com', '081380895705', NULL, 'Belum', 'f6418579-df1c-4b14-acea-9d403a11fe4f|WjxuFKIoUK0QLqlefjPCBKXQwC05acXql6uuH8Xx', 'f9cd21f8-2d86-4f60-9f5b-1daba4520e66|l8FLdADJKCMwsv81Rp9lTRAGGHbIKe07', 0.0000, 1, 1, NULL, NULL, 0, NULL, 60, '2025-12-23 19:46:04', '2025-12-23 19:46:04', NULL),
(14, 26, 'Azzam Mujaddid', NULL, 'mujaddid29@gmail.com', '089679319845', NULL, 'Belum', 'b245c24e-5dd0-4af2-8394-7f12a66abe90|lwwo61NsXEGQMzNZLJlPYmIe8rhetm6dNMK2yoFI', '7ea56473-59b7-4109-870f-f6d0ee0f6eb3|xMtFi0jgUraTMEkC1GDwpsqFEcFtjMjg', 1499.0000, 1, 1, NULL, NULL, 0, NULL, 60, '2025-12-23 19:48:49', '2026-02-02 06:17:44', NULL),
(15, 27, 'sri wulan', NULL, 'sriwulan043@yahoo.com', '082214140243', NULL, 'Belum', '6ff3ea19-7480-47f6-843c-6bbc1c4f7bd8|tJOTvchq14pHO5ZjA1tQ2o9D65TOkDA7kmQOYmi6', 'fafba566-ee87-4c1d-8bea-d50d69d2951f|tr1HYEP1qPfiF7tRRc0XaWjp84TEYcfj', 0.0000, 1, 1, NULL, NULL, 0, NULL, 60, '2025-12-23 20:13:23', '2025-12-23 20:13:23', NULL),
(16, 28, 'Rudi', NULL, 'rudihasanhsb@gmail.com', '082268415170', NULL, 'Belum', '30c1df28-ec3d-403b-9ffc-6c5c7dadeb64|PF1cBo1iTwJxrYLK8K10Lckled1iVlF0RyApPCIO', '5e971c33-4a83-4218-aea9-6e1cc04c0337|8JtOAQpRhQKMieH754LvLvWdf4mKRnTm', 0.0000, 1, 1, NULL, NULL, 0, NULL, 60, '2025-12-23 22:50:14', '2025-12-23 22:50:14', NULL),
(17, 29, 'Aji Setiawan', NULL, '17230868@bsi.ac.id', '089636131620', NULL, 'Belum', '0fc2b9a2-5da8-45ba-b81e-66d948a20bff|uFukYKb0JMV7oUTSyhzqimyi8YpeoxMszPLEc7xA', 'ec33f259-a948-45e8-b6be-5fef106843ca|nkOtkntx3CE0WbtPVmw5RLw1OBC5YWSk', 0.0000, 1, 1, NULL, NULL, 0, NULL, 60, '2025-12-24 02:08:31', '2025-12-24 02:08:31', NULL),
(18, 30, 'Hery', NULL, 'itpjsp@gmail.com', '081217872255', NULL, 'Belum', '04a51a13-a59b-4658-966c-688b9359c7ac|L2n0PpBidlrZlG0bUEp3U0U2Ap5Zc1dHfIGYfBdq', '69fb71a2-97a3-4a39-a070-b1c27af7d9cb|yOqqqByZwZEwRIC0if0eSe0irF4hEc9g', 0.0000, 1, 1, NULL, NULL, 0, NULL, 60, '2025-12-24 18:47:40', '2025-12-24 18:47:40', NULL),
(19, 31, 'Aldino Alung Putra Anugraha', NULL, 'aldinoalungputraanugraha@gmail.com', '087724769542', NULL, 'Belum', 'f1c50b4f-aaf8-4952-935b-844660285fc5|vYH156eX4jiaXdYSV7YSClau4RdayIZAu0Z606iW', 'b81f9ec5-b167-455e-b4cb-35007df4989f|eZtt3DfuOaFm6RALIZdx2kSm2FrIYowC', 0.0000, 1, 1, NULL, NULL, 0, NULL, 60, '2026-01-01 12:08:38', '2026-01-01 12:08:38', NULL),
(20, 32, 'Yosan Okta', NULL, 'yotaofficial99@gmail.com', '085707530620', NULL, 'Belum', 'f1fdfd79-19e6-4581-a0cb-6f0430fbd41f|l6sGASxlGxh8nnvrd2EwYStP7wWj5BxbLuIiCYuh', '4e8ab9fd-2f7c-4364-b81b-08b7ab835781|qu9Aghr4NICysp4f1VAlMvfQzQhiMh2y', 0.0000, 1, 1, NULL, NULL, 0, NULL, 60, '2026-01-01 12:25:30', '2026-01-01 12:25:30', NULL),
(21, 35, 'furqan666', NULL, 'coexlagunaajojing8@gacor.com', '081321586521', NULL, 'Belum', '3a59b5a2-afbc-4d36-8a40-0459f3cfe90d|1Zqah3dGcRNFdbjiqm1ITCQ9iZ3yrufVntapC5RK', 'f1de34b2-64a1-4e0a-b8ab-65e2376c7d92|qZJBXZtq6ljtUgEkfbFlDXOl9BrCCdmu', 0.0000, 1, 1, NULL, NULL, 0, NULL, 60, '2026-01-04 05:42:25', '2026-01-04 05:42:25', NULL),
(22, 36, 'Michael Saputra', NULL, 'micellsky16@any.pink', '0813512114455', NULL, 'Belum', '73743319-b605-4514-a6f9-b5c91d3948d6|ZZX49sqR93ftxs3Xg9TlGOmFKZMbeV3jOmJM3Sjm', '1e483d8a-9ed5-4ad4-b3dc-be9d96b2f98d|nccCswJjS2ogz2wnVDyOmrOeyQFoECm2', 0.0000, 1, 1, NULL, NULL, 0, NULL, 60, '2026-01-04 09:18:32', '2026-01-04 09:18:32', NULL),
(23, 40, 'Annie', NULL, 'anniemercedez09@gmail.com', '08126025829', NULL, 'Belum', '1ffaadba-a076-435a-a9e1-87f4c5eb4d70|dr4Rl6jrRhhRkP9hV4rRXztVuIwcW2ZE9SSmHcT8', '7e21d448-fd2c-4635-8677-0fc030630b0a|RoOpLJTbBWUtDJniLuNxLg5hOjcGRJ6i', 0.0000, 1, 1, NULL, NULL, 0, NULL, 60, '2026-01-06 09:07:01', '2026-01-06 09:07:01', NULL),
(24, 41, 'MSC RMZ', NULL, 'elisespiderqueen4@gmail.com', '085167398088', NULL, 'Belum', '3476fcbf-a893-4062-8a32-80df4c54f7e2|ejsK1uSUH9YwSy7FQAPTCAvsGmVsiS5juLVAfLXn', '82489e00-a6f6-4f70-b99e-e3d651275fc7|c6paWsXNbC4EpdCufSfImJZli8vBvHIE', 0.0000, 1, 1, NULL, NULL, 0, NULL, 60, '2026-01-06 14:02:03', '2026-01-06 14:02:03', NULL),
(25, 43, 'Boogie Apparel', NULL, 'csboogie9@gmail.com', '087847413760', NULL, 'Belum', 'd3671f69-17f3-4b20-aaee-6cce6a5b7499|gX03WudZdKOX8MSIQ8YaWNuCuJPPbb1VHu5vbSjP', '27c1b56d-6838-4ec9-b432-1b87253d7f53|SSPHqofulve1zrMCCIq1HCaOGMbdo9Kw', 0.0000, 1, 1, NULL, NULL, 0, NULL, 60, '2026-01-07 09:45:50', '2026-01-07 09:45:50', NULL),
(26, 44, 'FADLI SARIMIN', NULL, 'fadly.lilo@gmail.com', '085134996086', NULL, 'Belum', '611b636e-ca41-4363-837d-9d60736b7ae9|ssZbbCGk1ISWuYyhg8mQS70yicWzQfilfn0eKQMX', '34795f03-7908-4d4c-a9f7-5cfad8354e37|sQS4vWweAsLkJYJrkAs5pV6RX9ekbN0s', 0.0000, 1, 1, NULL, NULL, 0, NULL, 60, '2026-01-07 13:28:51', '2026-01-07 13:28:51', NULL),
(27, 45, 'Jts Retail', NULL, 'crmjts@gmail.com', '+6281375725333', NULL, 'Belum', 'd4b2de9d-54c0-4426-abc4-0e105eea405c|jVYAYoE7RiZrSgTzEQrEMfXhN7Jq5YQAO5vCgKgp', 'a5719b4a-3deb-4d46-8d83-0d3f90302ad9|byUVfDwg7z1sD0Vvrr2yYSxbcVo0hnDH', 0.0000, 1, 1, NULL, NULL, 0, NULL, 60, '2026-01-09 07:55:31', '2026-01-09 07:55:31', NULL),
(28, 46, 'Yudi Syaputra', NULL, 'dev@asli-satu.id', '083199124404', NULL, 'Belum', 'bf808ff9-aab4-4e3e-97a5-811431317713|OoNUJxIOb9xjF6i2XX3uQfmRcNjJS0qkdF0f3mct', 'dae98900-7596-4d3d-b9ec-2ff09a95d874|fxrH8qAG4s0GxzdpT2RCtyTeKbRks95d', 0.0000, 1, 1, NULL, NULL, 0, NULL, 60, '2026-01-10 02:13:49', '2026-01-10 02:13:49', NULL),
(29, 47, 'Mursalat Asyidiq', NULL, 'root.mursalat@gmail.com', '085312141607', NULL, 'Belum', 'fa332fb4-15dd-4781-a574-a6d17668f11b|Gf1ytRm6eCJwxVbANJZdeijyPbKr7P9Cp4EOThYL', '4ef93314-6908-4317-8a47-b431b23aff81|sJq09BddFCRLL2R6x1WsEDYwnmZLE7Fi', 0.0000, 1, 1, NULL, NULL, 0, NULL, 60, '2026-01-10 12:31:17', '2026-01-10 12:31:17', NULL),
(30, 48, 'agus setyo', NULL, 'agussetyo.myrepublic@gmail.com', '087818064655', NULL, 'Belum', '780eebe1-da8e-44ca-9845-7092f78145d6|4slHgavhSIzDVSmy4HTck5Q1TUWUZwh2uhGDFKxy', '3bbdeb2b-9ff5-4bda-b05c-785ddee54a12|dIUNhsWL6Xpl4bwvqkVKQmUSXsq5Yxx2', 0.0000, 1, 1, NULL, NULL, 0, NULL, 60, '2026-01-10 13:39:06', '2026-01-10 13:39:06', NULL),
(31, 49, 'TEST', NULL, 'contolatospunk@gmail.com', '081513751293', NULL, 'Belum', '654dcd1c-a38b-4dc6-b50c-c569842ddf56|9x1v321NtnoyEVIj5P4tBAoJuwyVs5qOlYWh4QLZ', 'c0ed0c8d-2d34-4891-a536-c5b2603ccb9c|4WxiZ9DG5gCJTG1ceY6meG7rQt5mMUt9', 0.0000, 1, 1, NULL, NULL, 0, NULL, 60, '2026-01-12 04:59:06', '2026-01-12 04:59:06', NULL),
(32, 50, 'Andyre Jaya', NULL, 'andyrejayaaa@gmail.com', '081807394044', NULL, 'Belum', '695fd3e3-f26e-42b4-bc99-e22c9f9af6a4|azW5aOSZ9wH42KvMaVKYSXcwH5zLAxjAdj8pJxF6', 'c8ded168-98d0-419e-afdd-633342d0f5ad|KFreSpPjmkvMLicvc3OGyAgO0NZj3ft0', 0.0000, 1, 1, NULL, NULL, 0, NULL, 60, '2026-01-12 06:25:53', '2026-01-12 06:25:53', NULL),
(33, 51, 'MancongBalap', NULL, 'mancongbalap56@gmail.com', '+855632110620', NULL, 'Belum', 'b32a3884-d9ae-47cf-88c6-4e4e46846b28|T9mc7qt8m8wldFX8Ftdxn2h4uCn86qd3gejWvg68', '914491aa-ad2c-4c89-9022-7c7ecaf9bc67|J2Ran8BkroKCE8g3G6cXBKhRopG0Wqr0', 0.0000, 1, 1, NULL, NULL, 0, NULL, 60, '2026-01-12 06:27:14', '2026-01-12 06:27:14', NULL),
(34, 52, 'muhammad iqbal', NULL, 'kiritozent@atomicmail.io', '088802309350', NULL, 'Belum', '9c434e0c-e335-4323-b3c1-40d07363be75|FgT3iRDJiZVxoXnqksrz6GIjOfuvmklxWyuqK2bD', '9935b6d9-5765-4297-8b1f-c875f194bd9d|X5QJzutWwyp1jBApTn7NaLmIC4AZNABm', 0.0000, 1, 1, NULL, NULL, 0, NULL, 60, '2026-01-12 07:43:10', '2026-01-12 07:43:10', NULL),
(35, 53, 'Faris Zakaria', NULL, 'shaqueenabersaudara@gmail.com', '087873411127', NULL, 'Belum', 'c59cc194-9dd7-4945-a6ef-9f7bc76983f7|oa6FYWErdR4sAOqHXX5Uuf3KxEHqOjJbgwT06W3g', '8d4b1a99-d160-4e90-8d9c-954a99fdb046|mDifcIMM53g1eqD8MMT5d1YuUwbZH1dZ', 7646.0000, 1, 1, '2026-01-26 03:10:59', 'v1.0', 0, NULL, 60, '2026-01-12 08:49:57', '2026-01-26 03:10:59', NULL),
(36, 1, 'Admin Test Client', NULL, 'admin-test@system.local', NULL, NULL, 'Belum', '70baf347-0229-4600-9dd2-0b9cdef9448e|Fwm1cShZzwizUQRLhM7tMx9PbU1lAzN07ierLJim', '51c956a6-ae5c-4206-a401-3e90e64339a7|Mn0q8f3c436bzXl83OxBfdG0VhpUInMR', 0.0000, NULL, 1, NULL, NULL, 0, NULL, 60, '2026-01-13 05:23:20', '2026-01-13 05:23:20', NULL),
(37, 54, 'Iqbal', NULL, 'syahrialiqbal75@gmail.com', '6285171545154', NULL, 'Belum', '77b8d0be-dab1-4507-a915-2bb69ab46226|wjSGGhohtEWzo2UHv707zXxN4IKGNK730OkaakUl', '64fa6b43-b235-4d96-997d-9be486bdc36c|2As254lCOQEvfEYYb7d29jyEUWAORTuX', 0.0000, 1, 1, NULL, NULL, 0, NULL, 60, '2026-01-13 07:55:07', '2026-01-13 07:55:07', NULL),
(38, 55, 'Muhammad Irhamul Umam', NULL, 'birublue05@gmail.com', '082138489426', NULL, 'Belum', '759a18c5-2596-4105-8da6-5fee4a04ec10|ucKduNtFpWhwYDF7UqNeFt7fXosTdUw1TzuErxZ0', 'c9b2d503-5c95-4373-a1fe-864cf4c1ff43|YDjowZN3r58qq1OcPRwb8mInhJ8QProH', 1603.0000, 1, 1, '2026-02-01 04:20:51', 'v1.0', 0, NULL, 60, '2026-01-13 15:27:37', '2026-02-01 04:20:51', NULL),
(39, 56, 'Tohir Solehudin', NULL, 'tohirsolehudin47@gmail.com', '082110975474', NULL, 'Belum', '110396c1-3b48-4ca9-b68b-3672669acdd7|nDaod8BqPM5L7Kfdms9r7qJNMpXNQKetK7LbegBJ', '054318be-5b93-4abd-b190-62695fcc4720|rHyUcJTrYzAv6w4FqNf70zFvLZXkFuX1', 0.0000, 1, 1, NULL, NULL, 0, NULL, 60, '2026-01-16 09:44:08', '2026-01-16 09:44:08', NULL),
(40, 57, 'Kamarudin', NULL, 'rudi.krsoftware@gmail.com', '081381769915', NULL, 'Belum', '280e751a-57ce-4279-b1bd-245e0d538fc3|sAvskhFJm9VUQDq3aeB8i8SQTbLDM4PHcjru7rqj', '0ab98a7e-13e2-430f-a2ec-4a684a20fecd|WnPUxY6dVgjAuxRcmKajQQeLd3eeh0Jd', 2862.0000, 1, 1, NULL, NULL, 0, NULL, 60, '2026-01-16 13:36:29', '2026-01-16 14:48:30', NULL),
(41, 58, 'Faris Zakaria', NULL, 'fariszakaria07@gmail.com', '085738908275', NULL, 'Belum', '5283219d-6a8e-42e4-8a16-86c375c02e8c|8L1aRDsvu49Xem60vsIpG3PrTw0ZUa3bvPxiSCW3', 'dd837dc5-c981-4ee9-962d-b2b9f22f4be5|7LQQCcWUiSTXpzj3d2IByqb1Kl8kqmiJ', 0.0000, 1, 1, '2026-02-02 07:18:59', 'v1.0', 0, NULL, 60, '2026-01-16 16:01:39', '2026-02-02 07:18:59', NULL),
(42, 59, 'Kentang Kompt', NULL, 'fardanrendra931@gmail.com', '851 3675 2404', NULL, 'Belum', '60fa8742-6900-46c6-949e-8adcdc282d5d|ygOQ3J3ammcwvuPzVqXq8jOOMtW5g99orkm19zdi', '23c84410-fa7a-4ad7-bc55-a455114c0fd1|WqiZHRlk7uFtO36mpg6zRJPhUW4YWfEw', 0.0000, 1, 1, NULL, NULL, 0, NULL, 60, '2026-01-18 09:16:32', '2026-01-18 09:16:32', NULL),
(43, 60, 'muhamad sa\'dudin rouf', NULL, 'rn.net.5151@gmail.com', '0882006473680', NULL, 'Belum', '96b65d3d-cd42-46d1-bb1b-49a0dcecc909|aWkk7XdujFh3z7V3nuHKYMCM1xbhHCx7rn0Xnjs5', '8de10161-d723-4c03-9853-5a2cf4b42c5b|PxnowosgL7b5PtTojHRhGrbYmmB5druZ', 8900.0000, 1, 1, NULL, NULL, 0, NULL, 60, '2026-01-20 00:46:35', '2026-01-20 01:38:19', NULL),
(44, 61, 'Arinal haqo', NULL, 'haqqal8@gmail.com', '085712801325', NULL, 'Belum', '8c47dda2-1129-4b85-856b-f0065c0e461c|qFkzg3HvyEZ5iWQsq3Kwsqkp8Qe6469Q15GBxmIk', '2bdd7b39-4e8b-4c20-8eb8-c36c92a35a11|WuUArIKckVD3TyNVPbZbkyRCE0owS62C', 0.0000, 1, 1, NULL, NULL, 0, NULL, 60, '2026-01-20 01:07:39', '2026-01-20 01:07:39', NULL),
(45, 62, 'widodo', NULL, 'abdywidodo95@gmail.com', '+6289530401341', NULL, 'Belum', 'bb230189-0334-45a3-bfcb-3f28f38238a5|KHF1hmjFSx8BgooP1gMvQRj59yQjUXAIvUDDZ1lN', '7fe48ee0-897f-4404-a9ad-504342941d88|3N48JnoCzrmTj1ifpcwHJKve4zF6d2yR', 53871.0000, 1, 1, '2026-01-23 02:23:20', 'v1.0', 0, NULL, 60, '2026-01-22 05:17:29', '2026-02-02 06:15:39', NULL),
(46, 63, 'gustavo', NULL, 'bersamabernadya@gmail.com', '087730588065', NULL, 'Belum', '366dd3c5-c329-4491-9a14-76143bb2fea6|ztQy0ddpKIEPIe914vfOxwmy5fsfOo6TNTTZ1FyD', '02e7adbc-8ffe-4ade-ac3b-b5c8388d81bc|xZozv5CVvvcGXUTRal4x2N1aysppTIbm', 244.0000, 3, 1, '2026-01-23 05:48:53', 'v1.0', 0, NULL, 60, '2026-01-22 09:26:03', '2026-01-23 15:12:28', NULL),
(47, 64, 'putri cahaya', NULL, 'putricahaya2051@gmail.com', '082331543021', NULL, 'Belum', '1341634b-a7cd-47a6-901b-da6dea72828b|jj1jlJiDEMsKLsy9JjMIgK0BgpVWitFH3EMirsEX', '9391139b-5ba1-4af3-8acf-834e3d502da5|rCambkXgyEaLH0SwwxHoAjumGTzA94TK', 25648.0000, 3, 1, '2026-01-23 07:42:19', 'v1.0', 0, NULL, 60, '2026-01-22 12:26:36', '2026-02-03 11:54:43', NULL),
(48, 65, 'Donny', NULL, 'noconej801@daikoa.com', '081808376921', NULL, 'Belum', '9c6a114e-727d-430e-ba24-6c5996430c5f|SlbgQMH3zyezRug8plgPmPPEQTx7OZqVXOo5ObYT', 'bffc8e31-bc3b-47af-9256-0c14bd5f8642|e9yMa37gko7x1MNE14H68ORWeLGL9FjC', 0.0000, 3, 1, '2026-01-23 03:20:29', 'v1.0', 0, NULL, 60, '2026-01-23 03:20:29', '2026-01-23 15:13:31', NULL),
(49, 66, 'Farrell ALfarezqi', NULL, 'fluuxible@gmail.com', '08157772501', NULL, 'Belum', '7a47ff53-78a5-40f1-ba25-8132ee7a36bd|FIBfcESmGRVTlANe5viRznv31huFXb6C6iTtHShC', '5e048114-1b31-4d66-bd8b-68f432865028|pjIqOKbKE02hZrGzFQpv9zsgVtqur6mD', 0.0000, 1, 1, '2026-01-23 04:21:26', 'v1.0', 0, NULL, 60, '2026-01-23 04:21:26', '2026-01-23 04:21:26', NULL),
(50, 67, 'cahaya pesg', NULL, 'ajipradana.cikaloka@gmail.com', '+62 812-6372-7806', NULL, 'Belum', '9d676936-c28a-4e62-a6cf-c8b77adc9b20|g89y1KIYWXV3BiDQU1UrU6t7sqsjBbWglzGyLCeI', 'd072d4ba-1688-4c35-a44e-8ed45a674ae2|72cIrQBZtaiXstwXPeRtV3W2Iom9lnbl', 0.0000, 3, 1, '2026-01-23 06:23:52', 'v1.0', 0, NULL, 60, '2026-01-23 06:23:52', '2026-01-23 15:13:38', NULL),
(51, 68, 'Ahmad Faleh Jamaluddin', NULL, 'falehjamaluddin@gmail.com', '085281411550', 'shared', 'Belum', 'dd125e01-a1dd-4f4c-9cad-85e2a5e91b87|5x7oPEJF5W6zjkxk8PL7CDMZ2IsiYJpBGZFlAYqX', 'e945d08e-f5ee-472f-8e9b-9bdb1aabd966|6BqqbXxts8WvvGFOYEZ18BW0BoVvny5b', 50000.0000, 1, 1, '2026-01-23 07:02:31', 'v1.0', 0, NULL, 60, '2026-01-23 07:02:31', '2026-01-23 07:37:49', NULL),
(52, 69, 'I Gede Edy Irawan', NULL, 'edy.irawan87@gmail.com', '08119099818', NULL, 'Belum', '11018a91-2f20-452d-a2d0-17b33f9a78a4|oFQKX1jzSf31CxGptIS3iLWXehHreP2lwKHAVqCs', '3fffc434-62a1-473f-a840-def02e644e6b|FjzHyessHnXe0u7WqvJHksrf9d532fJL', 44103.0000, 1, 1, '2026-01-23 09:24:01', 'v1.0', 0, NULL, 60, '2026-01-23 09:24:01', '2026-01-27 10:00:21', NULL),
(53, 71, 'Akademik UBA', NULL, 'raudhotulathfaaluba1@gmail.com', '085198889810', NULL, 'Belum', '8a2ca473-f812-4690-8795-c40d65a3ebe3|K9ptYwqZGVJMTWK2DqS35wcKqN0WaQodyjCGQCaj', 'b1efe296-dd48-4bc5-90fd-529694f50c32|0654BFq3BNkMJ3Ito7SN3vzcTbxyXcWc', 0.0000, 1, 1, '2026-01-24 04:34:28', 'v1.0', 0, NULL, 60, '2026-01-24 04:34:28', '2026-01-24 04:34:28', NULL),
(54, 72, 'Marzuki', NULL, 'spoiku04@gmail.com', '052377168756', NULL, 'Belum', '38060d69-64df-45be-87f2-4f6afe2b988a|a3MkM7feB6rkat44j6B2S1msARulDK5CkO76xWFH', '0af6a6f0-bfe8-41f1-895a-ab2f6f8fa5f5|GQFfrVmw3X9rjkUJ0p0pXvGituWLxHcO', 0.0000, 1, 1, '2026-01-24 16:07:58', 'v1.0', 0, NULL, 60, '2026-01-24 16:07:58', '2026-01-24 16:07:58', NULL),
(55, 73, 'Kisanagi', NULL, 'alalp577@gmail.com', '081328433068', NULL, 'Belum', '509928ad-4b4e-48ba-bdb7-f9c13b965882|dNkQMhDPSIP2r8b74yOWEuGUsOvz6QTCvLiG25BW', '981a491b-7b97-4979-91b8-00ddb2b4e8b1|beWB10uvq73Aua3Gnw7z8YrdfvKlz4CM', 0.0000, 1, 1, '2026-01-27 12:27:01', 'v1.0', 0, NULL, 60, '2026-01-27 12:27:01', '2026-01-27 12:27:01', NULL),
(56, 74, 'Biyan Oscar', NULL, 'biyanoscar@gmail.com', '085850561040', NULL, 'Belum', 'f6a48092-8ad3-453c-819e-92f9f7f386bc|z2LIV5NIXtmdYhDrMWgJvEcOrLnpnjhijIHqsmuP', '75b8fa1a-9ab4-401e-a3c0-439b1bea95f3|GIbyxg1cl8qaa2WZpg9x8taHgMzht1yR', 21456.0000, 1, 1, '2026-01-28 10:37:54', 'v1.0', 0, NULL, 60, '2026-01-28 10:37:54', '2026-01-29 06:59:57', NULL),
(57, 75, 'Ari', NULL, 'made.arisanjaya@gmail.com', '085359999888', NULL, 'Belum', '6253cedd-d42f-4e7a-8398-f57793547481|mEBwjfWj78JzKeDuNHIazNHXfRhPAQ7aYLNlj2bs', 'c8e85c05-8408-4b87-9eff-a349f0b886fa|kyaqHgYG3Liy5FyG0GqcFLoqpHPogtYM', 0.0000, 1, 1, '2026-01-28 10:51:25', 'v1.0', 0, NULL, 60, '2026-01-28 10:51:25', '2026-01-28 10:51:25', NULL),
(58, 76, 'Tasya', NULL, 'marketing130819@gmail.com', '0895402483354', NULL, 'Belum', '9d6eef68-a83a-4d2b-ac42-8c9c36c11f58|FnjcVxQPZAZFR7orBFMWZXZglZp8wGfatcZLhuEX', '7b6b398b-17c9-42f4-bbd1-47f0ea309990|GBUtPaUIzQ0WULnDzESJeuBDIwGXgNb6', 0.0000, 1, 1, '2026-01-29 05:06:48', 'v1.0', 0, NULL, 60, '2026-01-29 05:06:48', '2026-01-29 05:06:48', NULL),
(59, 77, 'disraya', NULL, 'disrayabr777@gmail.com', '081315456777', NULL, 'Belum', '1f07c76c-be9f-42a6-9bde-783ffe3cd37a|d0kBlNzYSKfdjXIA1n9NkKt240pxo9909U51RGka', '19133944-a8e6-4ee9-a4cc-cf8a7846c947|Fe5DkbMWtQ1jYHXFQSGEU7MIB6UTqXvU', 39631.0000, 1, 1, '2026-01-29 06:24:02', 'v1.0', 0, NULL, 60, '2026-01-29 06:24:02', '2026-02-02 14:28:51', NULL),
(60, 78, 'IT RPF', NULL, 'marul@rajpf.com', '087775562707', NULL, 'Belum', 'b9e800ef-8b57-4df6-88ef-11e74e9aef0e|4rKL3S3B28sNrFWqJr3YnvIPijOn9SqDebXiyca5', 'addcb025-42fc-468a-891e-72a526e3150a|64SNABHbYmz1kzKntJyNwUiIqs5ca455', 0.0000, 1, 1, '2026-01-30 08:11:10', 'v1.0', 0, NULL, 60, '2026-01-30 08:11:10', '2026-01-30 08:11:10', NULL),
(61, 79, 'dudung', NULL, 'watsonv830102+ytpkh@outlook.com', '082149010000', NULL, 'Belum', '3fc86dbc-9659-4311-b9a8-7152a44f2b7c|lmQfvPA2ZJhl2RfH0wtgQxMTTHbM38wkf9Q3UMz3', '4380d136-5e0f-4742-a568-8242b8609920|WwFqORpomElhrlXdyFi0SH2HnRBYwJh6', 0.0000, 1, 1, '2026-01-30 20:11:18', 'v1.0', 0, NULL, 60, '2026-01-30 20:11:18', '2026-01-30 20:11:18', NULL),
(62, 80, 'Arie Prihandhika', NULL, 'arie.prihandhika@gmail.com', '081399901396', NULL, 'Belum', '538e0bf3-6849-4afb-b454-671bb5cb37d0|gxHscBakI3WGGaOBxlgR4QcfcocCOvnMaHZSEfXh', '151e20b0-fde9-4117-a1de-1ba25db2df4b|DehlK2C7inKleD5YN44StwxxABk6AfWH', 5914.0000, 1, 1, '2026-01-31 07:43:39', 'v1.0', 0, NULL, 60, '2026-01-31 07:43:39', '2026-02-02 04:53:27', NULL),
(63, 81, 'Denny Pralaut', NULL, 'lhapiyeneh@gmail.com', '085641749627', NULL, 'Belum', '67c50990-e2f2-4b8a-b64c-204a6dc91d5f|1R2ErxBDarlPpz5nGX1zgPeg2PvA5EkJj1Tfcnnh', '6de3d4ed-182c-400b-9c80-2c9883489f7c|up5tH5Y6xtXVftFq1HdFcJHG3h4705uY', 7709.0000, 1, 1, '2026-01-31 10:19:08', 'v1.0', 0, NULL, 60, '2026-01-31 10:19:08', '2026-02-02 10:54:35', NULL),
(64, 82, 'Nur Fadhilah', NULL, 'cakaget@gmail.com', '0895361034833', 'shared', 'Belum', '56f1c694-57c7-4c56-9c49-7cb9b8464697|gR2HhQtMerZPIsLk5pTULdwG1s68xbE3YaTqpiZT', 'f5452cfc-8baa-4d84-b26b-662ebdf06628|45oACDUJkpQvfwDP0ZGzvLOeZQtj3rSI', 5990.0000, 1, 1, '2026-01-31 16:29:41', 'v1.0', 0, NULL, 60, '2026-01-31 16:29:41', '2026-02-02 07:34:00', NULL),
(65, 83, 'GANI INDRAWAN', NULL, 'gani.indrawan23@gmail.com', '087852125579', NULL, 'Belum', '761b3e67-7d51-43c5-b2b1-66ec1b2532cb|Nmn945m1769I0WSzaVd1N5rGcHEIFX8tU2LCS6tJ', '62ece3a9-0b65-46cd-9a0f-41a6083fc1de|wYJ23atKKVjhVsVNt5ZctWpoS8gfRmyp', 358103.0000, 1, 1, '2026-02-01 10:49:44', 'v1.0', 0, NULL, 60, '2026-02-01 10:49:44', '2026-02-03 12:32:34', NULL),
(66, 84, 'Chen Xing', NULL, 'xingchen19910402@gmail.com', '0718704004', NULL, 'Belum', '3d60556c-294e-4bf2-b75c-f24a0cec1e49|v3nAPmu9bemEx78Au7bmPGhw3W2OxrM3Sts4DG8W', 'f7eb89ec-d129-4925-a714-a3e02f25103d|q1UsN0d8zjMyCq6kATUXNbhnn8cioUqf', 0.0000, 1, 1, '2026-02-02 03:51:32', 'v1.0', 0, NULL, 60, '2026-02-02 03:51:32', '2026-02-02 03:51:32', NULL),
(67, 89, 'Hasan Husen', NULL, 'amurehasan13@gmail.com', '085177443593', NULL, 'Belum', 'bec94d0f-5095-4f00-95f9-9068acca39b0|u23Nh7kGUIFtyxPpIdgxcY1Cjq8RIhdLN7icfN4G', 'e2dbe80e-e70c-47b0-971c-cb685777114b|wqfeGeyLgMDL4MBbqFYoGIcU4lTQvZwn', 0.0000, 1, 1, '2026-02-03 02:02:47', 'v1.0', 0, NULL, 60, '2026-02-03 02:02:47', '2026-02-03 02:02:47', NULL),
(68, 91, 'SMP PESAT', NULL, 'smp.pesatbw@gmail.com', '085183059329', NULL, 'Belum', '894ec92e-09f1-4974-8689-cab3d50c8d89|oXlGXrDKU3KnD6rqcbab3RxULYbnsXm7IETwJ89r', '0dbd1c70-b229-4ae0-9e06-23c3e8ad06ad|RWPREiG8YeOKzAkaaco1cilrYsMhrm2F', 0.0000, 1, 1, '2026-02-03 03:42:27', 'v1.0', 0, NULL, 60, '2026-02-03 03:42:27', '2026-02-03 03:42:27', NULL),
(69, 92, 'fredy', NULL, 'fredy2025ervan@gmail.com', '081225993033', NULL, 'Belum', 'fa243740-4dc8-4624-be5c-ebc26b11d438|7JjqEQ5PJ6ferb00w61RlBK63oZDwKcdIcwICSOg', '924f571c-fb81-4008-9e18-f9372dad2c88|M9vfpoUxEVma0n8KG5KSO8JDAmRLUcJg', 8503.0000, 1, 1, '2026-02-03 06:34:39', 'v1.0', 0, NULL, 60, '2026-02-03 06:34:39', '2026-02-03 06:48:31', NULL);

-- --------------------------------------------------------

--
-- Table structure for table `client_addons`
--

CREATE TABLE `client_addons` (
  `id` bigint UNSIGNED NOT NULL,
  `client_id` bigint UNSIGNED NOT NULL,
  `addon_code` varchar(50) COLLATE utf8mb4_unicode_ci NOT NULL,
  `quantity` int NOT NULL DEFAULT '0',
  `price_per_unit` decimal(15,2) DEFAULT NULL,
  `total_price` decimal(15,2) DEFAULT NULL,
  `billing_cycle` enum('monthly','yearly') COLLATE utf8mb4_unicode_ci NOT NULL DEFAULT 'monthly',
  `status` enum('active','cancelled','expired') COLLATE utf8mb4_unicode_ci NOT NULL DEFAULT 'active',
  `start_at` timestamp NULL DEFAULT NULL,
  `end_at` timestamp NULL DEFAULT NULL,
  `next_quantity` int DEFAULT NULL,
  `auto_renew` tinyint(1) NOT NULL DEFAULT '1',
  `created_at` timestamp NULL DEFAULT NULL,
  `updated_at` timestamp NULL DEFAULT NULL
) ENGINE=InnoDB DEFAULT CHARSET=utf8mb4 COLLATE=utf8mb4_unicode_ci;

--
-- Dumping data for table `client_addons`
--

INSERT INTO `client_addons` (`id`, `client_id`, `addon_code`, `quantity`, `price_per_unit`, `total_price`, `billing_cycle`, `status`, `start_at`, `end_at`, `next_quantity`, `auto_renew`, `created_at`, `updated_at`) VALUES
(1, 10, 'mobile_agent_access', 1, 30000.00, 30000.00, 'monthly', 'cancelled', '2026-01-05 09:01:34', '2026-02-04 09:01:34', NULL, 1, '2026-01-05 09:01:34', '2026-01-05 09:05:50'),
(2, 10, 'mobile_agent_access', 2, 30000.00, 60000.00, 'monthly', 'cancelled', '2026-01-05 09:05:59', '2026-02-04 09:05:59', NULL, 1, '2026-01-05 09:05:59', '2026-01-05 09:06:13'),
(3, 10, 'mobile_agent_access', 1, 30000.00, 30000.00, 'monthly', 'cancelled', '2026-01-05 09:11:08', '2026-02-04 09:11:08', NULL, 1, '2026-01-05 09:11:08', '2026-01-05 09:50:35'),
(4, 10, 'mobile_agent_access', 1, 30000.00, 30000.00, 'monthly', 'active', '2026-01-05 12:43:35', '2026-02-04 12:43:35', NULL, 1, '2026-01-05 12:43:35', '2026-01-05 12:43:35'),
(5, 14, 'mobile_agent_access', 1, 35000.00, 35000.00, 'monthly', 'active', '2026-01-06 07:44:20', '2026-02-05 07:44:20', NULL, 1, '2026-01-06 07:44:20', '2026-01-06 07:44:20'),
(6, 12, 'mobile_agent_access', 1, 35000.00, 35000.00, 'monthly', 'active', '2026-01-06 18:03:15', '2026-02-05 18:03:15', NULL, 1, '2026-01-06 18:03:15', '2026-01-06 18:03:15');

-- --------------------------------------------------------

--
-- Table structure for table `client_dedicated_assignments`
--

CREATE TABLE `client_dedicated_assignments` (
  `id` bigint UNSIGNED NOT NULL,
  `client_id` bigint UNSIGNED NOT NULL,
  `waba_pool_id` bigint UNSIGNED NOT NULL,
  `assigned_at` timestamp NOT NULL DEFAULT CURRENT_TIMESTAMP,
  `created_at` timestamp NULL DEFAULT NULL,
  `updated_at` timestamp NULL DEFAULT NULL
) ENGINE=InnoDB DEFAULT CHARSET=utf8mb4 COLLATE=utf8mb4_unicode_ci;

-- --------------------------------------------------------

--
-- Table structure for table `client_overrides`
--

CREATE TABLE `client_overrides` (
  `id` bigint UNSIGNED NOT NULL,
  `client_id` bigint UNSIGNED NOT NULL,
  `override_code` varchar(50) COLLATE utf8mb4_unicode_ci NOT NULL,
  `override_value` varchar(255) COLLATE utf8mb4_unicode_ci NOT NULL,
  `notes` text COLLATE utf8mb4_unicode_ci,
  `created_at` timestamp NULL DEFAULT NULL,
  `updated_at` timestamp NULL DEFAULT NULL
) ENGINE=InnoDB DEFAULT CHARSET=utf8mb4 COLLATE=utf8mb4_unicode_ci;

-- --------------------------------------------------------

--
-- Table structure for table `client_packages`
--

CREATE TABLE `client_packages` (
  `id` bigint UNSIGNED NOT NULL,
  `client_id` bigint UNSIGNED NOT NULL,
  `package_id` bigint UNSIGNED NOT NULL,
  `package_type` varchar(20) COLLATE utf8mb4_unicode_ci DEFAULT NULL COMMENT 'Cached: shared, dedicated, self_service',
  `integration_mode` varchar(20) COLLATE utf8mb4_unicode_ci DEFAULT NULL COMMENT 'Cached: pool, managed, oauth',
  `start_at` timestamp NULL DEFAULT NULL,
  `end_at` timestamp NULL DEFAULT NULL,
  `status` varchar(20) COLLATE utf8mb4_unicode_ci NOT NULL DEFAULT 'active',
  `upgraded_from_id` bigint UNSIGNED DEFAULT NULL COMMENT 'Previous package assignment ID',
  `upgraded_at` timestamp NULL DEFAULT NULL,
  `billing_cycle` varchar(20) COLLATE utf8mb4_unicode_ci NOT NULL DEFAULT 'monthly',
  `price_paid` decimal(12,2) NOT NULL DEFAULT '0.00',
  `auto_renew` tinyint(1) NOT NULL DEFAULT '1',
  `grace_period_until` timestamp NULL DEFAULT NULL,
  `renewal_attempts` int NOT NULL DEFAULT '0',
  `custom_package_id` bigint UNSIGNED DEFAULT NULL,
  `next_package_id` bigint UNSIGNED DEFAULT NULL,
  `created_at` timestamp NULL DEFAULT NULL,
  `updated_at` timestamp NULL DEFAULT NULL
) ENGINE=InnoDB DEFAULT CHARSET=utf8mb4 COLLATE=utf8mb4_unicode_ci;

--
-- Dumping data for table `client_packages`
--

INSERT INTO `client_packages` (`id`, `client_id`, `package_id`, `package_type`, `integration_mode`, `start_at`, `end_at`, `status`, `upgraded_from_id`, `upgraded_at`, `billing_cycle`, `price_paid`, `auto_renew`, `grace_period_until`, `renewal_attempts`, `custom_package_id`, `next_package_id`, `created_at`, `updated_at`) VALUES
(2, 10, 6, NULL, NULL, '2026-01-03 19:43:42', '2026-02-02 19:43:42', 'active', NULL, NULL, 'monthly', 99000.00, 1, NULL, 0, NULL, NULL, '2026-01-03 19:43:42', '2026-01-03 19:43:42');

-- --------------------------------------------------------

--
-- Table structure for table `client_term_approvals`
--

CREATE TABLE `client_term_approvals` (
  `id` bigint UNSIGNED NOT NULL,
  `client_id` bigint UNSIGNED NOT NULL,
  `terms_version` varchar(50) COLLATE utf8mb4_unicode_ci NOT NULL COMMENT 'Version of terms that was approved',
  `approved_at` timestamp NOT NULL,
  `ip_address` varchar(45) COLLATE utf8mb4_unicode_ci DEFAULT NULL,
  `user_agent` text COLLATE utf8mb4_unicode_ci,
  `created_at` timestamp NULL DEFAULT NULL,
  `updated_at` timestamp NULL DEFAULT NULL
) ENGINE=InnoDB DEFAULT CHARSET=utf8mb4 COLLATE=utf8mb4_unicode_ci;

--
-- Dumping data for table `client_term_approvals`
--

INSERT INTO `client_term_approvals` (`id`, `client_id`, `terms_version`, `approved_at`, `ip_address`, `user_agent`, `created_at`, `updated_at`) VALUES
(1, 7, 'v1.0', '2026-01-22 15:24:44', '114.10.18.57', 'Mozilla/5.0 (Windows NT 10.0; Win64; x64) AppleWebKit/537.36 (KHTML, like Gecko) Chrome/144.0.0.0 Safari/537.36 Edg/144.0.0.0', '2026-01-22 15:24:44', '2026-01-22 15:24:44'),
(2, 45, 'v1.0', '2026-01-23 02:23:20', '103.178.13.24', 'Mozilla/5.0 (Windows NT 10.0; Win64; x64) AppleWebKit/537.36 (KHTML, like Gecko) Chrome/144.0.0.0 Safari/537.36 Edg/144.0.0.0', '2026-01-23 02:23:20', '2026-01-23 02:23:20'),
(3, 48, 'v1.0', '2026-01-23 03:20:29', '182.253.57.106', 'Mozilla/5.0 (Windows NT 10.0; Win64; x64) AppleWebKit/537.36 (KHTML, like Gecko) Chrome/144.0.0.0 Safari/537.36', '2026-01-23 03:20:29', '2026-01-23 03:20:29'),
(4, 49, 'v1.0', '2026-01-23 04:21:27', '52.74.124.247', 'Mozilla/5.0 (Windows NT 10.0; Win64; x64) AppleWebKit/537.36 (KHTML, like Gecko) Chrome/144.0.0.0 Safari/537.36', '2026-01-23 04:21:27', '2026-01-23 04:21:27'),
(5, 46, 'v1.0', '2026-01-23 05:48:53', '89.116.140.53', 'Mozilla/5.0 (Windows NT 10.0; Win64; x64) AppleWebKit/537.36 (KHTML, like Gecko) Chrome/131.0.0.0 Safari/537.36', '2026-01-23 05:48:53', '2026-01-23 05:48:53'),
(6, 50, 'v1.0', '2026-01-23 06:23:52', '45.248.78.9', 'Mozilla/5.0 (Windows NT 10.0; Win64; x64) AppleWebKit/537.36 (KHTML, like Gecko) Chrome/143.0.0.0 Safari/537.36', '2026-01-23 06:23:52', '2026-01-23 06:23:52'),
(7, 51, 'v1.0', '2026-01-23 07:02:31', '112.78.37.74', 'Mozilla/5.0 (Windows NT 10.0; Win64; x64) AppleWebKit/537.36 (KHTML, like Gecko) Chrome/144.0.0.0 Safari/537.36', '2026-01-23 07:02:31', '2026-01-23 07:02:31'),
(8, 47, 'v1.0', '2026-01-23 07:42:19', '157.85.64.82', 'Mozilla/5.0 (Windows NT 10.0; Win64; x64) AppleWebKit/537.36 (KHTML, like Gecko) Chrome/144.0.0.0 Safari/537.36', '2026-01-23 07:42:19', '2026-01-23 07:42:19'),
(9, 52, 'v1.0', '2026-01-23 09:24:01', '114.125.253.87', 'Mozilla/5.0 (Linux; Android 10; K) AppleWebKit/537.36 (KHTML, like Gecko) Chrome/144.0.0.0 Mobile Safari/537.36', '2026-01-23 09:24:01', '2026-01-23 09:24:01'),
(10, 53, 'v1.0', '2026-01-24 04:34:28', '125.167.56.25', 'Mozilla/5.0 (Windows NT 10.0; Win64; x64) AppleWebKit/537.36 (KHTML, like Gecko) Chrome/144.0.0.0 Safari/537.36', '2026-01-24 04:34:28', '2026-01-24 04:34:28'),
(11, 10, 'v1.0', '2026-01-24 15:34:39', '114.10.8.142', 'Mozilla/5.0 (Windows NT 10.0; Win64; x64) AppleWebKit/537.36 (KHTML, like Gecko) Chrome/144.0.0.0 Safari/537.36 Edg/144.0.0.0', '2026-01-24 15:34:39', '2026-01-24 15:34:39'),
(12, 54, 'v1.0', '2026-01-24 16:07:58', '103.247.240.12', 'Mozilla/5.0 (iPhone; CPU iPhone OS 26_1_0 like Mac OS X) AppleWebKit/605.1.15 (KHTML, like Gecko) GSA/404.0.856692123 Mobile/15E148 Safari/604.1', '2026-01-24 16:07:58', '2026-01-24 16:07:58'),
(13, 35, 'v1.0', '2026-01-26 03:10:59', '114.8.219.130', 'Mozilla/5.0 (Windows NT 10.0; Win64; x64) AppleWebKit/537.36 (KHTML, like Gecko) Chrome/143.0.0.0 Safari/537.36 Edg/143.0.0.0', '2026-01-26 03:10:59', '2026-01-26 03:10:59'),
(14, 55, 'v1.0', '2026-01-27 12:27:01', '114.8.214.86', 'Mozilla/5.0 (Linux; Android 10; K) AppleWebKit/537.36 (KHTML, like Gecko) Chrome/139.0.0.0 Mobile Safari/537.36', '2026-01-27 12:27:01', '2026-01-27 12:27:01'),
(15, 56, 'v1.0', '2026-01-28 10:37:54', '202.6.237.2', 'Mozilla/5.0 (X11; Linux x86_64) AppleWebKit/537.36 (KHTML, like Gecko) Chrome/137.0.0.0 Safari/537.36', '2026-01-28 10:37:54', '2026-01-28 10:37:54'),
(16, 57, 'v1.0', '2026-01-28 10:51:25', '182.253.149.59', 'Mozilla/5.0 (Macintosh; Intel Mac OS X 10.15; rv:147.0) Gecko/20100101 Firefox/147.0', '2026-01-28 10:51:25', '2026-01-28 10:51:25'),
(17, 58, 'v1.0', '2026-01-29 05:06:48', '180.252.120.51', 'Mozilla/5.0 (Windows NT 10.0; Win64; x64) AppleWebKit/537.36 (KHTML, like Gecko) Chrome/144.0.0.0 Safari/537.36 Edg/144.0.0.0', '2026-01-29 05:06:48', '2026-01-29 05:06:48'),
(18, 59, 'v1.0', '2026-01-29 06:24:02', '45.123.142.85', 'Mozilla/5.0 (Windows NT 10.0; Win64; x64) AppleWebKit/537.36 (KHTML, like Gecko) Chrome/144.0.0.0 Safari/537.36', '2026-01-29 06:24:02', '2026-01-29 06:24:02'),
(19, 12, 'v1.0', '2026-01-29 15:09:34', '114.10.18.226', 'Mozilla/5.0 (Windows NT 10.0; Win64; x64) AppleWebKit/537.36 (KHTML, like Gecko) Chrome/144.0.0.0 Safari/537.36 Edg/144.0.0.0', '2026-01-29 15:09:34', '2026-01-29 15:09:34'),
(20, 60, 'v1.0', '2026-01-30 08:11:10', '36.65.204.137', 'Mozilla/5.0 (Windows NT 10.0; Win64; x64) AppleWebKit/537.36 (KHTML, like Gecko) Chrome/144.0.0.0 Safari/537.36', '2026-01-30 08:11:10', '2026-01-30 08:11:10'),
(21, 61, 'v1.0', '2026-01-30 20:11:18', '182.10.98.44', 'Mozilla/5.0 (Windows NT 10.0; Win64; x64) AppleWebKit/537.36 (KHTML, like Gecko) Chrome/144.0.0.0 Safari/537.36', '2026-01-30 20:11:18', '2026-01-30 20:11:18'),
(22, 62, 'v1.0', '2026-01-31 07:43:39', '222.124.94.106', 'Mozilla/5.0 (Windows NT 10.0; Win64; x64) AppleWebKit/537.36 (KHTML, like Gecko) Chrome/145.0.0.0 Safari/537.36 Edg/145.0.0.0', '2026-01-31 07:43:39', '2026-01-31 07:43:39'),
(23, 63, 'v1.0', '2026-01-31 10:19:08', '114.10.22.169', 'Mozilla/5.0 (Linux; Android 10; K) AppleWebKit/537.36 (KHTML, like Gecko) Chrome/143.0.0.0 Mobile Safari/537.36', '2026-01-31 10:19:08', '2026-01-31 10:19:08'),
(24, 64, 'v1.0', '2026-01-31 16:29:41', '114.10.8.136', 'Mozilla/5.0 (Windows NT 10.0; Win64; x64) AppleWebKit/537.36 (KHTML, like Gecko) Chrome/144.0.0.0 Safari/537.36 Edg/144.0.0.0', '2026-01-31 16:29:41', '2026-01-31 16:29:41'),
(25, 38, 'v1.0', '2026-02-01 04:20:51', '114.10.22.192', 'Mozilla/5.0 (Windows NT 10.0; Win64; x64) AppleWebKit/537.36 (KHTML, like Gecko) Chrome/144.0.0.0 Safari/537.36 Edg/144.0.0.0', '2026-02-01 04:20:51', '2026-02-01 04:20:51'),
(26, 65, 'v1.0', '2026-02-01 10:49:44', '182.8.92.109', 'Mozilla/5.0 (Windows NT 10.0; Win64; x64) AppleWebKit/537.36 (KHTML, like Gecko) Chrome/144.0.0.0 Safari/537.36', '2026-02-01 10:49:44', '2026-02-01 10:49:44'),
(27, 66, 'v1.0', '2026-02-02 03:51:32', '118.71.159.222', 'Mozilla/5.0 (Windows NT 10.0; Win64; x64) AppleWebKit/537.36 (KHTML, like Gecko) Chrome/144.0.0.0 Safari/537.36', '2026-02-02 03:51:32', '2026-02-02 03:51:32'),
(28, 41, 'v1.0', '2026-02-02 07:18:59', '114.5.104.203', 'Mozilla/5.0 (Windows NT 10.0; Win64; x64) AppleWebKit/537.36 (KHTML, like Gecko) Chrome/144.0.0.0 Safari/537.36 Edg/144.0.0.0', '2026-02-02 07:18:59', '2026-02-02 07:18:59'),
(29, 67, 'v1.0', '2026-02-03 02:02:47', '160.191.180.123', 'Mozilla/5.0 (Linux; Android 10; K) AppleWebKit/537.36 (KHTML, like Gecko) Chrome/144.0.0.0 Mobile Safari/537.36', '2026-02-03 02:02:47', '2026-02-03 02:02:47'),
(30, 68, 'v1.0', '2026-02-03 03:42:27', '182.253.176.23', 'Mozilla/5.0 (Windows NT 10.0; Win64; x64) AppleWebKit/537.36 (KHTML, like Gecko) Chrome/144.0.0.0 Safari/537.36', '2026-02-03 03:42:27', '2026-02-03 03:42:27'),
(31, 69, 'v1.0', '2026-02-03 06:34:39', '36.89.236.2', 'Mozilla/5.0 (Windows NT 10.0; Win64; x64) AppleWebKit/537.36 (KHTML, like Gecko) Chrome/144.0.0.0 Safari/537.36', '2026-02-03 06:34:39', '2026-02-03 06:34:39');

-- --------------------------------------------------------

--
-- Table structure for table `contacts`
--

CREATE TABLE `contacts` (
  `id` bigint UNSIGNED NOT NULL,
  `client_id` bigint UNSIGNED NOT NULL,
  `name` varchar(255) CHARACTER SET utf8mb4 COLLATE utf8mb4_unicode_ci NOT NULL,
  `phone_number` varchar(20) CHARACTER SET utf8mb4 COLLATE utf8mb4_unicode_ci NOT NULL,
  `email` varchar(255) CHARACTER SET utf8mb4 COLLATE utf8mb4_unicode_ci DEFAULT NULL,
  `tags` json DEFAULT NULL,
  `notes` text CHARACTER SET utf8mb4 COLLATE utf8mb4_unicode_ci,
  `created_at` timestamp NULL DEFAULT NULL,
  `updated_at` timestamp NULL DEFAULT NULL
) ENGINE=InnoDB DEFAULT CHARSET=utf8mb4 COLLATE=utf8mb4_unicode_ci;

-- --------------------------------------------------------

--
-- Table structure for table `contact_groups`
--

CREATE TABLE `contact_groups` (
  `id` bigint UNSIGNED NOT NULL,
  `client_id` bigint UNSIGNED NOT NULL,
  `name` varchar(255) CHARACTER SET utf8mb4 COLLATE utf8mb4_unicode_ci NOT NULL,
  `description` text CHARACTER SET utf8mb4 COLLATE utf8mb4_unicode_ci,
  `created_at` timestamp NULL DEFAULT NULL,
  `updated_at` timestamp NULL DEFAULT NULL
) ENGINE=InnoDB DEFAULT CHARSET=utf8mb4 COLLATE=utf8mb4_unicode_ci;

-- --------------------------------------------------------

--
-- Table structure for table `contact_group_members`
--

CREATE TABLE `contact_group_members` (
  `contact_id` bigint UNSIGNED NOT NULL,
  `contact_group_id` bigint UNSIGNED NOT NULL,
  `created_at` timestamp NULL DEFAULT NULL,
  `updated_at` timestamp NULL DEFAULT NULL
) ENGINE=InnoDB DEFAULT CHARSET=utf8mb4 COLLATE=utf8mb4_unicode_ci;

-- --------------------------------------------------------

--
-- Table structure for table `custom_packages`
--

CREATE TABLE `custom_packages` (
  `id` bigint UNSIGNED NOT NULL,
  `client_id` bigint UNSIGNED NOT NULL,
  `name` varchar(100) COLLATE utf8mb4_unicode_ci NOT NULL,
  `type` varchar(20) COLLATE utf8mb4_unicode_ci NOT NULL DEFAULT 'dedicated',
  `description` text COLLATE utf8mb4_unicode_ci,
  `max_agents` int NOT NULL DEFAULT '2',
  `price_monthly` decimal(12,2) NOT NULL DEFAULT '0.00',
  `price_yearly` decimal(12,2) NOT NULL DEFAULT '0.00',
  `duration_days` int NOT NULL DEFAULT '30',
  `grace_period_days` int NOT NULL DEFAULT '7',
  `auto_renew_default` tinyint(1) NOT NULL DEFAULT '1',
  `is_active` tinyint(1) NOT NULL DEFAULT '1',
  `created_by` bigint UNSIGNED NOT NULL,
  `created_at` timestamp NULL DEFAULT NULL,
  `updated_at` timestamp NULL DEFAULT NULL
) ENGINE=InnoDB DEFAULT CHARSET=utf8mb4 COLLATE=utf8mb4_unicode_ci;

-- --------------------------------------------------------

--
-- Table structure for table `dedicated_assigns`
--

CREATE TABLE `dedicated_assigns` (
  `id` bigint UNSIGNED NOT NULL,
  `client_id` bigint UNSIGNED NOT NULL,
  `waba_pool_id` bigint UNSIGNED NOT NULL,
  `start_date` datetime NOT NULL,
  `end_date` datetime DEFAULT NULL,
  `status` enum('pending','active','expired','cancelled') CHARACTER SET utf8mb4 COLLATE utf8mb4_unicode_ci NOT NULL DEFAULT 'active' COMMENT 'Status assignment',
  `price` decimal(12,2) NOT NULL DEFAULT '0.00' COMMENT 'Harga assign (one-time)',
  `label` varchar(100) CHARACTER SET utf8mb4 COLLATE utf8mb4_unicode_ci DEFAULT NULL COMMENT 'Nama/label custom untuk nomor',
  `assigned_by` bigint UNSIGNED DEFAULT NULL,
  `assigned_at` timestamp NULL DEFAULT NULL COMMENT 'Waktu diassign',
  `notes` text CHARACTER SET utf8mb4 COLLATE utf8mb4_unicode_ci COMMENT 'Catatan admin',
  `created_at` timestamp NULL DEFAULT NULL,
  `updated_at` timestamp NULL DEFAULT NULL
) ENGINE=InnoDB DEFAULT CHARSET=utf8mb4 COLLATE=utf8mb4_unicode_ci ROW_FORMAT=DYNAMIC;

-- --------------------------------------------------------

--
-- Table structure for table `dedicated_number_requests`
--

CREATE TABLE `dedicated_number_requests` (
  `id` bigint UNSIGNED NOT NULL,
  `client_id` bigint UNSIGNED NOT NULL,
  `waba_pool_id` bigint UNSIGNED NOT NULL,
  `reseller_id` bigint UNSIGNED DEFAULT NULL,
  `status` enum('pending','approved','rejected','cancelled') CHARACTER SET utf8mb4 COLLATE utf8mb4_unicode_ci NOT NULL DEFAULT 'pending',
  `base_price` decimal(12,2) NOT NULL DEFAULT '0.00' COMMENT 'Harga dasar dari admin',
  `margin` decimal(12,2) NOT NULL DEFAULT '0.00' COMMENT 'Margin reseller',
  `total_price` decimal(12,2) NOT NULL DEFAULT '0.00' COMMENT 'Total yang dicharge ke client',
  `requested_label` varchar(100) CHARACTER SET utf8mb4 COLLATE utf8mb4_unicode_ci DEFAULT NULL COMMENT 'Label yang diminta client',
  `requested_at` timestamp NOT NULL DEFAULT CURRENT_TIMESTAMP,
  `processed_by` bigint UNSIGNED DEFAULT NULL,
  `processed_at` timestamp NULL DEFAULT NULL,
  `rejection_reason` text CHARACTER SET utf8mb4 COLLATE utf8mb4_unicode_ci,
  `created_at` timestamp NULL DEFAULT NULL,
  `updated_at` timestamp NULL DEFAULT NULL
) ENGINE=InnoDB DEFAULT CHARSET=utf8mb4 COLLATE=utf8mb4_unicode_ci;

-- --------------------------------------------------------

--
-- Table structure for table `detail_source`
--

CREATE TABLE `detail_source` (
  `id` bigint UNSIGNED NOT NULL,
  `remunerasi_source_id` bigint UNSIGNED NOT NULL,
  `kode_tarif` varchar(255) CHARACTER SET utf8mb4 COLLATE utf8mb4_unicode_ci NOT NULL,
  `nama_tarif` varchar(255) CHARACTER SET utf8mb4 COLLATE utf8mb4_unicode_ci NOT NULL,
  `jumlah` int NOT NULL,
  `tarif` decimal(15,2) NOT NULL,
  `total` decimal(15,2) NOT NULL,
  `unit` varchar(255) CHARACTER SET utf8mb4 COLLATE utf8mb4_unicode_ci NOT NULL,
  `tgl_tindakan` datetime NOT NULL,
  `idxdaftar` varchar(255) CHARACTER SET utf8mb4 COLLATE utf8mb4_unicode_ci DEFAULT NULL,
  `no_sep` varchar(30) CHARACTER SET utf8mb4 COLLATE utf8mb4_unicode_ci DEFAULT NULL,
  `tgl_verifikasi` date DEFAULT NULL,
  `jenis` varchar(50) CHARACTER SET utf8mb4 COLLATE utf8mb4_unicode_ci DEFAULT NULL,
  `biaya_riil_rs` decimal(15,2) DEFAULT NULL,
  `biaya_diajukan` decimal(15,2) DEFAULT NULL,
  `biaya_disetujui` decimal(15,2) DEFAULT NULL,
  `nomr` varchar(255) CHARACTER SET utf8mb4 COLLATE utf8mb4_unicode_ci DEFAULT NULL,
  `status` tinyint NOT NULL DEFAULT '1' COMMENT '1: Aktif, 0: Nonaktif',
  `status_pembagian_klaim` tinyint NOT NULL DEFAULT '0' COMMENT '0: Belum, 1: Sudah, 2: Gagal',
  `created_at` timestamp NULL DEFAULT NULL,
  `updated_at` timestamp NULL DEFAULT NULL,
  `deleted_at` timestamp NULL DEFAULT NULL
) ENGINE=InnoDB DEFAULT CHARSET=utf8mb4 COLLATE=utf8mb4_unicode_ci;

-- --------------------------------------------------------

--
-- Table structure for table `divisis`
--

CREATE TABLE `divisis` (
  `id` bigint UNSIGNED NOT NULL,
  `uuid` char(36) CHARACTER SET utf8mb4 COLLATE utf8mb4_unicode_ci NOT NULL,
  `nama` varchar(255) CHARACTER SET utf8mb4 COLLATE utf8mb4_unicode_ci NOT NULL,
  `keterangan` text CHARACTER SET utf8mb4 COLLATE utf8mb4_unicode_ci,
  `created_at` timestamp NULL DEFAULT NULL,
  `updated_at` timestamp NULL DEFAULT NULL
) ENGINE=InnoDB DEFAULT CHARSET=utf8mb4 COLLATE=utf8mb4_unicode_ci ROW_FORMAT=DYNAMIC;

--
-- Dumping data for table `divisis`
--

INSERT INTO `divisis` (`id`, `uuid`, `nama`, `keterangan`, `created_at`, `updated_at`) VALUES
(6, '2df63e96-b296-4d89-b845-fdd2e4270f20', 'Apoteker', 'Apoteker', '2025-05-20 20:28:03', '2025-05-20 20:31:30'),
(7, '2efebd75-a08a-42f7-a591-ed537c5b1b34', 'Dokter_Umum_IGD', 'dokter IGD', '2025-05-20 20:28:43', '2025-05-20 20:32:18'),
(8, '73a140d6-2975-46ca-9c85-35aa8e7ebf29', 'PERAWAT_HD_RAJAL', 'perawat HD', '2025-05-20 20:29:22', '2025-05-20 23:40:42'),
(9, '8ca86588-dc04-4e52-adbd-aee3391e367b', 'PENATA', 'Perawat IBS', '2025-05-20 20:29:45', '2025-05-20 23:01:42'),
(10, '01c0d6a5-a972-4674-a288-40b1082d3e93', 'ASISTEN', 'ASISTEN', '2025-05-20 23:01:50', '2025-05-20 23:40:54'),
(11, '36dcaca8-5d8e-4ada-92df-3e837aa3de2a', 'PERAWAT', 'perawat/bidan', '2025-05-20 23:06:51', '2025-05-20 23:39:01'),
(12, '85c5d34b-3f95-4b6c-9547-bef8cbd6d095', 'PERAWAT_HD_RANAP', 'PERAWAT_HD_RANAP', '2025-05-20 23:25:32', '2025-05-20 23:40:48'),
(14, '013d7af3-41cb-4b51-8d6d-feeea8a118d6', 'JTL', 'JTL', '2025-05-21 00:12:05', '2025-05-21 00:12:05'),
(16, 'ae4676ee-f020-4c01-9bf8-566f9ba27bbc', 'tes', 'Tesing gannn', '2025-07-09 22:55:51', '2025-07-09 22:56:33');

-- --------------------------------------------------------

--
-- Table structure for table `divisi_shifts`
--

CREATE TABLE `divisi_shifts` (
  `id` bigint UNSIGNED NOT NULL,
  `divisi_id` bigint UNSIGNED NOT NULL,
  `shift_id` bigint UNSIGNED NOT NULL,
  `created_at` timestamp NULL DEFAULT NULL,
  `updated_at` timestamp NULL DEFAULT NULL,
  `uuid` char(36) CHARACTER SET utf8mb4 COLLATE utf8mb4_unicode_ci DEFAULT NULL
) ENGINE=InnoDB DEFAULT CHARSET=utf8mb4 COLLATE=utf8mb4_unicode_ci ROW_FORMAT=DYNAMIC;

-- --------------------------------------------------------

--
-- Table structure for table `email_configs`
--

CREATE TABLE `email_configs` (
  `id` bigint UNSIGNED NOT NULL,
  `smtp_host` varchar(255) CHARACTER SET utf8mb4 COLLATE utf8mb4_unicode_ci NOT NULL,
  `smtp_port` int NOT NULL DEFAULT '587',
  `username` varchar(255) CHARACTER SET utf8mb4 COLLATE utf8mb4_unicode_ci NOT NULL,
  `password` text CHARACTER SET utf8mb4 COLLATE utf8mb4_unicode_ci NOT NULL,
  `from_name` varchar(255) CHARACTER SET utf8mb4 COLLATE utf8mb4_unicode_ci NOT NULL,
  `from_email` varchar(255) CHARACTER SET utf8mb4 COLLATE utf8mb4_unicode_ci NOT NULL,
  `security_type` enum('tls','ssl','none') CHARACTER SET utf8mb4 COLLATE utf8mb4_unicode_ci NOT NULL DEFAULT 'tls',
  `is_active` tinyint(1) NOT NULL DEFAULT '1',
  `created_by` bigint UNSIGNED DEFAULT NULL,
  `created_at` timestamp NULL DEFAULT NULL,
  `updated_at` timestamp NULL DEFAULT NULL
) ENGINE=InnoDB DEFAULT CHARSET=utf8mb4 COLLATE=utf8mb4_unicode_ci;

-- --------------------------------------------------------

--
-- Table structure for table `expenses`
--

CREATE TABLE `expenses` (
  `id` bigint UNSIGNED NOT NULL,
  `expense_date` date NOT NULL,
  `category_id` bigint UNSIGNED NOT NULL,
  `description` varchar(255) CHARACTER SET utf8mb4 COLLATE utf8mb4_unicode_ci NOT NULL,
  `amount` decimal(15,2) NOT NULL,
  `currency` varchar(3) CHARACTER SET utf8mb4 COLLATE utf8mb4_unicode_ci NOT NULL DEFAULT 'IDR',
  `payment_method` enum('credit_card','transfer','ewallet','cash','other') CHARACTER SET utf8mb4 COLLATE utf8mb4_unicode_ci NOT NULL DEFAULT 'transfer',
  `payment_status` enum('paid','unpaid') COLLATE utf8mb4_unicode_ci NOT NULL DEFAULT 'unpaid',
  `reference_number` varchar(255) CHARACTER SET utf8mb4 COLLATE utf8mb4_unicode_ci DEFAULT NULL,
  `attachment` varchar(255) CHARACTER SET utf8mb4 COLLATE utf8mb4_unicode_ci DEFAULT NULL,
  `transfer_proof` varchar(255) COLLATE utf8mb4_unicode_ci DEFAULT NULL,
  `notes` text CHARACTER SET utf8mb4 COLLATE utf8mb4_unicode_ci,
  `created_by` bigint UNSIGNED NOT NULL,
  `created_at` timestamp NULL DEFAULT NULL,
  `updated_at` timestamp NULL DEFAULT NULL,
  `deleted_at` timestamp NULL DEFAULT NULL
) ENGINE=InnoDB DEFAULT CHARSET=utf8mb4 COLLATE=utf8mb4_unicode_ci;

--
-- Dumping data for table `expenses`
--

INSERT INTO `expenses` (`id`, `expense_date`, `category_id`, `description`, `amount`, `currency`, `payment_method`, `payment_status`, `reference_number`, `attachment`, `transfer_proof`, `notes`, `created_by`, `created_at`, `updated_at`, `deleted_at`) VALUES
(1, '2025-12-26', 1, 'tagihan meta billing', 20787.00, 'IDR', 'credit_card', 'unpaid', NULL, 'https://nas-cloud-waba.whatsva.id//uploads/Screenshot_2025-12-26-22-36-02-87_5d2cb1c51e3a77636b8a79bca5e9eff1_2.jpg', NULL, NULL, 1, '2025-12-26 07:34:20', '2025-12-26 07:36:52', NULL),
(2, '2025-12-23', 1, 'tagihan meta billing', 333000.00, 'IDR', 'credit_card', 'paid', NULL, 'https://nas-cloud-waba.whatsva.id//uploads/Screenshot_2025-12-26-22-36-02-87_5d2cb1c51e3a77636b8a79bca5e9eff1_4.jpg', 'https://nas-cloud-waba.whatsva.id//uploads/Gemini_Generated_Image_2kxeqo2kxeqo2kxe.png', NULL, 1, '2025-12-26 07:34:56', '2025-12-30 06:00:02', NULL),
(3, '2025-12-24', 1, 'tagihan meta billing', 333000.00, 'IDR', 'credit_card', 'unpaid', NULL, 'https://nas-cloud-waba.whatsva.id//uploads/Screenshot_2025-12-26-22-36-02-87_5d2cb1c51e3a77636b8a79bca5e9eff1_3.jpg', NULL, NULL, 1, '2025-12-26 07:35:18', '2025-12-26 07:37:04', NULL),
(4, '2025-12-26', 1, 'tagihan meta billing', 333000.00, 'IDR', 'credit_card', 'unpaid', NULL, 'https://nas-cloud-waba.whatsva.id//uploads/Screenshot_2025-12-26-22-36-02-87_5d2cb1c51e3a77636b8a79bca5e9eff1_1.jpg', NULL, NULL, 1, '2025-12-26 07:35:54', '2025-12-26 07:36:43', NULL),
(5, '2025-12-26', 1, 'tagihan meta billing', 333000.00, 'IDR', 'credit_card', 'unpaid', NULL, 'https://nas-cloud-waba.whatsva.id//uploads/Screenshot_2025-12-26-22-36-02-87_5d2cb1c51e3a77636b8a79bca5e9eff1.jpg', NULL, NULL, 1, '2025-12-26 07:36:26', '2025-12-26 07:36:26', NULL),
(6, '2026-01-07', 1, 'tagihan meta billing', 555000.00, 'IDR', 'credit_card', 'unpaid', 'VJT9AAMS22', 'https://nas-cloud-waba.whatsva.id//uploads/image_3.png', NULL, NULL, 1, '2026-01-07 08:11:43', '2026-01-07 08:12:07', NULL),
(7, '2026-01-07', 1, 'tagihan meta billing', 115184.00, 'IDR', 'credit_card', 'unpaid', 'S8YE495T22', 'https://nas-cloud-waba.whatsva.id//uploads/image_4.png', NULL, NULL, 1, '2026-01-07 08:12:55', '2026-01-07 08:12:55', NULL);

-- --------------------------------------------------------

--
-- Table structure for table `expense_categories`
--

CREATE TABLE `expense_categories` (
  `id` bigint UNSIGNED NOT NULL,
  `name` varchar(255) CHARACTER SET utf8mb4 COLLATE utf8mb4_unicode_ci NOT NULL,
  `slug` varchar(255) CHARACTER SET utf8mb4 COLLATE utf8mb4_unicode_ci NOT NULL,
  `icon` varchar(255) CHARACTER SET utf8mb4 COLLATE utf8mb4_unicode_ci DEFAULT 'ti-receipt',
  `color` varchar(20) CHARACTER SET utf8mb4 COLLATE utf8mb4_unicode_ci NOT NULL DEFAULT '#6c757d',
  `sort_order` int NOT NULL DEFAULT '0',
  `is_active` tinyint(1) NOT NULL DEFAULT '1',
  `created_at` timestamp NULL DEFAULT NULL,
  `updated_at` timestamp NULL DEFAULT NULL,
  `deleted_at` timestamp NULL DEFAULT NULL
) ENGINE=InnoDB DEFAULT CHARSET=utf8mb4 COLLATE=utf8mb4_unicode_ci;

--
-- Dumping data for table `expense_categories`
--

INSERT INTO `expense_categories` (`id`, `name`, `slug`, `icon`, `color`, `sort_order`, `is_active`, `created_at`, `updated_at`, `deleted_at`) VALUES
(1, 'Meta Billing', 'meta-billing', 'ti-brand-whatsapp', '#25D366', 1, 1, '2025-12-18 06:10:21', '2025-12-18 06:10:21', NULL),
(2, 'Domain & SSL', 'domain-ssl', 'ti-world', '#0d6efd', 2, 1, '2025-12-18 06:10:21', '2025-12-18 06:10:21', NULL),
(3, 'Server / Cloud', 'server-cloud', 'ti-server', '#6f42c1', 3, 1, '2025-12-18 06:10:21', '2025-12-18 06:10:21', NULL),
(4, 'Storage', 'storage', 'ti-database', '#fd7e14', 4, 1, '2025-12-18 06:10:21', '2025-12-18 06:10:21', NULL),
(5, 'Payment Gateway Fee', 'payment-gateway-fee', 'ti-credit-card', '#dc3545', 5, 1, '2025-12-18 06:10:21', '2025-12-18 06:10:21', NULL),
(6, 'Tools / Subscription', 'tools-subscription', 'ti-tools', '#20c997', 6, 1, '2025-12-18 06:10:21', '2025-12-18 06:10:21', NULL),
(7, 'Other', 'other', 'ti-dots', '#6c757d', 99, 1, '2025-12-18 06:10:21', '2025-12-18 06:10:21', NULL);

-- --------------------------------------------------------

--
-- Table structure for table `failed_jobs`
--

CREATE TABLE `failed_jobs` (
  `id` bigint UNSIGNED NOT NULL,
  `uuid` varchar(255) CHARACTER SET utf8mb4 COLLATE utf8mb4_unicode_ci NOT NULL,
  `connection` text CHARACTER SET utf8mb4 COLLATE utf8mb4_unicode_ci NOT NULL,
  `queue` text CHARACTER SET utf8mb4 COLLATE utf8mb4_unicode_ci NOT NULL,
  `payload` longtext CHARACTER SET utf8mb4 COLLATE utf8mb4_unicode_ci NOT NULL,
  `exception` longtext CHARACTER SET utf8mb4 COLLATE utf8mb4_unicode_ci NOT NULL,
  `failed_at` timestamp NOT NULL DEFAULT CURRENT_TIMESTAMP
) ENGINE=InnoDB DEFAULT CHARSET=utf8mb4 COLLATE=utf8mb4_unicode_ci ROW_FORMAT=DYNAMIC;

-- --------------------------------------------------------

--
-- Table structure for table `jobs`
--

CREATE TABLE `jobs` (
  `id` bigint UNSIGNED NOT NULL,
  `queue` varchar(255) CHARACTER SET utf8mb4 COLLATE utf8mb4_unicode_ci NOT NULL,
  `payload` longtext CHARACTER SET utf8mb4 COLLATE utf8mb4_unicode_ci NOT NULL,
  `attempts` tinyint UNSIGNED NOT NULL,
  `reserved_at` int UNSIGNED DEFAULT NULL,
  `available_at` int UNSIGNED NOT NULL,
  `created_at` int UNSIGNED NOT NULL
) ENGINE=InnoDB DEFAULT CHARSET=utf8mb4 COLLATE=utf8mb4_unicode_ci ROW_FORMAT=DYNAMIC;

-- --------------------------------------------------------

--
-- Table structure for table `job_batches`
--

CREATE TABLE `job_batches` (
  `id` varchar(255) CHARACTER SET utf8mb4 COLLATE utf8mb4_unicode_ci NOT NULL,
  `name` varchar(255) CHARACTER SET utf8mb4 COLLATE utf8mb4_unicode_ci NOT NULL,
  `total_jobs` int NOT NULL,
  `pending_jobs` int NOT NULL,
  `failed_jobs` int NOT NULL,
  `failed_job_ids` longtext CHARACTER SET utf8mb4 COLLATE utf8mb4_unicode_ci NOT NULL,
  `options` mediumtext CHARACTER SET utf8mb4 COLLATE utf8mb4_unicode_ci,
  `cancelled_at` int DEFAULT NULL,
  `created_at` int NOT NULL,
  `finished_at` int DEFAULT NULL
) ENGINE=InnoDB DEFAULT CHARSET=utf8mb4 COLLATE=utf8mb4_unicode_ci ROW_FORMAT=DYNAMIC;

-- --------------------------------------------------------

--
-- Table structure for table `menus`
--

CREATE TABLE `menus` (
  `id` bigint UNSIGNED NOT NULL,
  `uuid` char(36) CHARACTER SET utf8mb4 COLLATE utf8mb4_unicode_ci NOT NULL,
  `route` varchar(255) CHARACTER SET utf8mb4 COLLATE utf8mb4_unicode_ci DEFAULT NULL,
  `icon` varchar(255) CHARACTER SET utf8mb4 COLLATE utf8mb4_unicode_ci DEFAULT NULL,
  `nama_menu` varchar(255) CHARACTER SET utf8mb4 COLLATE utf8mb4_unicode_ci NOT NULL,
  `parent_id` bigint UNSIGNED DEFAULT NULL,
  `created_at` timestamp NULL DEFAULT NULL,
  `updated_at` timestamp NULL DEFAULT NULL,
  `order` int DEFAULT NULL
) ENGINE=InnoDB DEFAULT CHARSET=utf8mb4 COLLATE=utf8mb4_unicode_ci ROW_FORMAT=DYNAMIC;

--
-- Dumping data for table `menus`
--

INSERT INTO `menus` (`id`, `uuid`, `route`, `icon`, `nama_menu`, `parent_id`, `created_at`, `updated_at`, `order`) VALUES
(1, 'bb5e49c9-5c7b-4840-bb4b-b48a96e8a260', 'user.index', 'ti ti-user', 'User', 5, '2025-02-17 18:01:15', '2026-02-03 02:34:11', 21),
(2, '6ee7d0a1-4aca-4cc5-ba7b-7eb636977c57', 'settings.edit', 'ti ti-settings', 'Pengaturan', NULL, '2025-02-17 18:10:08', '2026-02-03 12:55:43', 16),
(3, '9b1c00d5-5b6b-4161-b976-87a6da9573d1', 'role.index', 'ti ti-shield', 'Role', 5, '2025-02-17 18:10:58', '2026-02-03 02:34:11', 22),
(4, '1f2f5340-6912-42da-9331-ab768c5d44ee', 'menu.index', 'ti ti-list', 'Menu', 5, '2025-02-17 18:15:39', '2026-02-03 02:34:11', 23),
(5, 'f602469c-7303-4df9-9164-76ba63e2a5b0', '#', 'ti ti-key', 'Autentikasi', NULL, '2025-02-17 18:17:37', '2026-02-03 12:55:27', 12),
(16, '19d25981-c20f-46e1-92b2-93530e79a19d', '#', 'ti ti-brand-whatsapp', 'WA Gateway', NULL, '2025-12-08 07:50:43', '2026-02-03 12:55:27', 3),
(17, 'c9e87cad-a964-4739-a070-98e5bdc65ec8', 'admin.dashboard', 'ti ti-dashboard', 'Dashboard', NULL, '2025-12-08 07:50:43', '2026-02-03 12:55:27', 2),
(18, 'bac31b15-6c2f-4f74-8e0c-cdf22d89c527', 'admin.clients.index', 'ti ti-users', 'Clients', NULL, '2025-12-08 07:50:43', '2026-02-03 12:55:27', 9),
(19, '5196ce55-8b20-45e2-b590-c7d0c235cad0', 'admin.resellers.index', 'ti ti-list', 'Resellers', NULL, '2025-12-08 07:50:43', '2026-02-03 12:55:27', 10),
(20, 'ce622314-4216-4c87-bccb-fc722ac5fcd4', 'admin.waba-pools.index', 'ti ti-device-mobile-message', 'WA WABA Pools', 16, '2025-12-08 07:50:43', '2026-02-03 02:34:11', 4),
(21, '26dc8726-b5f9-457a-9bd5-5dc8ffbdf5f8', 'admin.templates.index', 'ti ti-template', 'WA Templates', 16, '2025-12-08 07:50:43', '2026-02-03 02:34:11', 5),
(22, '1fffae17-13a4-45d6-8afd-688d03f1a717', 'admin.message-pricings.index', 'ti ti-currency-dollar', 'WA Pricings', 16, '2025-12-08 07:50:43', '2026-02-03 02:34:11', 6),
(23, 'f9bcdf99-c011-40a2-9e26-f537e490c661', 'admin.messages.index', 'ti ti-messages', 'WA Messages', 16, '2025-12-08 07:50:43', '2026-02-03 02:34:11', 7),
(24, 'cf4bd2a7-bf49-4c4b-8e89-ed3919ff7ec0', 'admin.topups.index', 'ti ti-wallet', 'WA Topups', 16, '2025-12-08 07:50:43', '2026-02-03 02:34:11', 8),
(25, 'dc011332-1ed3-4bb5-86d5-7d273bb0a3ef', 'admin.activity-logs.index', 'ti ti-list-details', 'WA Activity Logs', 16, '2025-12-08 07:50:43', '2026-02-03 02:34:11', 9),
(26, '7b286e95-5945-4974-9a53-c5d40b9a2d0c', '#', 'ti ti-brand-whatsapp', 'WA Reseller', NULL, '2025-12-08 07:50:43', '2026-02-03 12:55:43', 14),
(27, 'f1c5aa78-0248-46f1-8d27-40f80265c4d1', 'reseller.dashboard', 'ti ti-dashboard', 'Dashboard Reseller', 26, '2025-12-08 07:50:43', '2026-02-03 02:34:11', 26),
(28, '57b13bb3-6544-4be6-a3db-8d6f33727af5', 'reseller.clients.index', 'ti ti-users', 'Clients Reseller', 26, '2025-12-08 07:50:43', '2026-02-03 02:34:11', 27),
(29, '5d98022d-71ec-4c46-bd02-68cb5c9fa2cb', 'reseller.pricing.index', 'ti ti-currency-dollar', 'Pricing Reseller', 26, '2025-12-08 07:50:43', '2026-02-03 02:34:11', 28),
(30, 'd4abb6dc-6a82-484e-a869-f505bb085e59', 'reseller.commission.index', 'ti ti-cash', 'Komisi Reseller', 26, '2025-12-08 07:50:43', '2026-02-03 02:34:11', 29),
(31, 'ec5e7a72-86b5-4ea1-b4d3-f6c3f21cd9fd', '#', 'ti ti-brand-whatsapp', 'WA Client', NULL, '2025-12-08 09:49:16', '2026-02-03 12:55:43', 21),
(32, '5d8386e6-760c-41e1-ab52-6e0f35ada969', 'client.dashboard', 'ti ti-dashboard', 'Dashboard', NULL, '2025-12-08 09:49:16', '2026-02-03 12:55:43', 17),
(34, '96aeb2bd-f834-4c65-8a14-31e8205cb6d0', 'client.messages.index', 'ti ti-message-circle', 'Message History', 31, '2025-12-08 09:49:16', '2026-02-03 02:34:11', 40),
(35, '296fc268-bcc8-43d6-836d-d10a3345d031', 'client.balance', 'ti ti-wallet', 'Balance', 31, '2025-12-08 09:49:16', '2026-02-03 02:34:11', 41),
(36, 'ba0677aa-8337-42e0-ab1c-d5ca8168c110', 'client.campaigns.index', 'ti ti-broadcast', 'Campaigns', 31, '2025-12-08 11:26:57', '2026-02-03 02:34:11', 42),
(37, 'cef6b887-9c3f-439a-bb27-265a0d2401f3', 'reseller.settings.api-key', 'ti ti-key', 'API Settings', 26, '2025-12-08 11:52:19', '2026-02-03 02:34:11', 30),
(38, 'd6d548b9-94a5-457b-90f5-ae22e0255be3', 'reseller.templates.index', 'ti ti-template', 'Templates Reseller', 26, '2025-12-08 12:34:24', '2026-02-03 02:34:11', 31),
(39, '08f97fac-0a78-479f-8d37-684f6fbbb6b6', 'client.templates.index', 'ti ti-template', 'Templates', NULL, '2025-12-08 12:34:24', '2026-02-03 12:55:43', 22),
(42, '777367a1-8208-4d9c-aaf8-46d9c846760b', 'documentation.admin', 'ti ti-book', 'API Documentation', NULL, '2025-12-09 20:54:53', '2026-02-03 12:55:43', 15),
(43, 'ba1d46f1-6d47-4291-b76d-49a59aa47406', 'documentation.reseller', 'ti ti-book', 'API Documentation', NULL, '2025-12-09 20:54:53', '2026-02-03 12:55:55', 30),
(44, '883b2028-8e74-444e-9887-e18e7ad1ed4e', 'documentation.client', 'ti ti-book', 'API Documentation', NULL, '2025-12-09 20:54:53', '2026-02-03 12:56:11', 35),
(46, '5e1d42ee-e668-4852-b535-df7f07f82cb0', 'reseller.dedicated-numbers.index', 'ti ti-percentage', 'Dedicated Number Margin', NULL, '2025-12-09 23:12:44', '2026-02-03 12:55:53', 27),
(47, '66c49e2d-03df-4238-9a42-50bfacaef900', 'client.dedicated-numbers.index', 'ti ti-phone-check', 'Nomor Dedicated', NULL, '2025-12-09 23:12:45', '2026-02-03 12:55:43', 20),
(48, 'e44cc4fb-37d0-4181-b760-1385c2bf974c', 'admin.payment-gateway.index', 'ti ti-credit-card', 'Payment Gateway', NULL, '2025-12-10 07:28:18', '2026-02-03 12:55:27', 11),
(49, 'af6c0d68-be77-4df2-90dd-d725db41b2fa', 'client.topup.index', 'ti ti-wallet', 'Topup Saldo', 31, '2025-12-10 07:28:19', '2026-02-03 02:34:11', 43),
(50, 'cbd123b5-1e2a-4668-85a0-75713d082705', 'client.settings.api-key', 'ti ti-key', 'API Settings', NULL, '2025-12-11 06:57:38', '2026-02-03 12:56:11', 36),
(51, '85cc9d50-e44c-4daf-b720-2762e63453f3', 'admin.reports.messages.index', 'ti ti-report-analytics', 'Laporan Pengiriman', NULL, '2025-12-13 21:53:31', '2026-02-03 12:55:27', 13),
(52, '40d57f94-8b76-4ee6-924b-5c9c496db832', 'reseller.reports.index', 'ti ti-report-analytics', 'Laporan Pengiriman', 26, '2025-12-13 21:53:31', '2026-02-03 02:34:11', 32),
(53, '4092e717-2c2e-494a-9b27-dc1bf4998125', 'client.reports.index', 'ti ti-report-analytics', 'Laporan Pengiriman', NULL, '2025-12-13 21:53:32', '2026-02-03 12:55:55', 32),
(54, 'edfd7f6b-1b70-4707-bea2-354f3bea74fa', '#', 'ti ti-headset', 'Multi-Agent Chat', NULL, '2025-12-13 21:58:42', '2026-02-03 12:55:53', 28),
(55, '0d2180f3-86b7-42e3-a452-f676fb4c3e01', 'client.agents.index', 'ti ti-users', 'Kelola Agent', 54, '2025-12-13 21:58:42', '2026-02-03 02:34:11', 56),
(56, '7c917b3e-71e5-4b5b-86b6-18db6bc8cbb1', 'client.chats.index', 'ti ti-messages', 'Kelola Chat', 54, '2025-12-13 21:58:42', '2026-02-03 02:34:11', 57),
(57, '2ea13ca8-1c2f-4a04-8756-e5a5d2f7a1e0', 'client.inbox.index', 'ti ti-inbox', 'Chat Inbox', NULL, '2025-12-13 21:58:42', '2026-02-03 12:55:43', 24),
(58, '3a22cbcd-536e-4039-b534-8836c8d9d8fd', 'agent.inbox.index', 'ti ti-inbox', 'Inbox', NULL, '2025-12-13 21:58:42', '2026-02-03 12:55:43', 18),
(59, '1aa4cdfa-4e93-45f7-bc9b-1ad3bd833a46', NULL, 'ti ti-receipt-2', 'Expenses', NULL, '2025-12-18 06:10:22', '2026-02-03 12:55:27', 7),
(60, 'eb74cb0f-7924-4698-bd6d-fdb94e0684e4', 'admin.expenses.index', 'ti ti-list', 'List Expenses', 59, '2025-12-18 06:10:22', '2026-02-03 02:34:11', 14),
(61, '6468954a-3248-45ca-8d49-c215927fccd8', 'admin.expense-categories.index', 'ti ti-category', 'Categories', 59, '2025-12-18 06:10:22', '2026-02-03 02:34:11', 15),
(62, '8ec8c4d2-db4f-4363-8fde-faca564edcbd', NULL, 'ti ti-article', 'Blog', NULL, '2025-12-22 21:49:09', '2026-02-03 12:55:53', 26),
(63, '4a4b9fd6-9731-49db-9b7a-1f683d9c1032', 'admin.blog.posts.index', 'ti ti-file-text', 'Posts', 62, '2025-12-22 21:49:09', '2026-02-03 02:34:11', 51),
(64, 'dcfe174b-be9e-4da8-a6af-0945563ceb70', 'admin.blog.categories.index', 'ti ti-folder', 'Categories', 62, '2025-12-22 21:49:09', '2026-02-03 02:34:11', 52),
(65, 'cccd988c-092a-4878-ae61-26eeef88419a', 'admin.blog.tags.index', 'ti ti-tags', 'Tags', 62, '2025-12-22 21:49:09', '2026-02-03 02:34:11', 53),
(66, 'ca71c64d-314e-47df-86ae-45815a7b90cf', '#', 'ti ti-address-book', 'Phone Book', NULL, '2025-12-23 14:34:53', '2026-02-03 12:55:53', 25),
(67, 'af4fefc3-4f6e-42b3-845e-735b98237386', 'client.contacts.index', 'ti ti-user', 'Contacts', 66, '2025-12-23 14:34:53', '2026-02-03 02:34:11', 48),
(68, '2b9bec67-bc49-4cda-9222-19e424372335', 'client.contact-groups.index', 'ti ti-users', 'Groups', 66, '2025-12-23 14:34:53', '2026-02-03 02:34:11', 49),
(69, '722ff61f-07b5-4aec-855d-912d4ccb219c', 'client.campaigns.index', 'ti ti-speakerphone', 'Campaigns', NULL, '2025-12-23 14:34:53', '2026-02-03 12:55:43', 23),
(70, 'f485df86-2bc1-407e-b355-be0748ad9d9d', 'client.autoreply.index', 'ti ti-robot', 'Autoreply', NULL, '2025-12-29 05:58:14', '2026-02-03 12:55:53', 29),
(71, '5d53bc29-dd99-4917-8fe9-e647a35b0148', '#', 'ti ti-chart-bar', 'Reports', NULL, '2025-12-29 06:37:49', '2026-02-03 12:56:11', 34),
(72, 'da58a010-64d9-494f-9679-cf6688617713', 'admin.reports.revenue.index', 'ti ti-coin', 'Laporan Pendapatan', NULL, '2025-12-29 06:37:50', '2026-02-03 12:55:27', 8),
(73, 'cffc0967-8a8a-4f23-91a8-b8afa36f25ef', 'admin.packages.index', 'ti ti-package', 'Packages', NULL, '2025-12-31 01:12:36', '2026-02-03 12:55:27', 5),
(74, 'ec1dd923-98d2-4eac-b6c1-d8a5d4a011d7', 'admin.client-overrides.index', 'ti ti-adjustments', 'Client Overrides', NULL, '2025-12-31 01:12:36', '2026-02-03 12:55:27', 1),
(75, 'ec1761ec-97eb-49a9-bd80-d819ea561d42', 'client.packages.index', 'ti ti-package', 'Paket Langganan', NULL, '2025-12-31 02:12:06', '2026-02-03 12:55:43', 19),
(76, '395c4e07-4b28-4770-90df-e74ddf84cf0f', 'admin.custom-packages.index', 'ti ti-crown', 'Custom Packages', NULL, '2026-01-03 19:18:17', '2026-02-03 12:55:27', 6),
(77, '4b616874-afdd-4f11-93d2-58d0331e5b60', 'admin.balance-adjustments.index', 'ti ti-adjustments-horizontal', 'Saldo Adjustment', NULL, '2026-01-05 08:23:32', '2026-02-03 12:55:27', 4),
(78, '34cd2175-2a21-4b0f-8ddf-81b189974271', 'admin.addons.index', 'ti ti-plug', 'Add-ons Management', NULL, '2026-01-05 08:54:22', '2026-02-03 12:55:13', 44),
(79, 'd3a6b656-c090-428c-9cb7-c41f8479e2f3', 'client.addons.index', 'ti ti-plug', 'Add-ons', NULL, '2026-01-05 08:54:22', '2026-02-03 12:55:13', 43),
(80, 'e11e22b3-80e6-4c16-a573-bf7a4d638ff3', '#', 'ti ti-brand-whatsapp', 'WABA Platform', NULL, '2026-01-06 07:16:40', '2026-02-03 12:56:11', 37),
(81, 'b97a6ed6-af17-41d1-90bc-37a80c5b6334', 'admin.waba-platform.dashboard', 'ti ti-chart-pie', 'Platform Dashboard', 80, '2026-01-06 07:16:40', '2026-02-03 02:34:11', 66),
(82, 'e3f9bbc7-05cd-48c8-ad28-0c3e6e5ce5d9', 'admin.waba-platform-settings.index', 'ti ti-settings', 'Platform Settings', 80, '2026-01-06 07:16:40', '2026-02-03 02:34:11', 67),
(83, 'd4997dac-f548-40eb-a2b5-87a79c18c2f8', 'admin.waba-platform.wabas', 'ti ti-plug-connected', 'WABA Integration', 80, '2026-01-06 07:16:40', '2026-02-03 02:34:11', 68),
(84, '9b268c95-9e2c-43bd-ba10-f4e1d1359b46', 'admin.waba-platform.audit-logs', 'ti ti-list-search', 'Audit Logs', 80, '2026-01-06 07:16:40', '2026-02-03 02:34:11', 69),
(85, '65ff5136-dfe4-4543-aea5-a6f12678ccca', 'admin.waba-platform.token-logs', 'ti ti-key', 'Token Management', 80, '2026-01-06 07:16:40', '2026-02-03 02:34:11', 70),
(86, 'be7dc711-e677-4e4a-a0de-d608fe74f48d', 'client.waba-integration.index', 'ti ti-brand-whatsapp', 'WhatsApp Integration', NULL, '2026-01-06 07:16:40', '2026-02-03 12:55:13', 40),
(87, '64fef96d-f1ff-4ee3-8d03-be432b850205', 'client.waba-billing.index', 'ti ti-receipt', 'Billing WhatsApp', NULL, '2026-01-06 07:16:40', '2026-02-03 12:55:13', 42),
(88, '7cfc5f17-208a-4667-9edd-af9209c118cc', 'reseller.waba-integration.index', 'ti ti-plug-connected', 'Client Integration', NULL, '2026-01-06 07:16:40', '2026-02-03 12:56:08', 38),
(89, '5b92e65a-ba10-4699-af81-06d63ffc5751', 'client.waba-signup.index', 'ti ti-brand-whatsapp', 'Connect WABA', NULL, '2026-01-07 20:47:44', '2026-02-03 12:56:08', 39),
(90, '83532e40-dd72-48f5-8c93-2e93a5913ef3', 'admin.waba-integration.index', 'ti ti-link', 'WABA Pool Connect', 80, '2026-01-13 04:31:34', '2026-02-03 02:34:11', 71),
(91, 'f0f67fb6-005c-45d7-a5b5-395ebee185cd', 'client.invoice.index', 'ti ti-receipt', 'Invoices', NULL, '2026-01-22 11:48:16', '2026-02-03 12:55:55', 31),
(92, 'd0a380a0-6b43-4079-9545-47cc7ffe723c', 'client.webhooks.index', 'ti ti-webhook', 'Webhooks', NULL, '2026-01-28 08:10:16', '2026-02-03 12:55:13', 41),
(93, '2e3eca3e-5f5c-4430-ae7f-821adf286f5c', 'client.resend-failed.index', 'ti ti-refresh', 'Resend Pesan Gagal', NULL, '2026-02-03 12:55:01', '2026-02-03 12:56:11', 33);

-- --------------------------------------------------------

--
-- Table structure for table `messages`
--

CREATE TABLE `messages` (
  `id` bigint UNSIGNED NOT NULL,
  `uuid` char(36) CHARACTER SET utf8mb4 COLLATE utf8mb4_unicode_ci NOT NULL,
  `client_id` bigint UNSIGNED NOT NULL,
  `agent_id` bigint UNSIGNED DEFAULT NULL,
  `sent_by` varchar(20) CHARACTER SET utf8mb4 COLLATE utf8mb4_unicode_ci DEFAULT NULL COMMENT 'agent, client_admin, system',
  `waba_pool_id` bigint UNSIGNED DEFAULT NULL,
  `message_type` varchar(20) CHARACTER SET utf8mb4 COLLATE utf8mb4_unicode_ci NOT NULL COMMENT 'text, template, media',
  `category` varchar(20) CHARACTER SET utf8mb4 COLLATE utf8mb4_unicode_ci DEFAULT NULL,
  `header_params` json DEFAULT NULL,
  `button_params` json DEFAULT NULL,
  `body_params` json DEFAULT NULL,
  `package_type` varchar(20) COLLATE utf8mb4_unicode_ci DEFAULT NULL COMMENT 'shared, dedicated, self_service',
  `integration_mode` varchar(20) COLLATE utf8mb4_unicode_ci DEFAULT NULL COMMENT 'pool, managed, oauth',
  `billing_model` varchar(30) COLLATE utf8mb4_unicode_ci DEFAULT NULL COMMENT 'per_message, conversation, package, margin',
  `is_billable` tinyint(1) NOT NULL DEFAULT '1' COMMENT 'False for system messages, tests, etc.',
  `invoice_id` varchar(255) COLLATE utf8mb4_unicode_ci DEFAULT NULL COMMENT 'Reference to invoice if billed',
  `billed_at` timestamp NULL DEFAULT NULL,
  `cost` decimal(14,4) NOT NULL DEFAULT '0.0000',
  `meta_cost` decimal(10,4) DEFAULT NULL COMMENT 'Actual Meta conversation cost (info)',
  `platform_fee` decimal(10,4) DEFAULT NULL COMMENT 'Platform fee charged',
  `reseller_margin` decimal(10,4) DEFAULT NULL COMMENT 'Reseller margin if applicable',
  `status` varchar(20) CHARACTER SET utf8mb4 COLLATE utf8mb4_unicode_ci NOT NULL DEFAULT 'queued',
  `queue_status` varchar(20) COLLATE utf8mb4_unicode_ci NOT NULL DEFAULT 'pending',
  `scheduled_at` timestamp NULL DEFAULT NULL,
  `processing_started_at` timestamp NULL DEFAULT NULL,
  `priority` int NOT NULL DEFAULT '5',
  `content_hash` varchar(64) COLLATE utf8mb4_unicode_ci DEFAULT NULL,
  `retry_count` int UNSIGNED NOT NULL DEFAULT '0',
  `last_retry_at` timestamp NULL DEFAULT NULL,
  `discard_reason` varchar(100) COLLATE utf8mb4_unicode_ci DEFAULT NULL,
  `internal_status` varchar(50) COLLATE utf8mb4_unicode_ci DEFAULT NULL,
  `meta_message_id` varchar(255) CHARACTER SET utf8mb4 COLLATE utf8mb4_unicode_ci DEFAULT NULL,
  `conversation_id` varchar(255) COLLATE utf8mb4_unicode_ci DEFAULT NULL COMMENT 'Meta conversation ID for grouping',
  `payload` json NOT NULL,
  `response` json DEFAULT NULL,
  `sent_at` datetime DEFAULT NULL,
  `error_message` text COLLATE utf8mb4_unicode_ci,
  `is_refunded` tinyint(1) NOT NULL DEFAULT '0',
  `is_resend` tinyint(1) NOT NULL DEFAULT '0' COMMENT 'True jika pesan ini adalah hasil resend atau sudah pernah di-resend',
  `resend_at` timestamp NULL DEFAULT NULL COMMENT 'Waktu ketika pesan original di-resend',
  `resend_from_id` bigint UNSIGNED DEFAULT NULL COMMENT 'ID pesan original jika ini adalah hasil resend',
  `resend_attempt` tinyint UNSIGNED NOT NULL DEFAULT '0' COMMENT 'Jumlah percobaan resend (max 1)',
  `created_at` timestamp NULL DEFAULT NULL,
  `updated_at` timestamp NULL DEFAULT NULL
) ENGINE=InnoDB DEFAULT CHARSET=utf8mb4 COLLATE=utf8mb4_unicode_ci ROW_FORMAT=DYNAMIC;

-- --------------------------------------------------------

--
-- Table structure for table `message_content_hashes`
--

CREATE TABLE `message_content_hashes` (
  `id` bigint UNSIGNED NOT NULL,
  `content_hash` varchar(64) COLLATE utf8mb4_unicode_ci NOT NULL,
  `recipient_phone` varchar(30) COLLATE utf8mb4_unicode_ci NOT NULL,
  `waba_pool_id` bigint UNSIGNED NOT NULL,
  `client_id` bigint UNSIGNED NOT NULL,
  `template_name` varchar(100) COLLATE utf8mb4_unicode_ci DEFAULT NULL,
  `message_type` varchar(20) COLLATE utf8mb4_unicode_ci NOT NULL DEFAULT 'template',
  `occurrence_count` int UNSIGNED NOT NULL DEFAULT '1',
  `first_sent_at` timestamp NOT NULL,
  `last_sent_at` timestamp NOT NULL,
  `created_at` timestamp NULL DEFAULT NULL,
  `updated_at` timestamp NULL DEFAULT NULL
) ENGINE=InnoDB DEFAULT CHARSET=utf8mb4 COLLATE=utf8mb4_unicode_ci;

-- --------------------------------------------------------

--
-- Table structure for table `message_pricings`
--

CREATE TABLE `message_pricings` (
  `id` bigint UNSIGNED NOT NULL,
  `message_type` varchar(20) CHARACTER SET utf8mb4 COLLATE utf8mb4_unicode_ci NOT NULL,
  `price_shared` decimal(14,4) NOT NULL DEFAULT '0.0000',
  `price_dedicated` decimal(14,4) NOT NULL DEFAULT '0.0000',
  `price_self_service` decimal(14,4) NOT NULL DEFAULT '0.0000',
  `is_active` tinyint(1) NOT NULL DEFAULT '1',
  `created_at` timestamp NULL DEFAULT NULL,
  `updated_at` timestamp NULL DEFAULT NULL
) ENGINE=InnoDB DEFAULT CHARSET=utf8mb4 COLLATE=utf8mb4_unicode_ci ROW_FORMAT=DYNAMIC;

--
-- Dumping data for table `message_pricings`
--

INSERT INTO `message_pricings` (`id`, `message_type`, `price_shared`, `price_dedicated`, `price_self_service`, `is_active`, `created_at`, `updated_at`) VALUES
(1, 'marketing', 587.0000, 587.0000, 0.0000, 1, '2025-12-08 10:54:40', '2026-01-11 07:22:00'),
(2, 'utility', 357.0000, 357.0000, 0.0000, 1, '2025-12-08 10:55:06', '2025-12-18 06:16:07'),
(4, 'authentication', 357.0000, 357.0000, 0.0000, 1, '2025-12-18 06:15:57', '2026-01-11 07:21:56'),
(5, 'service', 0.0000, 0.0000, 0.0000, 1, '2025-12-22 22:38:13', '2025-12-22 22:38:13');

-- --------------------------------------------------------

--
-- Table structure for table `message_rate_limits`
--

CREATE TABLE `message_rate_limits` (
  `id` bigint UNSIGNED NOT NULL,
  `entity_type` varchar(20) COLLATE utf8mb4_unicode_ci NOT NULL,
  `entity_id` bigint UNSIGNED NOT NULL,
  `phone_number` varchar(30) COLLATE utf8mb4_unicode_ci DEFAULT NULL,
  `messages_sent` int UNSIGNED NOT NULL DEFAULT '0',
  `messages_failed` int UNSIGNED NOT NULL DEFAULT '0',
  `messages_blocked` int UNSIGNED NOT NULL DEFAULT '0',
  `delay_multiplier` decimal(4,2) NOT NULL DEFAULT '1.00',
  `health_score` decimal(3,2) NOT NULL DEFAULT '1.00',
  `window_start` timestamp NULL DEFAULT NULL,
  `last_message_at` timestamp NULL DEFAULT NULL,
  `cooldown_until` timestamp NULL DEFAULT NULL,
  `ecosystem_errors_count` int UNSIGNED NOT NULL DEFAULT '0',
  `last_ecosystem_error_at` timestamp NULL DEFAULT NULL,
  `created_at` timestamp NULL DEFAULT NULL,
  `updated_at` timestamp NULL DEFAULT NULL
) ENGINE=InnoDB DEFAULT CHARSET=utf8mb4 COLLATE=utf8mb4_unicode_ci;

-- --------------------------------------------------------

--
-- Table structure for table `message_status_logs`
--

CREATE TABLE `message_status_logs` (
  `id` bigint UNSIGNED NOT NULL,
  `waba_inbox_message_id` bigint UNSIGNED DEFAULT NULL,
  `outgoing_message_id` bigint UNSIGNED DEFAULT NULL,
  `wa_message_id` varchar(255) COLLATE utf8mb4_unicode_ci DEFAULT NULL,
  `status` enum('pending','sent','delivered','read','failed') COLLATE utf8mb4_unicode_ci NOT NULL DEFAULT 'pending',
  `error_code` varchar(255) COLLATE utf8mb4_unicode_ci DEFAULT NULL,
  `error_message` text COLLATE utf8mb4_unicode_ci,
  `status_timestamp` timestamp NULL DEFAULT NULL,
  `raw_payload` json DEFAULT NULL,
  `created_at` timestamp NULL DEFAULT NULL,
  `updated_at` timestamp NULL DEFAULT NULL
) ENGINE=InnoDB DEFAULT CHARSET=utf8mb4 COLLATE=utf8mb4_unicode_ci;

-- --------------------------------------------------------

--
-- Table structure for table `meta_quality_logs`
--

CREATE TABLE `meta_quality_logs` (
  `id` bigint UNSIGNED NOT NULL,
  `waba_pool_id` bigint UNSIGNED NOT NULL,
  `message_id` bigint UNSIGNED DEFAULT NULL,
  `client_id` bigint UNSIGNED DEFAULT NULL,
  `error_code` varchar(20) COLLATE utf8mb4_unicode_ci DEFAULT NULL,
  `error_type` varchar(50) COLLATE utf8mb4_unicode_ci NOT NULL,
  `error_message` text COLLATE utf8mb4_unicode_ci NOT NULL,
  `error_context` json DEFAULT NULL,
  `action_taken` varchar(30) COLLATE utf8mb4_unicode_ci NOT NULL,
  `cooldown_seconds` int UNSIGNED DEFAULT NULL,
  `recipient_phone` varchar(30) COLLATE utf8mb4_unicode_ci DEFAULT NULL,
  `template_name` varchar(100) COLLATE utf8mb4_unicode_ci DEFAULT NULL,
  `created_at` timestamp NULL DEFAULT NULL,
  `updated_at` timestamp NULL DEFAULT NULL
) ENGINE=InnoDB DEFAULT CHARSET=utf8mb4 COLLATE=utf8mb4_unicode_ci;

-- --------------------------------------------------------

--
-- Table structure for table `meta_webhook_logs`
--

CREATE TABLE `meta_webhook_logs` (
  `id` bigint UNSIGNED NOT NULL,
  `waba_id` varchar(255) CHARACTER SET utf8mb4 COLLATE utf8mb4_unicode_ci DEFAULT NULL,
  `phone_number_id` varchar(255) CHARACTER SET utf8mb4 COLLATE utf8mb4_unicode_ci DEFAULT NULL,
  `event_type` varchar(255) CHARACTER SET utf8mb4 COLLATE utf8mb4_unicode_ci NOT NULL,
  `payload` json NOT NULL,
  `created_at` timestamp NULL DEFAULT NULL,
  `updated_at` timestamp NULL DEFAULT NULL
) ENGINE=InnoDB DEFAULT CHARSET=utf8mb4 COLLATE=utf8mb4_unicode_ci;

-- --------------------------------------------------------

--
-- Table structure for table `migrations`
--

CREATE TABLE `migrations` (
  `id` int UNSIGNED NOT NULL,
  `migration` varchar(255) CHARACTER SET utf8mb4 COLLATE utf8mb4_unicode_ci NOT NULL,
  `batch` int NOT NULL
) ENGINE=InnoDB DEFAULT CHARSET=utf8mb4 COLLATE=utf8mb4_unicode_ci ROW_FORMAT=DYNAMIC;

--
-- Dumping data for table `migrations`
--

INSERT INTO `migrations` (`id`, `migration`, `batch`) VALUES
(9, '0001_01_01_000000_create_users_table', 1),
(10, '0001_01_01_000001_create_cache_table', 1),
(11, '0001_01_01_000002_create_jobs_table', 1),
(12, '2025_02_18_013140_create_settings_table', 1),
(13, '2025_02_18_014202_create_permission_tables', 1),
(14, '2025_02_18_015415_create_menus_table', 2),
(15, '2025_02_18_015517_create_role_menus_table', 2),
(16, '2025_02_18_031243_create_divisis_table', 3),
(17, '2025_02_18_031322_create_jabatans_table', 3),
(19, '2025_02_18_040607_create_radii_table', 5),
(21, '2025_02_18_034610_create_shifts_table', 6),
(22, '2025_02_18_061406_create_jam_kerjas_table', 6),
(23, '2025_02_19_005354_create_divisi_shifts_table', 6),
(34, '2025_02_20_034830_create_pegawai_masters_table', 7),
(35, '2025_02_22_011112_create_pegawai_shifts_table', 8),
(36, '2025_02_24_014835_create_presensis_table', 8),
(37, '2025_02_24_032535_create_personal_access_tokens_table', 9),
(38, '2025_02_24_033112_create_o_t_p_verifications_table', 10),
(41, '2025_02_25_005648_create_user_photos_table', 11),
(42, '2025_05_14_041214_create_proporsi_fairness_table', 12),
(43, '2025_05_14_044119_create_grade_table', 13),
(44, '2025_05_14_050000_create_sumbers_table', 14),
(45, '2025_05_14_050000_create_sumber_table', 15),
(46, '2024_01_15_create_remunerasi_batch_table', 16),
(47, '2024_01_15_create_remunerasi_source_table', 17),
(48, '2024_03_19_000001_create_detail_source_table', 18),
(49, '2024_03_19_000002_create_pembagian_klaim_table', 19),
(50, '2025_12_08_000003_create_resellers_table', 20),
(51, '2025_12_08_000001_create_waba_pools_table', 21),
(52, '2025_12_08_000002_create_clients_table', 22),
(53, '2025_12_08_000004_create_dedicated_assigns_table', 23),
(54, '2025_12_08_000005_create_messages_table', 24),
(55, '2025_12_08_000006_create_templates_table', 25),
(56, '2025_12_08_000007_create_reseller_client_pricings_table', 26),
(57, '2025_12_08_000008_create_topups_table', 27),
(58, '2025_12_08_000009_create_activity_logs_table', 28),
(59, '2025_12_08_000010_create_whitelists_table', 29),
(60, '2025_12_08_000011_create_message_pricings_table', 30),
(61, '2025_12_08_100000_create_sessions_table_if_missing', 31),
(62, '2025_12_08_110000_add_account_name_to_waba_pools_table', 32),
(63, '2025_12_08_172253_create_reseller_clients_table', 33),
(64, '2025_12_08_172257_create_reseller_pricings_table', 34),
(65, '2025_12_08_172302_add_category_to_messages_table', 35),
(66, '2025_12_08_175710_add_default_and_final_price_to_reseller_pricings_table', 36),
(67, '2025_12_08_181814_add_user_id_to_clients_table', 37),
(68, '2025_12_08_182753_add_api_and_server_key_to_clients_table', 38),
(69, '2025_12_08_184348_add_deleted_at_to_clients_table', 39),
(70, '2025_12_08_191811_create_campaigns_table', 40),
(71, '2025_12_08_191815_create_campaign_logs_table', 41),
(72, '2025_12_08_194923_add_server_key_to_resellers_table', 42),
(73, '2025_12_08_201941_add_multi_account_fields_to_templates_table', 43),
(74, '2025_12_10_100001_add_routing_fields_to_waba_pools_table', 44),
(75, '2025_12_09_000100_update_templates_add_owner_and_components', 45),
(76, '2025_12_10_100002_create_waba_routing_logs_table', 46),
(77, '2025_12_10_103300_add_token_fields_to_waba_pools_table', 47),
(78, '2025_12_10_110405_add_dedicated_price_to_waba_pools_table', 48),
(79, '2025_12_10_110400_enhance_dedicated_assigns_table', 49),
(80, '2025_12_10_110402_create_number_name_requests_table', 50),
(81, '2025_12_10_110401_create_dedicated_number_requests_table', 51),
(82, '2025_12_10_110403_create_reseller_number_margins_table', 52),
(83, '2025_12_10_110404_create_number_transactions_table', 53),
(84, '2025_12_10_111201_create_waba_inbox_messages_table', 54),
(85, '2025_12_10_111200_add_webhook_verify_token_to_waba_pools_table', 55),
(86, '2025_12_10_115300_add_documentation_menus', 56),
(87, '2025_12_10_135900_add_dedicated_number_menus', 57),
(88, '2025_12_10_220002_create_balance_histories_table', 58),
(89, '2025_12_10_220001_create_topup_transactions_table', 59),
(90, '2025_12_10_220000_create_payment_gateways_table', 60),
(91, '2025_12_11_000001_create_template_copy_logs_table', 61),
(92, '2025_12_11_000002_add_client_assignment_to_waba_pools', 62),
(93, '2025_12_10_183726_add_index_to_template_name_in_templates_table', 63),
(94, '2025_12_11_000003_create_reseller_dedicated_carts_table', 64),
(95, '2025_12_11_000004_create_client_dedicated_assignments_table', 64),
(96, '2025_12_11_000005_add_assignment_status_to_waba_pools_table', 64),
(97, '2025_12_11_042019_add_rejection_fields_to_templates_table', 65),
(98, '2025_12_11_042115_create_template_resubmit_histories_table', 65),
(99, '2025_12_11_064641_add_parent_version_to_templates_table', 66),
(100, '2025_12_11_074045_create_meta_webhook_logs_table', 67),
(101, '2025_12_11_210000_add_client_api_settings_menu', 68),
(102, '2025_12_12_000001_add_visibility_to_templates_table', 69),
(103, '2025_12_12_000002_add_global_webhook_to_waba_pools', 70),
(104, '2025_12_12_000003_create_waba_status_updates_table', 70),
(105, '2025_12_12_230000_create_webhook_logs_table', 71),
(106, '2025_12_12_230001_create_agents_table', 71),
(107, '2025_12_12_230002_create_chat_assignments_table', 71),
(108, '2025_12_12_230003_add_agent_tracking_to_messages_table', 71),
(109, '2025_12_12_230004_add_assignment_to_waba_inbox_messages_table', 71),
(110, '2025_12_13_052416_add_ebilling_fields_to_clients_table', 71),
(111, '2025_12_14_120000_add_report_index_to_messages_table', 72),
(112, '2025_12_14_200000_create_chat_assignment_histories_table', 72),
(113, '2025_12_15_152837_add_kode_referral_to_resellers_table', 73),
(114, '2025_12_15_161523_add_account_name_to_clients_table', 73),
(115, '2025_12_16_090000_add_media_fields_to_waba_inbox_messages', 74),
(116, '2025_12_16_101144_add_phone_to_clients_table', 74),
(117, '2025_12_16_140001_create_contacts_table', 74),
(118, '2025_12_16_140002_create_contact_groups_table', 74),
(119, '2025_12_16_140003_create_contact_group_members_table', 74),
(120, '2025_12_16_140004_enhance_campaigns_table', 74),
(121, '2025_12_16_140005_enhance_campaign_logs_table', 74),
(122, '2025_12_17_100000_add_service_fee_to_topup_transactions', 74),
(123, '2025_12_18_000001_create_expense_categories_table', 75),
(124, '2025_12_18_000002_create_expenses_table', 75),
(125, '2024_12_19_130000_add_is_refunded_to_messages_table', 76),
(126, '2024_12_19_140000_create_balance_adjustments_table', 77),
(127, '2025_12_20_000001_create_email_configs_table', 77),
(128, '2025_12_23_000001_create_blog_categories_table', 77),
(129, '2025_12_23_000002_create_blog_tags_table', 77),
(130, '2025_12_23_000003_create_blog_posts_table', 77),
(131, '2025_12_23_000004_create_blog_post_tag_table', 77),
(132, '2025_12_24_000004_add_mobile_indexes', 78),
(133, '2025_12_24_000003_create_mobile_activity_logs_table', 79),
(134, '2025_12_24_000002_create_message_status_logs_table', 80),
(135, '2025_12_24_000001_create_user_devices_table', 81),
(136, '2024_12_29_100001_create_autoreply_settings_table', 82),
(137, '2024_12_29_100002_create_autoreply_ai_configs_table', 82),
(138, '2024_12_29_100003_create_autoreply_buttons_table', 82),
(139, '2024_12_29_100004_create_autoreply_logs_table', 82),
(140, '2025_12_30_000001_add_payment_status_and_transfer_proof_to_expenses_table', 83),
(141, '2025_12_30_200000_add_package_and_status_integrasi_to_clients_table', 84),
(142, '2025_12_31_100001_create_packages_table', 85),
(143, '2025_12_31_100002_create_package_features_table', 85),
(144, '2025_12_31_100003_create_package_quotas_table', 85),
(145, '2025_12_31_100004_create_client_packages_table', 85),
(146, '2025_12_31_100005_create_client_overrides_table', 85),
(147, '2025_12_31_100006_add_pricing_to_packages_table', 86),
(148, '2025_12_31_100007_add_next_package_to_client_packages_table', 86),
(149, '2025_12_31_140800_change_error_message_to_text_in_messages_table', 87),
(150, '2026_01_02_203900_add_can_view_all_inbox_to_agents_table', 88),
(151, '2026_01_03_100000_add_category_index_to_messages_table', 89),
(152, '2026_01_03_120000_change_entity_id_to_string_in_mobile_activity_logs', 90),
(153, '2026_01_04_010000_add_billing_cycle_to_packages_table', 91),
(154, '2026_01_04_010001_add_renewal_to_client_packages_table', 91),
(155, '2026_01_04_010002_create_custom_packages_table', 91),
(156, '2026_01_04_010003_create_package_histories_table', 91),
(157, '2026_01_04_014900_add_type_to_packages_table', 91),
(158, '2026_01_04_020000_add_type_and_grace_to_custom_packages_table', 92),
(159, '2026_01_05_100001_create_addons_table', 92),
(160, '2026_01_05_100002_create_client_addons_table', 92),
(161, '2026_01_05_100003_create_addon_transactions_table', 92),
(162, '2026_01_05_100004_create_agent_sessions_table', 92),
(163, '2026_01_05_150000_add_header_media_url_to_campaigns_table', 92),
(164, '2026_01_06_100000_change_agent_id_nullable_in_agent_sessions', 93),
(165, '2026_01_06_100001_add_package_type_integration_to_packages_table', 94),
(166, '2026_01_06_100002_add_integration_mode_to_waba_pools_table', 94),
(167, '2026_01_06_100003_add_package_type_to_client_packages_table', 95),
(168, '2026_01_06_100004_create_waba_audit_logs_table', 95),
(169, '2026_01_06_100005_create_waba_token_logs_table', 95),
(170, '2026_01_06_100006_create_waba_consent_logs_table', 95),
(171, '2026_01_06_100007_add_billing_fields_to_messages_table', 95),
(172, '2026_01_06_110001_create_waba_platform_settings_table', 95),
(173, '2026_01_06_180500_increase_triggered_by_column_size', 96),
(174, '2026_01_06_210000_add_visible_to_client_to_chat_assignments', 97),
(175, '2026_01_15_000001_add_activation_fields_to_waba_pools_table', 98),
(176, '2026_01_10_000001_add_phone_status_to_waba_pools_table', 99),
(177, '2026_01_11_000000_add_price_self_service_to_message_pricings_table', 100),
(178, '2026_01_11_000001_add_webhook_fields_to_waba_pools_table', 101),
(179, '2026_01_14_000001_add_resend_fields_to_messages_table', 102),
(180, '2026_01_14_000002_create_resend_logs_table', 102),
(181, '2026_01_14_142200_create_auto_reply_module_tables', 102),
(182, '2026_01_15_000001_add_params_columns_to_messages_table', 102),
(183, '2026_01_15_100001_add_queue_fields_to_messages_table', 103),
(184, '2026_01_15_100002_create_message_rate_limits_table', 103),
(185, '2026_01_15_100003_create_meta_quality_logs_table', 103),
(186, '2026_01_15_100004_create_message_content_hashes_table', 103),
(187, '2026_01_15_142820_add_header_and_button_params_to_campaigns_table', 103),
(188, '2026_01_21_000001_create_technical_discussions_table', 104),
(189, '2026_01_22_144612_add_excel_import_fields_to_campaigns_table', 105),
(190, '2026_01_22_144620_create_campaign_contacts_table', 105),
(191, '2026_01_22_153812_add_excel_to_campaigns_target_type_enum', 106),
(192, '2026_01_25_000001_create_terms_conditions_table', 107),
(193, '2026_01_25_000002_create_client_term_approvals_table', 107),
(194, '2026_01_25_000003_add_terms_fields_to_clients_table', 107),
(195, '2026_01_25_212902_create_template_message_ingests_table', 108),
(196, '2026_01_26_092237_add_proof_path_to_topup_transactions_table', 108),
(197, '2024_01_28_000000_create_webhooks_table', 109),
(198, '2024_01_28_000001_create_webhook_logs_table', 110),
(199, '2026_01_29_230000_add_webhook_id_to_webhook_logs_table', 111),
(200, '2026_01_29_230001_add_webhook_id_to_webhook_logs_table', 112);

-- --------------------------------------------------------

--
-- Table structure for table `mobile_activity_logs`
--

CREATE TABLE `mobile_activity_logs` (
  `id` bigint UNSIGNED NOT NULL,
  `user_id` bigint UNSIGNED DEFAULT NULL,
  `client_id` bigint UNSIGNED DEFAULT NULL,
  `agent_id` bigint UNSIGNED DEFAULT NULL,
  `action` varchar(255) COLLATE utf8mb4_unicode_ci NOT NULL COMMENT 'send_message, send_template, upload_media, etc.',
  `entity_type` varchar(255) COLLATE utf8mb4_unicode_ci DEFAULT NULL COMMENT 'message, conversation, media',
  `entity_id` varchar(36) COLLATE utf8mb4_unicode_ci DEFAULT NULL,
  `device_id` varchar(255) COLLATE utf8mb4_unicode_ci DEFAULT NULL,
  `ip_address` varchar(255) COLLATE utf8mb4_unicode_ci DEFAULT NULL,
  `request_payload` json DEFAULT NULL,
  `response_payload` json DEFAULT NULL,
  `response_code` int DEFAULT NULL,
  `execution_time_ms` int DEFAULT NULL,
  `is_success` tinyint(1) NOT NULL DEFAULT '1',
  `error_message` text COLLATE utf8mb4_unicode_ci,
  `created_at` timestamp NULL DEFAULT NULL,
  `updated_at` timestamp NULL DEFAULT NULL
) ENGINE=InnoDB DEFAULT CHARSET=utf8mb4 COLLATE=utf8mb4_unicode_ci;

-- --------------------------------------------------------

--
-- Table structure for table `model_has_permissions`
--

CREATE TABLE `model_has_permissions` (
  `permission_id` bigint UNSIGNED NOT NULL,
  `model_type` varchar(255) CHARACTER SET utf8mb4 COLLATE utf8mb4_unicode_ci NOT NULL,
  `model_id` bigint UNSIGNED NOT NULL
) ENGINE=InnoDB DEFAULT CHARSET=utf8mb4 COLLATE=utf8mb4_unicode_ci ROW_FORMAT=DYNAMIC;

-- --------------------------------------------------------

--
-- Table structure for table `model_has_roles`
--

CREATE TABLE `model_has_roles` (
  `role_id` bigint UNSIGNED NOT NULL,
  `model_type` varchar(255) CHARACTER SET utf8mb4 COLLATE utf8mb4_unicode_ci NOT NULL,
  `model_id` bigint UNSIGNED NOT NULL
) ENGINE=InnoDB DEFAULT CHARSET=utf8mb4 COLLATE=utf8mb4_unicode_ci ROW_FORMAT=DYNAMIC;

--
-- Dumping data for table `model_has_roles`
--

INSERT INTO `model_has_roles` (`role_id`, `model_type`, `model_id`) VALUES
(3, 'App\\Models\\User', 1),
(4, 'App\\Models\\User', 11),
(5, 'App\\Models\\User', 13),
(5, 'App\\Models\\User', 14),
(5, 'App\\Models\\User', 15),
(5, 'App\\Models\\User', 16),
(5, 'App\\Models\\User', 17),
(4, 'App\\Models\\User', 18),
(5, 'App\\Models\\User', 19),
(5, 'App\\Models\\User', 20),
(5, 'App\\Models\\User', 21),
(5, 'App\\Models\\User', 22),
(5, 'App\\Models\\User', 23),
(5, 'App\\Models\\User', 24),
(5, 'App\\Models\\User', 25),
(5, 'App\\Models\\User', 26),
(5, 'App\\Models\\User', 27),
(5, 'App\\Models\\User', 28),
(5, 'App\\Models\\User', 29),
(5, 'App\\Models\\User', 30),
(5, 'App\\Models\\User', 31),
(5, 'App\\Models\\User', 32),
(6, 'App\\Models\\User', 33),
(6, 'App\\Models\\User', 34),
(5, 'App\\Models\\User', 35),
(5, 'App\\Models\\User', 36),
(6, 'App\\Models\\User', 39),
(5, 'App\\Models\\User', 40),
(5, 'App\\Models\\User', 41),
(5, 'App\\Models\\User', 43),
(5, 'App\\Models\\User', 44),
(5, 'App\\Models\\User', 45),
(5, 'App\\Models\\User', 46),
(5, 'App\\Models\\User', 47),
(5, 'App\\Models\\User', 48),
(5, 'App\\Models\\User', 49),
(5, 'App\\Models\\User', 50),
(5, 'App\\Models\\User', 51),
(5, 'App\\Models\\User', 52),
(5, 'App\\Models\\User', 53),
(5, 'App\\Models\\User', 54),
(5, 'App\\Models\\User', 55),
(5, 'App\\Models\\User', 56),
(5, 'App\\Models\\User', 57),
(5, 'App\\Models\\User', 58),
(5, 'App\\Models\\User', 59),
(5, 'App\\Models\\User', 60),
(5, 'App\\Models\\User', 61),
(5, 'App\\Models\\User', 62),
(5, 'App\\Models\\User', 63),
(5, 'App\\Models\\User', 64),
(5, 'App\\Models\\User', 65),
(5, 'App\\Models\\User', 66),
(5, 'App\\Models\\User', 67),
(5, 'App\\Models\\User', 68),
(5, 'App\\Models\\User', 69),
(4, 'App\\Models\\User', 70),
(5, 'App\\Models\\User', 71),
(5, 'App\\Models\\User', 72),
(5, 'App\\Models\\User', 73),
(5, 'App\\Models\\User', 74),
(5, 'App\\Models\\User', 75),
(5, 'App\\Models\\User', 76),
(5, 'App\\Models\\User', 77),
(5, 'App\\Models\\User', 78),
(5, 'App\\Models\\User', 79),
(5, 'App\\Models\\User', 80),
(5, 'App\\Models\\User', 81),
(5, 'App\\Models\\User', 82),
(5, 'App\\Models\\User', 83),
(5, 'App\\Models\\User', 84),
(6, 'App\\Models\\User', 85),
(6, 'App\\Models\\User', 86),
(6, 'App\\Models\\User', 87),
(6, 'App\\Models\\User', 88),
(5, 'App\\Models\\User', 89),
(6, 'App\\Models\\User', 90),
(5, 'App\\Models\\User', 91),
(5, 'App\\Models\\User', 92);

-- --------------------------------------------------------

--
-- Table structure for table `number_name_requests`
--

CREATE TABLE `number_name_requests` (
  `id` bigint UNSIGNED NOT NULL,
  `dedicated_assign_id` bigint UNSIGNED NOT NULL,
  `client_id` bigint UNSIGNED NOT NULL,
  `current_name` varchar(100) CHARACTER SET utf8mb4 COLLATE utf8mb4_unicode_ci DEFAULT NULL COMMENT 'Nama saat ini',
  `requested_name` varchar(100) CHARACTER SET utf8mb4 COLLATE utf8mb4_unicode_ci NOT NULL COMMENT 'Nama yang diminta',
  `status` enum('pending','approved','rejected') CHARACTER SET utf8mb4 COLLATE utf8mb4_unicode_ci NOT NULL DEFAULT 'pending',
  `processed_by` bigint UNSIGNED DEFAULT NULL,
  `processed_at` timestamp NULL DEFAULT NULL,
  `rejection_reason` text CHARACTER SET utf8mb4 COLLATE utf8mb4_unicode_ci,
  `created_at` timestamp NULL DEFAULT NULL,
  `updated_at` timestamp NULL DEFAULT NULL
) ENGINE=InnoDB DEFAULT CHARSET=utf8mb4 COLLATE=utf8mb4_unicode_ci;

-- --------------------------------------------------------

--
-- Table structure for table `number_transactions`
--

CREATE TABLE `number_transactions` (
  `id` bigint UNSIGNED NOT NULL,
  `client_id` bigint UNSIGNED NOT NULL,
  `waba_pool_id` bigint UNSIGNED NOT NULL,
  `dedicated_assign_id` bigint UNSIGNED DEFAULT NULL,
  `reseller_id` bigint UNSIGNED DEFAULT NULL,
  `type` enum('assign','unassign','refund') CHARACTER SET utf8mb4 COLLATE utf8mb4_unicode_ci NOT NULL COMMENT 'Jenis transaksi',
  `base_price` decimal(12,2) NOT NULL DEFAULT '0.00',
  `margin` decimal(12,2) NOT NULL DEFAULT '0.00',
  `total_amount` decimal(12,2) NOT NULL DEFAULT '0.00',
  `balance_before` decimal(12,4) NOT NULL DEFAULT '0.0000' COMMENT 'Saldo sebelum transaksi',
  `balance_after` decimal(12,4) NOT NULL DEFAULT '0.0000' COMMENT 'Saldo setelah transaksi',
  `processed_by` bigint UNSIGNED DEFAULT NULL,
  `notes` text CHARACTER SET utf8mb4 COLLATE utf8mb4_unicode_ci,
  `created_at` timestamp NOT NULL DEFAULT CURRENT_TIMESTAMP
) ENGINE=InnoDB DEFAULT CHARSET=utf8mb4 COLLATE=utf8mb4_unicode_ci;

--
-- Dumping data for table `number_transactions`
--

INSERT INTO `number_transactions` (`id`, `client_id`, `waba_pool_id`, `dedicated_assign_id`, `reseller_id`, `type`, `base_price`, `margin`, `total_amount`, `balance_before`, `balance_after`, `processed_by`, `notes`, `created_at`) VALUES
(1, 14, 9, NULL, 1, 'assign', 0.00, 0.00, 0.00, 40000.0000, 40000.0000, 11, 'Assign dedicated number 62882005686544 to client Azzam Mujaddid', '2025-12-24 04:01:50'),
(2, 10, 12, NULL, 1, 'assign', 0.00, 0.00, 0.00, 7615.0000, 7615.0000, 11, 'Assign dedicated number 62881010842045 to client Nova Ariyanto', '2025-12-25 04:57:30'),
(3, 10, 12, NULL, 1, 'unassign', 0.00, 0.00, 0.00, 7216.0000, 7216.0000, 11, 'Unassign dedicated number 62881010842045 from client Nova Ariyanto', '2025-12-29 02:23:12'),
(4, 10, 12, NULL, 1, 'assign', 0.00, 0.00, 0.00, 7216.0000, 7216.0000, 11, 'Assign dedicated number 62881010842045 to client Nova Ariyanto', '2025-12-29 02:23:18'),
(7, 14, 9, NULL, 1, 'unassign', 0.00, 0.00, 0.00, 41449.0000, 41449.0000, 11, 'Unassign dedicated number 62882005686544 from client Azzam Mujaddid', '2026-01-08 03:22:06'),
(8, 14, 9, NULL, 1, 'assign', 0.00, 0.00, 0.00, 41449.0000, 41449.0000, 11, 'Assign dedicated number 62882005686544 to client Azzam Mujaddid', '2026-01-08 03:22:14'),
(9, 65, 59, NULL, 1, 'assign', 0.00, 0.00, 0.00, 8503.0000, 8503.0000, 11, 'Assign dedicated number 62882007280863 to client GANI INDRAWAN', '2026-02-02 10:14:49');

-- --------------------------------------------------------

--
-- Table structure for table `o_t_p_verifications`
--

CREATE TABLE `o_t_p_verifications` (
  `id` bigint UNSIGNED NOT NULL,
  `nomor_hp` varchar(255) CHARACTER SET utf8mb4 COLLATE utf8mb4_unicode_ci NOT NULL,
  `otp_code` varchar(255) CHARACTER SET utf8mb4 COLLATE utf8mb4_unicode_ci NOT NULL,
  `expires_at` timestamp NOT NULL,
  `created_at` timestamp NULL DEFAULT NULL,
  `updated_at` timestamp NULL DEFAULT NULL,
  `nik` varchar(16) CHARACTER SET utf8mb4 COLLATE utf8mb4_unicode_ci DEFAULT NULL
) ENGINE=InnoDB DEFAULT CHARSET=utf8mb4 COLLATE=utf8mb4_unicode_ci ROW_FORMAT=DYNAMIC;

-- --------------------------------------------------------

--
-- Table structure for table `packages`
--

CREATE TABLE `packages` (
  `id` bigint UNSIGNED NOT NULL,
  `code` varchar(50) COLLATE utf8mb4_unicode_ci NOT NULL,
  `name` varchar(100) COLLATE utf8mb4_unicode_ci NOT NULL,
  `tier` varchar(20) COLLATE utf8mb4_unicode_ci NOT NULL DEFAULT 'basic',
  `type` varchar(20) COLLATE utf8mb4_unicode_ci NOT NULL DEFAULT 'shared',
  `package_type` varchar(20) COLLATE utf8mb4_unicode_ci NOT NULL DEFAULT 'shared' COMMENT 'shared, dedicated, self_service',
  `max_agent` int DEFAULT NULL,
  `description` text COLLATE utf8mb4_unicode_ci,
  `price` decimal(12,2) NOT NULL DEFAULT '0.00',
  `duration_days` int NOT NULL DEFAULT '30',
  `billing_cycle` varchar(20) COLLATE utf8mb4_unicode_ci NOT NULL DEFAULT 'monthly',
  `price_monthly` decimal(12,2) NOT NULL DEFAULT '0.00',
  `price_yearly` decimal(12,2) NOT NULL DEFAULT '0.00',
  `discount_yearly_percent` int NOT NULL DEFAULT '20',
  `is_public` tinyint(1) NOT NULL DEFAULT '1',
  `is_active` tinyint(1) NOT NULL DEFAULT '1',
  `created_at` timestamp NULL DEFAULT NULL,
  `updated_at` timestamp NULL DEFAULT NULL
) ENGINE=InnoDB DEFAULT CHARSET=utf8mb4 COLLATE=utf8mb4_unicode_ci;

--
-- Dumping data for table `packages`
--

INSERT INTO `packages` (`id`, `code`, `name`, `tier`, `type`, `package_type`, `max_agent`, `description`, `price`, `duration_days`, `billing_cycle`, `price_monthly`, `price_yearly`, `discount_yearly_percent`, `is_public`, `is_active`, `created_at`, `updated_at`) VALUES
(5, 'shared', 'Shared', 'basic', 'shared', 'shared', NULL, 'Paket Shared - menggunakan nomor bersama', 0.00, 30, 'monthly', 0.00, 0.00, 0, 1, 1, '2026-01-03 18:57:16', '2026-01-03 18:59:07'),
(6, 'dedicated_basic', 'Dedicated - Basic', 'basic', 'dedicated', 'dedicated', 2, 'Paket Dedicated Basic - nomor khusus dengan maksimal 2 agent', 0.00, 30, 'monthly', 99000.00, 950000.00, 20, 1, 1, '2026-01-03 18:57:16', '2026-01-03 18:57:16'),
(7, 'dedicated_pro', 'Dedicated - Pro', 'pro', 'dedicated', 'dedicated', 5, 'Paket Dedicated Pro - nomor khusus dengan maksimal 5 agent', 0.00, 30, 'monthly', 249000.00, 2400000.00, 20, 1, 1, '2026-01-03 18:57:16', '2026-01-03 18:57:16');

-- --------------------------------------------------------

--
-- Table structure for table `package_features`
--

CREATE TABLE `package_features` (
  `id` bigint UNSIGNED NOT NULL,
  `package_id` bigint UNSIGNED NOT NULL,
  `feature_code` varchar(50) COLLATE utf8mb4_unicode_ci NOT NULL,
  `is_enabled` tinyint(1) NOT NULL DEFAULT '1',
  `created_at` timestamp NULL DEFAULT NULL,
  `updated_at` timestamp NULL DEFAULT NULL
) ENGINE=InnoDB DEFAULT CHARSET=utf8mb4 COLLATE=utf8mb4_unicode_ci;

--
-- Dumping data for table `package_features`
--

INSERT INTO `package_features` (`id`, `package_id`, `feature_code`, `is_enabled`, `created_at`, `updated_at`) VALUES
(27, 7, 'open_api', 1, '2026-01-03 18:57:16', '2026-01-03 18:57:16');

-- --------------------------------------------------------

--
-- Table structure for table `package_histories`
--

CREATE TABLE `package_histories` (
  `id` bigint UNSIGNED NOT NULL,
  `client_id` bigint UNSIGNED NOT NULL,
  `package_id` bigint UNSIGNED DEFAULT NULL,
  `custom_package_id` bigint UNSIGNED DEFAULT NULL,
  `action` varchar(50) COLLATE utf8mb4_unicode_ci NOT NULL,
  `amount` decimal(12,2) NOT NULL DEFAULT '0.00',
  `billing_cycle` varchar(20) COLLATE utf8mb4_unicode_ci DEFAULT NULL,
  `metadata` json DEFAULT NULL,
  `performed_by` bigint UNSIGNED DEFAULT NULL,
  `created_at` timestamp NULL DEFAULT NULL,
  `updated_at` timestamp NULL DEFAULT NULL
) ENGINE=InnoDB DEFAULT CHARSET=utf8mb4 COLLATE=utf8mb4_unicode_ci;

--
-- Dumping data for table `package_histories`
--

INSERT INTO `package_histories` (`id`, `client_id`, `package_id`, `custom_package_id`, `action`, `amount`, `billing_cycle`, `metadata`, `performed_by`, `created_at`, `updated_at`) VALUES
(1, 10, 6, NULL, 'purchase', 99000.00, 'monthly', '{\"auto_renew\": true, \"duration_days\": 30, \"client_package_id\": 2}', 22, '2026-01-03 19:43:42', '2026-01-03 19:43:42');

-- --------------------------------------------------------

--
-- Table structure for table `package_quotas`
--

CREATE TABLE `package_quotas` (
  `id` bigint UNSIGNED NOT NULL,
  `package_id` bigint UNSIGNED NOT NULL,
  `quota_code` varchar(50) COLLATE utf8mb4_unicode_ci NOT NULL,
  `quota_limit` int NOT NULL DEFAULT '-1',
  `created_at` timestamp NULL DEFAULT NULL,
  `updated_at` timestamp NULL DEFAULT NULL
) ENGINE=InnoDB DEFAULT CHARSET=utf8mb4 COLLATE=utf8mb4_unicode_ci;

--
-- Dumping data for table `package_quotas`
--

INSERT INTO `package_quotas` (`id`, `package_id`, `quota_code`, `quota_limit`, `created_at`, `updated_at`) VALUES
(22, 5, 'max_agents', -1, '2026-01-03 18:59:07', '2026-01-03 18:59:07');

-- --------------------------------------------------------

--
-- Table structure for table `password_reset_tokens`
--

CREATE TABLE `password_reset_tokens` (
  `email` varchar(255) CHARACTER SET utf8mb4 COLLATE utf8mb4_unicode_ci NOT NULL,
  `token` varchar(255) CHARACTER SET utf8mb4 COLLATE utf8mb4_unicode_ci NOT NULL,
  `created_at` timestamp NULL DEFAULT NULL
) ENGINE=InnoDB DEFAULT CHARSET=utf8mb4 COLLATE=utf8mb4_unicode_ci ROW_FORMAT=DYNAMIC;

--
-- Dumping data for table `password_reset_tokens`
--

INSERT INTO `password_reset_tokens` (`email`, `token`, `created_at`) VALUES
('aldinoalungputraanugraha@gmail.com', '$2y$12$XSeCKvzAn5cPtcHMRml4Qutryj6O94lVyoMAi4pHF9VA2XQ.7RG7K', '2026-01-01 12:21:19'),
('bersamabernadya@gmail.com', '$2y$12$hoSMinyciUv3bitqzK7J9e1BLZ78EzfmPGJen9krpGDR0I6ROM9Dy', '2026-01-23 05:28:19'),
('gani.indrawan23@gmail.com', '$2y$12$dM5gTZid.2KWsSwdzJAEuOMcJu0zsyf8AGOkcDL.jZ.mZN2G5Udku', '2026-02-02 03:19:29');

-- --------------------------------------------------------

--
-- Table structure for table `payment_gateways`
--

CREATE TABLE `payment_gateways` (
  `id` bigint UNSIGNED NOT NULL,
  `gateway_name` varchar(50) CHARACTER SET utf8mb4 COLLATE utf8mb4_unicode_ci NOT NULL,
  `display_name` varchar(100) CHARACTER SET utf8mb4 COLLATE utf8mb4_unicode_ci NOT NULL,
  `email_api` varchar(255) CHARACTER SET utf8mb4 COLLATE utf8mb4_unicode_ci DEFAULT NULL,
  `password_api` text CHARACTER SET utf8mb4 COLLATE utf8mb4_unicode_ci,
  `server_key` text CHARACTER SET utf8mb4 COLLATE utf8mb4_unicode_ci,
  `client_key` varchar(255) CHARACTER SET utf8mb4 COLLATE utf8mb4_unicode_ci DEFAULT NULL,
  `is_production` tinyint(1) NOT NULL DEFAULT '0',
  `is_active` tinyint(1) NOT NULL DEFAULT '0',
  `created_at` timestamp NULL DEFAULT NULL,
  `updated_at` timestamp NULL DEFAULT NULL
) ENGINE=InnoDB DEFAULT CHARSET=utf8mb4 COLLATE=utf8mb4_unicode_ci;

--
-- Dumping data for table `payment_gateways`
--

INSERT INTO `payment_gateways` (`id`, `gateway_name`, `display_name`, `email_api`, `password_api`, `server_key`, `client_key`, `is_production`, `is_active`, `created_at`, `updated_at`) VALUES
(1, 'pakar_digital', 'Pakar Digital', 'api-smartlink-prod@ebilling.id', 'eyJpdiI6IlZTNUlCYmc5dE5QSnExTDVFUzhKNkE9PSIsInZhbHVlIjoiNDBjZHdqU2M5bUNrTHhGUUtwenF2Zz09IiwibWFjIjoiOWRhNDc3NTFkZDVkMTA2NGJlZmU4OGIxY2MwNDViNDlmMWQ0OTYyMjdiNWE5ZTdlZDJmODgxODEzYmRiMjRhZSIsInRhZyI6IiJ9', NULL, NULL, 0, 0, '2025-12-10 07:06:13', '2025-12-13 08:03:52'),
(2, 'midtrans', 'Midtrans', NULL, NULL, 'eyJpdiI6ImsxV1IyZkJ0UWk4V1VLT0dMZGtrc0E9PSIsInZhbHVlIjoiMUY0VmZ2cGlUQjNkYTVnSUE4WTNxaWMyL0o5cVBCSDRzVWlET2tZMVlLUTlycmdidjg2cmpGQ1pZTE9xZnlRUCIsIm1hYyI6IjUwODA5MzNhZWQ1ZGYxMzM3ZjVhN2Q3NDE5ZTdiNmViMDJjMTJkYjQyNjY0MjIxYWIwZDI5MGFjZjg0MDVkYTgiLCJ0YWciOiIifQ==', 'Mid-client-nAZUbDH0QfKi4fwg', 1, 1, '2025-12-10 07:06:13', '2025-12-13 08:03:52');

-- --------------------------------------------------------

--
-- Table structure for table `pembagian_klaim`
--

CREATE TABLE `pembagian_klaim` (
  `id` bigint UNSIGNED NOT NULL,
  `groups` varchar(20) CHARACTER SET utf8mb4 COLLATE utf8mb4_unicode_ci NOT NULL,
  `jenis` varchar(20) CHARACTER SET utf8mb4 COLLATE utf8mb4_unicode_ci NOT NULL,
  `grade` varchar(20) CHARACTER SET utf8mb4 COLLATE utf8mb4_unicode_ci NOT NULL,
  `ppa` varchar(50) CHARACTER SET utf8mb4 COLLATE utf8mb4_unicode_ci NOT NULL,
  `value` decimal(10,4) NOT NULL,
  `sumber` varchar(50) CHARACTER SET utf8mb4 COLLATE utf8mb4_unicode_ci NOT NULL,
  `flag` varchar(20) CHARACTER SET utf8mb4 COLLATE utf8mb4_unicode_ci NOT NULL,
  `del` tinyint(1) NOT NULL DEFAULT '0',
  `sep` varchar(50) CHARACTER SET utf8mb4 COLLATE utf8mb4_unicode_ci NOT NULL,
  `id_detail_source` varchar(50) CHARACTER SET utf8mb4 COLLATE utf8mb4_unicode_ci NOT NULL,
  `cluster` tinyint NOT NULL,
  `idxdaftar` int NOT NULL,
  `nomr` int NOT NULL,
  `tanggal` date NOT NULL,
  `created_at` timestamp NULL DEFAULT NULL,
  `updated_at` timestamp NULL DEFAULT NULL
) ENGINE=InnoDB DEFAULT CHARSET=utf8mb4 COLLATE=utf8mb4_unicode_ci ROW_FORMAT=DYNAMIC;

-- --------------------------------------------------------

--
-- Table structure for table `permissions`
--

CREATE TABLE `permissions` (
  `id` bigint UNSIGNED NOT NULL,
  `name` varchar(255) CHARACTER SET utf8mb4 COLLATE utf8mb4_unicode_ci NOT NULL,
  `guard_name` varchar(255) CHARACTER SET utf8mb4 COLLATE utf8mb4_unicode_ci NOT NULL,
  `created_at` timestamp NULL DEFAULT NULL,
  `updated_at` timestamp NULL DEFAULT NULL
) ENGINE=InnoDB DEFAULT CHARSET=utf8mb4 COLLATE=utf8mb4_unicode_ci ROW_FORMAT=DYNAMIC;

--
-- Dumping data for table `permissions`
--

INSERT INTO `permissions` (`id`, `name`, `guard_name`, `created_at`, `updated_at`) VALUES
(1, 'manage waba pool', 'web', '2026-01-13 04:31:34', '2026-01-13 04:31:34');

-- --------------------------------------------------------

--
-- Table structure for table `personal_access_tokens`
--

CREATE TABLE `personal_access_tokens` (
  `id` bigint UNSIGNED NOT NULL,
  `tokenable_type` varchar(255) CHARACTER SET utf8mb4 COLLATE utf8mb4_unicode_ci NOT NULL,
  `tokenable_id` bigint UNSIGNED NOT NULL,
  `name` varchar(255) CHARACTER SET utf8mb4 COLLATE utf8mb4_unicode_ci NOT NULL,
  `token` varchar(64) CHARACTER SET utf8mb4 COLLATE utf8mb4_unicode_ci NOT NULL,
  `abilities` text CHARACTER SET utf8mb4 COLLATE utf8mb4_unicode_ci,
  `last_used_at` timestamp NULL DEFAULT NULL,
  `expires_at` timestamp NULL DEFAULT NULL,
  `created_at` timestamp NULL DEFAULT NULL,
  `updated_at` timestamp NULL DEFAULT NULL
) ENGINE=InnoDB DEFAULT CHARSET=utf8mb4 COLLATE=utf8mb4_unicode_ci ROW_FORMAT=DYNAMIC;

--
-- Dumping data for table `personal_access_tokens`
--

INSERT INTO `personal_access_tokens` (`id`, `tokenable_type`, `tokenable_id`, `name`, `token`, `abilities`, `last_used_at`, `expires_at`, `created_at`, `updated_at`) VALUES
(1, 'App\\Models\\User', 2, 'authToken', '30641497cdec3064c2e72e35a018c6c4070b57993f0191a347b35949549e4c9e', '[\"*\"]', NULL, NULL, '2025-02-23 19:52:00', '2025-02-23 19:52:00'),
(2, 'App\\Models\\User', 3, 'authToken', '7c9b7ca10f5c11ca20dd55b4191a575c67b8ca699bfe64b4a42896684114afff', '[\"*\"]', NULL, NULL, '2025-02-23 19:58:17', '2025-02-23 19:58:17'),
(3, 'App\\Models\\User', 4, 'authToken', '0eef9bd1cfdd0a8128809afcae30bf074b76e5d892870e46cb9353fe9e6b0e9c', '[\"*\"]', NULL, NULL, '2025-02-23 20:03:57', '2025-02-23 20:03:57'),
(4, 'App\\Models\\User', 5, 'authToken', 'bc38dac7770925ee1defd7e9cf55db8dd0bef148a4dc820778d2bdff176e312e', '[\"*\"]', NULL, NULL, '2025-02-23 20:05:15', '2025-02-23 20:05:15'),
(5, 'App\\Models\\User', 5, 'authToken', '2a4deb38e9b1ddf2910e1d812efdcdad7293b92534a5717fa941c24d233e05bf', '[\"*\"]', '2025-02-23 20:14:57', NULL, '2025-02-23 20:10:41', '2025-02-23 20:14:57'),
(6, 'App\\Models\\User', 5, 'authToken', 'bdd15a4a80d9dd08d8364113e18c8ae18d2f30b9dd1cef2adbef538155279ee1', '[\"*\"]', NULL, NULL, '2025-02-23 20:15:12', '2025-02-23 20:15:12'),
(7, 'App\\Models\\User', 5, 'authToken', '3b2371ec0ce8fba1e8b29cbf764190afeccf6d9b1a0b35a8e3b7e1b5c60dde5a', '[\"*\"]', NULL, NULL, '2025-02-23 20:15:52', '2025-02-23 20:15:52'),
(8, 'App\\Models\\User', 5, 'authToken', 'bb0f10e0d483ce21c095fe7a27eaf07fee236b0401aeba3a41c5435017a40fbf', '[\"*\"]', NULL, NULL, '2025-02-23 20:20:34', '2025-02-23 20:20:34'),
(9, 'App\\Models\\User', 5, 'authToken', '7cc5049f5ae7ebf98e810abff59d33a34623c6e104d340d56170fd4672dab55c', '[\"*\"]', NULL, NULL, '2025-02-23 20:23:23', '2025-02-23 20:23:23'),
(10, 'App\\Models\\User', 5, 'authToken', '63aa120907b715696c6a4522def5c30f995509378ec7102932181776942b9cb9', '[\"*\"]', '2025-02-23 20:26:45', NULL, '2025-02-23 20:23:43', '2025-02-23 20:26:45'),
(11, 'App\\Models\\User', 6, 'authToken', 'e362804cdf53090006872845c1c45d03838a5e6f73f98d9d1c2cda3215cdd859', '[\"*\"]', '2025-02-24 17:22:38', NULL, '2025-02-23 20:29:07', '2025-02-24 17:22:38'),
(12, 'App\\Models\\User', 7, 'authToken', '040dba3f735cf4e3f893d7d2d4806b685195863717ac9ce2d7250b02a0db3085', '[\"*\"]', NULL, NULL, '2025-02-24 17:38:41', '2025-02-24 17:38:41'),
(13, 'App\\Models\\User', 7, 'authToken', '5a5292c4f8d9d8e901968fbe41bfd8a2e8387718e2777a35d89892cca4239ca7', '[\"*\"]', '2025-02-25 01:12:54', NULL, '2025-02-24 17:39:51', '2025-02-25 01:12:54'),
(14, 'App\\Models\\User', 8, 'authToken', 'd8532a708a83e00029967734afaa6bbe4bc260e5d4c86bc65583e37aeb28c77a', '[\"*\"]', '2025-02-26 00:37:37', NULL, '2025-02-24 17:43:11', '2025-02-26 00:37:37'),
(15, 'App\\Models\\User', 7, 'authToken', '062ebcbd52956c4ea5038da79b24e32ed5ef7a4b18c8fe74ceed32245e8b1171', '[\"*\"]', NULL, NULL, '2025-02-25 01:14:01', '2025-02-25 01:14:01'),
(16, 'App\\Models\\User', 7, 'authToken', '608d2440da5a0372e5699ecf9439fe6f4ac719b362b99d215d0991f01df87ae4', '[\"*\"]', NULL, NULL, '2025-02-25 06:00:45', '2025-02-25 06:00:45'),
(17, 'App\\Models\\User', 7, 'authToken', 'd251b0484470be0ad4e1de9eda9dc15c5421ac87dcc2517cec379d28c79ca25c', '[\"*\"]', NULL, NULL, '2025-02-25 06:03:07', '2025-02-25 06:03:07'),
(18, 'App\\Models\\User', 8, 'authToken', 'f47e2cccd4ed27ae38f9d90980cf561ae28537c033f3222791f0d0dd1ae72576', '[\"*\"]', '2025-02-26 02:39:44', NULL, '2025-02-26 00:47:22', '2025-02-26 02:39:44'),
(19, 'App\\Models\\User', 8, 'authToken', 'b14cfed8729a6fe9dacf0f5a427859aee37dd5ef25afdc702714829d214c73da', '[\"*\"]', '2025-03-10 02:26:49', NULL, '2025-02-26 05:54:48', '2025-03-10 02:26:49'),
(20, 'App\\Models\\User', 8, 'authToken', 'c2ad4abe77865573800c61be4d7a8374b82e88b9dd138aa246da5dad37e78d8e', '[\"*\"]', NULL, NULL, '2025-02-26 06:34:38', '2025-02-26 06:34:38'),
(21, 'App\\Models\\User', 7, 'authToken', '8c7ea4880c6fe46922795bf0afcee2ad6ba25a835e1ca75c0df23d7cf3fb004b', '[\"*\"]', NULL, NULL, '2025-02-26 06:36:40', '2025-02-26 06:36:40'),
(22, 'App\\Models\\User', 8, 'authToken', '9e6ab6ddfd914d10030779553c63705f394e063e917d300422f9b9a351461449', '[\"*\"]', NULL, NULL, '2025-02-26 06:39:07', '2025-02-26 06:39:07'),
(23, 'App\\Models\\User', 8, 'authToken', 'eeff75d401775dd37ec12f0bafb1858e439b72569ed7296caa57569f5d53eca6', '[\"*\"]', NULL, NULL, '2025-02-26 06:41:43', '2025-02-26 06:41:43'),
(24, 'App\\Models\\User', 8, 'authToken', 'f5a11eede3a5b507c4a80bc35098f418fa6a0e8f3b11a2b52f329cc6ed4d31d2', '[\"*\"]', NULL, NULL, '2025-02-26 06:46:14', '2025-02-26 06:46:14'),
(25, 'App\\Models\\User', 8, 'authToken', 'b0af611303b379b9e960702d08821194f5e642a87f1cc34421487f2a5d9c1f96', '[\"*\"]', NULL, NULL, '2025-02-26 06:46:58', '2025-02-26 06:46:58'),
(26, 'App\\Models\\User', 8, 'authToken', 'f7c9d9c8a044ed8113fba16f3afb6b9b183eee49e846f091f62bc7c492a9ebca', '[\"*\"]', NULL, NULL, '2025-02-26 06:48:41', '2025-02-26 06:48:41'),
(27, 'App\\Models\\User', 8, 'authToken', 'a98ce5923adb676ba7e70972ad1b9b54c97394d27bd5c77784549867e3f8d53d', '[\"*\"]', NULL, NULL, '2025-02-26 06:50:40', '2025-02-26 06:50:40'),
(28, 'App\\Models\\User', 8, 'authToken', '87ba56205fda0688d517cfcc87f14f095bd0ec1ec06d6fa6aa0ef07e09cd3987', '[\"*\"]', NULL, NULL, '2025-02-26 06:51:39', '2025-02-26 06:51:39'),
(29, 'App\\Models\\User', 7, 'authToken', 'a25f75953722e0f83d65dc5b9db9fe81e60d630af787f38a46a9cbac3878a4a0', '[\"*\"]', '2025-02-27 03:07:40', NULL, '2025-02-26 07:06:16', '2025-02-27 03:07:40'),
(30, 'App\\Models\\User', 7, 'authToken', 'ef7451e7a3c56a693eff94096b91c14639e56bafcac1998bb01812bce5dcba0c', '[\"*\"]', '2025-03-06 05:25:06', NULL, '2025-02-27 00:38:27', '2025-03-06 05:25:06'),
(31, 'App\\Models\\User', 7, 'authToken', '367c6d7a5c3a9e65f501d0b880075c22a41daba00e8088b8b9cb028a56ac30f3', '[\"*\"]', '2025-03-04 04:26:44', NULL, '2025-03-04 00:34:22', '2025-03-04 04:26:44'),
(32, 'App\\Models\\User', 7, 'authToken', 'dc5794b77abecf47f5656e18661eee77bb1d33629d6b019e0d192175e3a90dd3', '[\"*\"]', '2025-03-05 05:59:06', NULL, '2025-03-05 00:46:26', '2025-03-05 05:59:06'),
(33, 'App\\Models\\User', 8, 'authToken', '6b7ec57a767b502642a24e5ecd9d4ee42b7d42a9ede7e05d05999c718b840a4f', '[\"*\"]', NULL, NULL, '2025-03-05 02:55:52', '2025-03-05 02:55:52'),
(34, 'App\\Models\\User', 8, 'authToken', 'de7d7d2616b1814036bfd849df8dc340270be9d1d641751eb8ce7a52235e3764', '[\"*\"]', NULL, NULL, '2025-03-05 02:57:07', '2025-03-05 02:57:07'),
(35, 'App\\Models\\User', 7, 'authToken', '094e61ce527aef355a85692b360cba94c78ffe3c4ad2df5bfc72bf1982eea825', '[\"*\"]', '2025-03-06 05:24:22', NULL, '2025-03-05 03:18:39', '2025-03-06 05:24:22'),
(36, 'App\\Models\\User', 8, 'authToken', 'd151eb062780cbeed55f8fcd268268040b51d370f060c353df081786cc521e3c', '[\"*\"]', NULL, NULL, '2025-03-06 01:47:56', '2025-03-06 01:47:56'),
(37, 'App\\Models\\User', 8, 'authToken', '5c883b7db50eb4fec7759d784f2a099e53bcf5329f8ae0d346d3d81c270f1aef', '[\"*\"]', NULL, NULL, '2025-03-06 02:08:28', '2025-03-06 02:08:28'),
(38, 'App\\Models\\User', 8, 'authToken', '9d85529adf4f9dd4b26d884bd1715199052d5b32209aa55667706ab73cebbc0c', '[\"*\"]', NULL, NULL, '2025-03-06 02:15:17', '2025-03-06 02:15:17'),
(39, 'App\\Models\\User', 8, 'authToken', 'e2fd43d9853430841fcd8eabdee38fef55a80f83ee2eafc369f90a10e43b00b7', '[\"*\"]', NULL, NULL, '2025-03-06 02:16:00', '2025-03-06 02:16:00'),
(40, 'App\\Models\\User', 7, 'authToken', '34a0e2809eeb82b7a1d6842adb10777c6bd614238167b860eb9b7db19a5e943c', '[\"*\"]', '2025-03-06 05:46:35', NULL, '2025-03-06 05:24:22', '2025-03-06 05:46:35'),
(41, 'App\\Models\\User', 7, 'authToken', '7e004a6f1043e902ce226890a65c9c9870b13289540ff920443e21bfd9758724', '[\"*\"]', '2025-03-10 02:42:01', NULL, '2025-03-06 05:28:07', '2025-03-10 02:42:01'),
(42, 'App\\Models\\User', 8, 'authToken', '10000075ed4336b9000249ed858dd6d090191ccd5e6c97e800c5865dca6bab87', '[\"*\"]', '2025-03-12 02:55:48', NULL, '2025-03-10 03:22:40', '2025-03-12 02:55:48'),
(43, 'App\\Models\\User', 22, 'mobile_web-1766648101428', '4e5888bbecbb7607a6129401fef753ece7643944bb7562107a12f1b3d476d8d9', '[\"mobile\"]', NULL, NULL, '2025-12-24 23:35:02', '2025-12-24 23:35:02'),
(44, 'App\\Models\\User', 22, 'mobile_web-1766648316559', '5cfe973c4ce29c706805e197881a11f75b49ad80728ff8c4857f56ecb72669be', '[\"mobile\"]', NULL, NULL, '2025-12-24 23:38:37', '2025-12-24 23:38:37'),
(45, 'App\\Models\\User', 22, 'mobile_web-1766648571388', '21b62bbe166a081ceeba1584baf2aef267ef309541c972b8669538a799141dba', '[\"mobile\"]', '2025-12-24 23:54:30', NULL, '2025-12-24 23:42:52', '2025-12-24 23:54:30'),
(46, 'App\\Models\\User', 22, 'mobile_web-1766649619612', '7972e4c16e870c361289a8370f3e091e4dfeb2f727a0c7494cfd963e53f67c0c', '[\"mobile\"]', '2025-12-25 00:08:13', NULL, '2025-12-25 00:00:20', '2025-12-25 00:08:13'),
(47, 'App\\Models\\User', 22, 'mobile_web-1766652928746', '31e29b78f4e39d7f32735b55dda1d54c8574295a817f8e60cb55e71157a34bd8', '[\"mobile\"]', '2025-12-25 01:04:28', NULL, '2025-12-25 00:55:29', '2025-12-25 01:04:28'),
(48, 'App\\Models\\User', 22, 'mobile_web-1766974826321', '3974a1addc4b289631fce1c3811e0b1ca31cdc182bf7367a1a97e5d87c05cae3', '[\"mobile\"]', '2025-12-29 01:36:30', NULL, '2025-12-29 01:20:27', '2025-12-29 01:36:30'),
(49, 'App\\Models\\User', 22, 'mobile_web-1766977198266', 'c3bacb4977c53cbcc209a0556d806be6046fc917ca3b352d3b6a8d9304061408', '[\"mobile\"]', '2025-12-29 02:01:20', NULL, '2025-12-29 01:59:59', '2025-12-29 02:01:20'),
(50, 'App\\Models\\User', 22, 'mobile_web-1766977572570', '3d812df1451601a7c231de9610c527c28f250c123d852edae403e5508758d9da', '[\"mobile\"]', '2025-12-29 02:31:40', NULL, '2025-12-29 02:06:13', '2025-12-29 02:31:40'),
(51, 'App\\Models\\User', 22, 'mobile_web-1766979353685', 'c0eff3147b0995c450856e5341f84db1b050206cc9933841b01a53d7be8973e6', '[\"mobile\"]', '2025-12-29 02:36:17', NULL, '2025-12-29 02:35:55', '2025-12-29 02:36:17'),
(52, 'App\\Models\\User', 22, 'mobile_web-1766980316092', '42bde69751b6c19d66bd56cb12c2434d7f5cfb25044c1be158efd2fb44f715e3', '[\"mobile\"]', '2025-12-29 07:00:54', NULL, '2025-12-29 02:51:59', '2025-12-29 07:00:54'),
(53, 'App\\Models\\User', 22, 'mobile_web-1767332368031', '901319b68dfcaf91515a72cb36ac5ce8084840c1ab08012f82148e1e772cee19', '[\"mobile\"]', '2026-01-02 04:56:13', NULL, '2026-01-02 04:39:27', '2026-01-02 04:56:13'),
(54, 'App\\Models\\User', 22, 'mobile_web-1767333508199', 'b501ba7cfa2f1478ad6796ac44bcba193bc7d5991b777d10d17a6e0fee693939', '[\"mobile\"]', '2026-01-02 05:11:37', NULL, '2026-01-02 04:58:28', '2026-01-02 05:11:37'),
(55, 'App\\Models\\User', 22, 'mobile_web-1767334515037', 'b1653c452fc9e56d8eaa3c4ff8c504d07877fe83fa64608edd41423d2721c9f6', '[\"mobile\"]', '2026-01-02 05:15:34', NULL, '2026-01-02 05:15:14', '2026-01-02 05:15:34'),
(56, 'App\\Models\\User', 22, 'mobile_web-1767334951457', 'e604ded7888d1dde5b86b38f7e98ae99c148b082974603578e2120b85f2c95d5', '[\"mobile\"]', '2026-01-02 05:32:43', NULL, '2026-01-02 05:22:31', '2026-01-02 05:32:43'),
(57, 'App\\Models\\User', 22, 'mobile_web-1767415506018', '47d62c56819ebb42be1643756827c8c63d79a05c0c52092fb9da543c6b1d4c97', '[\"mobile\"]', '2026-01-03 04:18:24', NULL, '2026-01-03 03:45:05', '2026-01-03 04:18:24'),
(58, 'App\\Models\\User', 22, 'mobile_web-1767417584594', '1fbc3a58f1e81bb3da4924f142cbeeb73e5189ac45f07a48dc6b53ba7ce800d0', '[\"mobile\"]', '2026-01-03 04:23:47', NULL, '2026-01-03 04:19:43', '2026-01-03 04:23:47'),
(59, 'App\\Models\\User', 22, 'mobile_web-1767417988813', '5e9eaf73ee2af4c932c811d931d57e2da746baba7aaab6d27b837f11bdc9d5ed', '[\"mobile\"]', '2026-01-03 04:26:35', NULL, '2026-01-03 04:26:27', '2026-01-03 04:26:35'),
(60, 'App\\Models\\User', 22, 'mobile_web-1767418108325', '344c0965804a76d0b8167aa43cdbac8046472d69bdc297b264b3cb1c3cadd44d', '[\"mobile\"]', '2026-01-03 04:28:33', NULL, '2026-01-03 04:28:27', '2026-01-03 04:28:33'),
(61, 'App\\Models\\User', 22, 'mobile_web-1767418482615', '17f49608d139b4787f02b338a2699d59607aa22ab1ff1480a009b588848c261e', '[\"mobile\"]', '2026-01-03 04:37:38', NULL, '2026-01-03 04:34:41', '2026-01-03 04:37:38'),
(62, 'App\\Models\\User', 22, 'mobile_web-1767418764963', '5b08ad0f8830bb14032bf1da93b8124e08171973a9514206837f3844ad7944bc', '[\"mobile\"]', '2026-01-03 04:39:56', NULL, '2026-01-03 04:39:23', '2026-01-03 04:39:56'),
(67, 'App\\Models\\User', 34, 'mobile_mobile-1767620130644', 'e5b97712bb2ce05078376b4c2e03c87f66be90c67fcba28cc606d189a6edc5bd', '[\"mobile\"]', '2026-01-05 15:13:04', NULL, '2026-01-05 13:35:33', '2026-01-05 15:13:04'),
(68, 'App\\Models\\User', 34, 'mobile_mobile-1767711897095', 'e2c9e1570ad65b24298081ad287c6109a4bf72efbc61068ecead8ccab0b26421', '[\"mobile\"]', '2026-01-06 15:05:49', NULL, '2026-01-06 15:04:58', '2026-01-06 15:05:49'),
(71, 'App\\Models\\User', 24, 'mobile_mobile-1767726661633', 'b276ea6f64078c004d499866de8bbf77578cf75898136dfc84a218c77970d2c0', '[\"mobile\"]', '2026-01-06 19:19:38', NULL, '2026-01-06 19:11:02', '2026-01-06 19:19:38'),
(72, 'App\\Models\\User', 34, 'mobile_mobile-1767757414634', '9599bef38c0393b9bea22b1562892053822283873fd64a9fc5a5627e5ab64743', '[\"mobile\"]', '2026-01-07 03:50:59', NULL, '2026-01-07 03:43:35', '2026-01-07 03:50:59'),
(75, 'App\\Models\\User', 39, 'mobile_mobile-1767842226721', 'ae678ae79964a1114015337dc5e6709db001ca5e66341e926f8ec3882b202d23', '[\"mobile\"]', '2026-01-19 07:39:46', NULL, '2026-01-08 03:17:07', '2026-01-19 07:39:46'),
(77, 'App\\Models\\User', 39, 'mobile_mobile-1767843080855', 'ddbd58032982045d220f494543644fe1d62eed78d9f7022d561148127981b50f', '[\"mobile\"]', '2026-01-08 03:33:56', NULL, '2026-01-08 03:31:22', '2026-01-08 03:33:56');

-- --------------------------------------------------------

--
-- Table structure for table `remunerasi_batch`
--

CREATE TABLE `remunerasi_batch` (
  `id` bigint UNSIGNED NOT NULL,
  `nama_batch` varchar(100) CHARACTER SET utf8mb4 COLLATE utf8mb4_unicode_ci NOT NULL,
  `tahun` int NOT NULL,
  `status` enum('aktif','nonaktif') CHARACTER SET utf8mb4 COLLATE utf8mb4_unicode_ci NOT NULL DEFAULT 'aktif',
  `created_at` timestamp NULL DEFAULT NULL,
  `updated_at` timestamp NULL DEFAULT NULL
) ENGINE=InnoDB DEFAULT CHARSET=utf8mb4 COLLATE=utf8mb4_unicode_ci;

-- --------------------------------------------------------

--
-- Table structure for table `remunerasi_source`
--

CREATE TABLE `remunerasi_source` (
  `id` bigint UNSIGNED NOT NULL,
  `nama_source` varchar(100) CHARACTER SET utf8mb4 COLLATE utf8mb4_unicode_ci NOT NULL,
  `keterangan` text CHARACTER SET utf8mb4 COLLATE utf8mb4_unicode_ci,
  `status` enum('aktif','nonaktif') CHARACTER SET utf8mb4 COLLATE utf8mb4_unicode_ci NOT NULL DEFAULT 'aktif',
  `batch_id` bigint UNSIGNED DEFAULT NULL,
  `created_at` timestamp NULL DEFAULT NULL,
  `updated_at` timestamp NULL DEFAULT NULL
) ENGINE=InnoDB DEFAULT CHARSET=utf8mb4 COLLATE=utf8mb4_unicode_ci;

-- --------------------------------------------------------

--
-- Table structure for table `resellers`
--

CREATE TABLE `resellers` (
  `id` bigint UNSIGNED NOT NULL,
  `name` varchar(255) CHARACTER SET utf8mb4 COLLATE utf8mb4_unicode_ci NOT NULL,
  `email` varchar(255) CHARACTER SET utf8mb4 COLLATE utf8mb4_unicode_ci NOT NULL,
  `kode_referral` varchar(50) CHARACTER SET utf8mb4 COLLATE utf8mb4_unicode_ci DEFAULT NULL,
  `commission_type` varchar(20) CHARACTER SET utf8mb4 COLLATE utf8mb4_unicode_ci NOT NULL DEFAULT 'fixed',
  `commission_value` decimal(14,4) NOT NULL DEFAULT '0.0000',
  `api_key` varchar(255) CHARACTER SET utf8mb4 COLLATE utf8mb4_unicode_ci DEFAULT NULL COMMENT 'encrypted API key',
  `server_key` varchar(255) CHARACTER SET utf8mb4 COLLATE utf8mb4_unicode_ci DEFAULT NULL,
  `can_set_price` tinyint(1) NOT NULL DEFAULT '1',
  `is_active` tinyint(1) NOT NULL DEFAULT '1',
  `created_at` timestamp NULL DEFAULT NULL,
  `updated_at` timestamp NULL DEFAULT NULL
) ENGINE=InnoDB DEFAULT CHARSET=utf8mb4 COLLATE=utf8mb4_unicode_ci ROW_FORMAT=DYNAMIC;

--
-- Dumping data for table `resellers`
--

INSERT INTO `resellers` (`id`, `name`, `email`, `kode_referral`, `commission_type`, `commission_value`, `api_key`, `server_key`, `can_set_price`, `is_active`, `created_at`, `updated_at`) VALUES
(1, 'Default Reseller', 'reseller', NULL, 'fixed', 50.0000, '5a2bdbc5-9d8c-47e7-9d46-ea16036ff1fd|KUcLjDqQTs34Hb51Fch8tMbtZRvV47Ht0EY61ftD', '839ce92b-236b-410d-a6e1-10f8b5685596|dsn9jSjO9NrGew6QHh3Qjk6m4vcVdWt3', 1, 1, '2025-12-08 07:50:43', '2025-12-09 22:46:54'),
(3, 'Danger', 'danger@gmail.com', NULL, 'fixed', 0.0000, '68d5b77b-81da-4c1d-9cd2-5b794344bcbb|OazNzRdYHHI9lqbdye6tDkRAwYeaR4nFV3vzAZ4B', '07873c3e-c80b-46d0-b228-4ba9b7313892|1yYypbCalqcLnvxcVdZWMOsgYDECtn2V', 1, 1, '2026-01-23 15:07:41', '2026-01-23 15:07:41');

-- --------------------------------------------------------

--
-- Table structure for table `reseller_clients`
--

CREATE TABLE `reseller_clients` (
  `id` bigint UNSIGNED NOT NULL,
  `reseller_id` bigint UNSIGNED NOT NULL,
  `client_id` bigint UNSIGNED NOT NULL,
  `name` varchar(255) CHARACTER SET utf8mb4 COLLATE utf8mb4_unicode_ci NOT NULL,
  `package` varchar(20) CHARACTER SET utf8mb4 COLLATE utf8mb4_unicode_ci NOT NULL DEFAULT 'shared',
  `status` varchar(20) CHARACTER SET utf8mb4 COLLATE utf8mb4_unicode_ci NOT NULL DEFAULT 'active',
  `created_at` timestamp NULL DEFAULT NULL,
  `updated_at` timestamp NULL DEFAULT NULL
) ENGINE=InnoDB DEFAULT CHARSET=utf8mb4 COLLATE=utf8mb4_unicode_ci ROW_FORMAT=DYNAMIC;

-- --------------------------------------------------------

--
-- Table structure for table `reseller_client_pricings`
--

CREATE TABLE `reseller_client_pricings` (
  `id` bigint UNSIGNED NOT NULL,
  `reseller_id` bigint UNSIGNED NOT NULL,
  `client_id` bigint UNSIGNED NOT NULL,
  `message_price` decimal(14,4) NOT NULL,
  `created_at` timestamp NULL DEFAULT NULL,
  `updated_at` timestamp NULL DEFAULT NULL
) ENGINE=InnoDB DEFAULT CHARSET=utf8mb4 COLLATE=utf8mb4_unicode_ci ROW_FORMAT=DYNAMIC;

-- --------------------------------------------------------

--
-- Table structure for table `reseller_dedicated_carts`
--

CREATE TABLE `reseller_dedicated_carts` (
  `id` bigint UNSIGNED NOT NULL,
  `reseller_id` bigint UNSIGNED NOT NULL,
  `waba_pool_id` bigint UNSIGNED NOT NULL,
  `status` varchar(20) CHARACTER SET utf8mb4 COLLATE utf8mb4_unicode_ci NOT NULL DEFAULT 'available' COMMENT 'available, assigned',
  `created_at` timestamp NULL DEFAULT NULL,
  `updated_at` timestamp NULL DEFAULT NULL
) ENGINE=InnoDB DEFAULT CHARSET=utf8mb4 COLLATE=utf8mb4_unicode_ci;

-- --------------------------------------------------------

--
-- Table structure for table `reseller_number_margins`
--

CREATE TABLE `reseller_number_margins` (
  `id` bigint UNSIGNED NOT NULL,
  `reseller_id` bigint UNSIGNED NOT NULL,
  `waba_pool_id` bigint UNSIGNED NOT NULL,
  `margin_amount` decimal(12,2) NOT NULL DEFAULT '0.00' COMMENT 'Margin tetap dalam nominal',
  `margin_percent` decimal(5,2) NOT NULL DEFAULT '0.00' COMMENT 'Margin dalam persen (0-100)',
  `is_active` tinyint(1) NOT NULL DEFAULT '1',
  `created_at` timestamp NULL DEFAULT NULL,
  `updated_at` timestamp NULL DEFAULT NULL
) ENGINE=InnoDB DEFAULT CHARSET=utf8mb4 COLLATE=utf8mb4_unicode_ci;

-- --------------------------------------------------------

--
-- Table structure for table `reseller_pricings`
--

CREATE TABLE `reseller_pricings` (
  `id` bigint UNSIGNED NOT NULL,
  `reseller_id` bigint UNSIGNED NOT NULL,
  `package` varchar(20) CHARACTER SET utf8mb4 COLLATE utf8mb4_unicode_ci NOT NULL,
  `message_category` varchar(20) CHARACTER SET utf8mb4 COLLATE utf8mb4_unicode_ci NOT NULL,
  `default_price` decimal(14,4) NOT NULL DEFAULT '0.0000',
  `markup` decimal(14,4) NOT NULL DEFAULT '0.0000',
  `final_price` decimal(14,4) NOT NULL DEFAULT '0.0000',
  `created_at` timestamp NULL DEFAULT NULL,
  `updated_at` timestamp NULL DEFAULT NULL
) ENGINE=InnoDB DEFAULT CHARSET=utf8mb4 COLLATE=utf8mb4_unicode_ci ROW_FORMAT=DYNAMIC;

--
-- Dumping data for table `reseller_pricings`
--

INSERT INTO `reseller_pricings` (`id`, `reseller_id`, `package`, `message_category`, `default_price`, `markup`, `final_price`, `created_at`, `updated_at`) VALUES
(14, 1, 'shared', 'marketing', 587.0000, 40.0000, 627.0000, '2025-12-08 11:05:08', '2026-01-12 09:46:53'),
(15, 1, 'shared', 'utility', 357.0000, 40.0000, 397.0000, '2025-12-08 11:05:15', '2026-01-12 09:47:08'),
(17, 1, 'dedicated', 'marketing', 587.0000, 63.0000, 650.0000, '2025-12-08 11:05:45', '2026-01-05 04:13:36'),
(18, 1, 'dedicated', 'utility', 357.0000, 93.0000, 450.0000, '2025-12-08 11:05:55', '2026-01-05 04:13:46'),
(26, 1, 'dedicated', 'authentication', 357.0000, 93.0000, 450.0000, '2025-12-18 06:18:31', '2026-01-05 04:12:54'),
(27, 1, 'shared', 'authentication', 357.0000, 40.0000, 397.0000, '2025-12-18 06:19:55', '2026-01-12 09:47:01'),
(28, 1, 'shared', 'service', 0.0000, 0.0000, 0.0000, '2025-12-22 22:37:55', '2025-12-22 22:38:28'),
(29, 1, 'dedicated', 'service', 0.0000, 0.0000, 0.0000, '2025-12-22 22:38:37', '2025-12-22 22:38:37'),
(30, 1, 'self_service', 'marketing', 0.0000, 40.0000, 40.0000, '2026-01-11 07:28:49', '2026-01-11 07:28:49'),
(31, 1, 'self_service', 'utility', 0.0000, 40.0000, 40.0000, '2026-01-11 07:28:59', '2026-01-11 07:28:59'),
(32, 1, 'self_service', 'authentication', 0.0000, 40.0000, 40.0000, '2026-01-11 07:29:11', '2026-01-11 07:29:11'),
(33, 1, 'self_service', 'service', 0.0000, 0.0000, 0.0000, '2026-01-11 07:29:23', '2026-01-11 07:29:23'),
(34, 3, 'shared', 'utility', 357.0000, 343.0000, 700.0000, '2026-01-23 15:08:08', '2026-01-23 15:08:22'),
(35, 3, 'shared', 'marketing', 587.0000, 163.0000, 750.0000, '2026-01-23 15:08:37', '2026-01-23 15:11:49'),
(36, 3, 'shared', 'authentication', 357.0000, 343.0000, 700.0000, '2026-01-23 15:09:04', '2026-01-23 15:09:25'),
(37, 3, 'self_service', 'marketing', 0.0000, 500.0000, 500.0000, '2026-01-23 15:09:19', '2026-01-23 15:09:40'),
(38, 3, 'self_service', 'utility', 0.0000, 500.0000, 500.0000, '2026-01-23 15:10:27', '2026-01-23 15:10:27'),
(39, 3, 'self_service', 'authentication', 0.0000, 500.0000, 500.0000, '2026-01-23 15:10:38', '2026-01-23 15:10:38'),
(40, 3, 'dedicated', 'marketing', 587.0000, 413.0000, 1000.0000, '2026-01-23 15:10:52', '2026-01-23 15:10:52'),
(41, 3, 'dedicated', 'utility', 357.0000, 643.0000, 1000.0000, '2026-01-23 15:11:10', '2026-01-23 15:11:10'),
(42, 3, 'dedicated', 'authentication', 357.0000, 643.0000, 1000.0000, '2026-01-23 15:11:22', '2026-01-23 15:11:22');

-- --------------------------------------------------------

--
